15.229.243.71 - - [02/Jan/2024:01:04:39 +0700] "GET /wp-content/plugins/weddingpress/addons/comment-kit//js/libs/jquery.jPages.min.js?ver=0.7 HTTP/1.1" 200 4104 "http://demo.galleryinvitation.my.id/" "Mozilla/5.0 (iPhone; CPU iPhone OS 16_6_1 like Mac OS X) AppleWebKit/605.1.15 (KHTML, like Gecko) Version/16.5 Mobile/15E148 Safari/604.1"
15.229.243.71 - - [02/Jan/2024:01:04:39 +0700] "GET /wp-content/plugins/weddingpress/addons/comment-kit//js/libs/autosize.min.js?ver=1.14 HTTP/1.1" 200 1640 "http://demo.galleryinvitation.my.id/" "Mozilla/5.0 (iPhone; CPU iPhone OS 16_6_1 like Mac OS X) AppleWebKit/605.1.15 (KHTML, like Gecko) Version/16.5 Mobile/15E148 Safari/604.1"
15.229.231.73 - - [02/Jan/2024:01:04:40 +0700] "GET /wp-content/plugins/weddingpress/addons/comment-kit//js/libs/jquery.placeholder.min.js?ver=2.0.7 HTTP/1.1" 200 1333 "http://demo.galleryinvitation.my.id/" "Mozilla/5.0 (iPhone; CPU iPhone OS 16_6_1 like Mac OS X) AppleWebKit/605.1.15 (KHTML, like Gecko) Version/16.5 Mobile/15E148 Safari/604.1"
15.229.231.73 - - [02/Jan/2024:01:04:40 +0700] "GET /wp-content/plugins/weddingpress/assets/js/qr-code.js HTTP/1.1" 200 5345 "http://demo.galleryinvitation.my.id/" "Mozilla/5.0 (iPhone; CPU iPhone OS 16_6_1 like Mac OS X) AppleWebKit/605.1.15 (KHTML, like Gecko) Version/16.5 Mobile/15E148 Safari/604.1"
15.228.81.235 - - [02/Jan/2024:01:04:41 +0700] "GET /wp-includes/js/dist/interactivity.min.js?ver=6.4.2 HTTP/1.1" 200 12459 "http://demo.galleryinvitation.my.id/" "Mozilla/5.0 (iPhone; CPU iPhone OS 16_6_1 like Mac OS X) AppleWebKit/605.1.15 (KHTML, like Gecko) Version/16.5 Mobile/15E148 Safari/604.1"
15.229.243.71 - - [02/Jan/2024:01:04:41 +0700] "GET /wp-content/plugins/weddingpress/assets/js/exad-scripts.min.js?ver=3.0.1 HTTP/1.1" 200 1224 "http://demo.galleryinvitation.my.id/" "Mozilla/5.0 (iPhone; CPU iPhone OS 16_6_1 like Mac OS X) AppleWebKit/605.1.15 (KHTML, like Gecko) Version/16.5 Mobile/15E148 Safari/604.1"
15.228.12.40 - - [02/Jan/2024:01:04:41 +0700] "GET /wp-includes/blocks/navigation/view.min.js?ver=e3d6f3216904b5b42831 HTTP/1.1" 200 1551 "http://demo.galleryinvitation.my.id/" "Mozilla/5.0 (iPhone; CPU iPhone OS 16_6_1 like Mac OS X) AppleWebKit/605.1.15 (KHTML, like Gecko) Version/16.5 Mobile/15E148 Safari/604.1"
15.229.153.98 - - [02/Jan/2024:01:04:52 +0700] "GET /wp-includes/js/wp-emoji-release.min.js?ver=6.4.2 HTTP/1.1" 200 5504 "http://demo.galleryinvitation.my.id/" "Mozilla/5.0 (iPhone; CPU iPhone OS 16_6_1 like Mac OS X) AppleWebKit/605.1.15 (KHTML, like Gecko) Version/16.5 Mobile/15E148 Safari/604.1"
15.229.153.98 - - [02/Jan/2024:01:05:18 +0700] "GET / HTTP/1.1" 200 12103 "-" "Mozilla/5.0 (iPhone; CPU iPhone OS 16_6_1 like Mac OS X) AppleWebKit/605.1.15 (KHTML, like Gecko) Version/16.5 Mobile/15E148 Safari/604.1"
15.229.243.71 - - [02/Jan/2024:01:05:20 +0700] "GET /wp-includes/js/jquery/jquery.min.js?ver=3.7.1 HTTP/1.1" 200 30866 "http://demo.galleryinvitation.my.id/" "Mozilla/5.0 (iPhone; CPU iPhone OS 16_6_1 like Mac OS X) AppleWebKit/605.1.15 (KHTML, like Gecko) Version/16.5 Mobile/15E148 Safari/604.1"
18.231.134.92 - - [02/Jan/2024:01:05:20 +0700] "GET /wp-content/plugins/weddingpress/addons/comment-kit//css/wdp_style.css?ver=2.7.6 HTTP/1.1" 200 6094 "http://demo.galleryinvitation.my.id/" "Mozilla/5.0 (iPhone; CPU iPhone OS 16_6_1 like Mac OS X) AppleWebKit/605.1.15 (KHTML, like Gecko) Version/16.5 Mobile/15E148 Safari/604.1"
18.231.134.92 - - [02/Jan/2024:01:05:20 +0700] "GET /wp-includes/js/jquery/jquery-migrate.min.js?ver=3.4.1 HTTP/1.1" 200 5322 "http://demo.galleryinvitation.my.id/" "Mozilla/5.0 (iPhone; CPU iPhone OS 16_6_1 like Mac OS X) AppleWebKit/605.1.15 (KHTML, like Gecko) Version/16.5 Mobile/15E148 Safari/604.1"
18.231.141.9 - - [02/Jan/2024:01:05:21 +0700] "GET /wp-includes/blocks/navigation/style.min.css?ver=6.4.2 HTTP/1.1" 200 2703 "http://demo.galleryinvitation.my.id/" "Mozilla/5.0 (iPhone; CPU iPhone OS 16_6_1 like Mac OS X) AppleWebKit/605.1.15 (KHTML, like Gecko) Version/16.5 Mobile/15E148 Safari/604.1"
18.231.141.9 - - [02/Jan/2024:01:05:21 +0700] "GET /wp-content/plugins/weddingpress/assets/css/exad-styles.min.css?ver=6.4.2 HTTP/1.1" 200 1496 "http://demo.galleryinvitation.my.id/" "Mozilla/5.0 (iPhone; CPU iPhone OS 16_6_1 like Mac OS X) AppleWebKit/605.1.15 (KHTML, like Gecko) Version/16.5 Mobile/15E148 Safari/604.1"
18.231.141.9 - - [02/Jan/2024:01:05:21 +0700] "GET /wp-content/plugins/weddingpress/addons/comment-kit//js/wdp_script.js?ver=2.7.6 HTTP/1.1" 200 7173 "http://demo.galleryinvitation.my.id/" "Mozilla/5.0 (iPhone; CPU iPhone OS 16_6_1 like Mac OS X) AppleWebKit/605.1.15 (KHTML, like Gecko) Version/16.5 Mobile/15E148 Safari/604.1"
18.231.134.92 - - [02/Jan/2024:01:05:21 +0700] "GET /wp-content/plugins/weddingpress/addons/comment-kit//js/libs/jquery.textareaCounter.js?ver=2.0 HTTP/1.1" 200 2140 "http://demo.galleryinvitation.my.id/" "Mozilla/5.0 (iPhone; CPU iPhone OS 16_6_1 like Mac OS X) AppleWebKit/605.1.15 (KHTML, like Gecko) Version/16.5 Mobile/15E148 Safari/604.1"
15.229.153.98 - - [02/Jan/2024:01:05:21 +0700] "GET /wp-content/plugins/weddingpress/addons/comment-kit//js/libs/autosize.min.js?ver=1.14 HTTP/1.1" 200 1640 "http://demo.galleryinvitation.my.id/" "Mozilla/5.0 (iPhone; CPU iPhone OS 16_6_1 like Mac OS X) AppleWebKit/605.1.15 (KHTML, like Gecko) Version/16.5 Mobile/15E148 Safari/604.1"
15.229.231.73 - - [02/Jan/2024:01:05:21 +0700] "GET /wp-content/plugins/weddingpress/addons/comment-kit//js/libs/jquery.jPages.min.js?ver=0.7 HTTP/1.1" 200 4104 "http://demo.galleryinvitation.my.id/" "Mozilla/5.0 (iPhone; CPU iPhone OS 16_6_1 like Mac OS X) AppleWebKit/605.1.15 (KHTML, like Gecko) Version/16.5 Mobile/15E148 Safari/604.1"
15.228.81.235 - - [02/Jan/2024:01:05:22 +0700] "GET /wp-content/plugins/weddingpress/addons/comment-kit//js/libs/jquery.placeholder.min.js?ver=2.0.7 HTTP/1.1" 200 1333 "http://demo.galleryinvitation.my.id/" "Mozilla/5.0 (iPhone; CPU iPhone OS 16_6_1 like Mac OS X) AppleWebKit/605.1.15 (KHTML, like Gecko) Version/16.5 Mobile/15E148 Safari/604.1"
15.228.81.235 - - [02/Jan/2024:01:05:22 +0700] "GET /wp-content/plugins/weddingpress/assets/js/wdp-swiper.min.js HTTP/1.1" 200 36130 "http://demo.galleryinvitation.my.id/" "Mozilla/5.0 (iPhone; CPU iPhone OS 16_6_1 like Mac OS X) AppleWebKit/605.1.15 (KHTML, like Gecko) Version/16.5 Mobile/15E148 Safari/604.1"
18.231.141.9 - - [02/Jan/2024:01:05:22 +0700] "GET /wp-content/plugins/weddingpress/assets/js/wdp-horizontal.js HTTP/1.1" 200 903 "http://demo.galleryinvitation.my.id/" "Mozilla/5.0 (iPhone; CPU iPhone OS 16_6_1 like Mac OS X) AppleWebKit/605.1.15 (KHTML, like Gecko) Version/16.5 Mobile/15E148 Safari/604.1"
15.228.81.235 - - [02/Jan/2024:01:05:22 +0700] "GET /wp-content/plugins/weddingpress/assets/js/qr-code.js HTTP/1.1" 200 5345 "http://demo.galleryinvitation.my.id/" "Mozilla/5.0 (iPhone; CPU iPhone OS 16_6_1 like Mac OS X) AppleWebKit/605.1.15 (KHTML, like Gecko) Version/16.5 Mobile/15E148 Safari/604.1"
18.231.141.9 - - [02/Jan/2024:01:05:22 +0700] "GET /wp-content/plugins/weddingpress/assets/js/exad-scripts.min.js?ver=3.0.1 HTTP/1.1" 200 1224 "http://demo.galleryinvitation.my.id/" "Mozilla/5.0 (iPhone; CPU iPhone OS 16_6_1 like Mac OS X) AppleWebKit/605.1.15 (KHTML, like Gecko) Version/16.5 Mobile/15E148 Safari/604.1"
15.229.243.71 - - [02/Jan/2024:01:05:23 +0700] "GET /wp-includes/js/dist/interactivity.min.js?ver=6.4.2 HTTP/1.1" 200 12459 "http://demo.galleryinvitation.my.id/" "Mozilla/5.0 (iPhone; CPU iPhone OS 16_6_1 like Mac OS X) AppleWebKit/605.1.15 (KHTML, like Gecko) Version/16.5 Mobile/15E148 Safari/604.1"
15.229.243.71 - - [02/Jan/2024:01:05:23 +0700] "GET /wp-includes/blocks/navigation/view.min.js?ver=e3d6f3216904b5b42831 HTTP/1.1" 200 1551 "http://demo.galleryinvitation.my.id/" "Mozilla/5.0 (iPhone; CPU iPhone OS 16_6_1 like Mac OS X) AppleWebKit/605.1.15 (KHTML, like Gecko) Version/16.5 Mobile/15E148 Safari/604.1"
18.231.134.92 - - [02/Jan/2024:01:05:26 +0700] "GET /wp-includes/js/wp-emoji-release.min.js?ver=6.4.2 HTTP/1.1" 200 5504 "http://demo.galleryinvitation.my.id/" "Mozilla/5.0 (iPhone; CPU iPhone OS 16_6_1 like Mac OS X) AppleWebKit/605.1.15 (KHTML, like Gecko) Version/16.5 Mobile/15E148 Safari/604.1"
18.231.141.9 - - [02/Jan/2024:01:05:31 +0700] "GET / HTTP/1.1" 200 12103 "-" "Mozilla/5.0 (iPhone; CPU iPhone OS 16_6_1 like Mac OS X) AppleWebKit/605.1.15 (KHTML, like Gecko) Version/16.5 Mobile/15E148 Safari/604.1"
15.228.81.235 - - [02/Jan/2024:01:05:32 +0700] "GET /wp-content/plugins/weddingpress/assets/css/wdp-horizontal-styles.min.css?ver=6.4.2 HTTP/1.1" 200 1284 "http://demo.galleryinvitation.my.id/" "Mozilla/5.0 (iPhone; CPU iPhone OS 16_6_1 like Mac OS X) AppleWebKit/605.1.15 (KHTML, like Gecko) Version/16.5 Mobile/15E148 Safari/604.1"
18.231.141.9 - - [02/Jan/2024:01:05:32 +0700] "GET /wp-content/plugins/weddingpress/assets/css/wdp-fontello.css?ver=6.4.2 HTTP/1.1" 200 1358 "http://demo.galleryinvitation.my.id/" "Mozilla/5.0 (iPhone; CPU iPhone OS 16_6_1 like Mac OS X) AppleWebKit/605.1.15 (KHTML, like Gecko) Version/16.5 Mobile/15E148 Safari/604.1"
15.228.88.217 - - [02/Jan/2024:01:05:33 +0700] "GET /wp-includes/blocks/navigation/style.min.css?ver=6.4.2 HTTP/1.1" 200 2703 "http://demo.galleryinvitation.my.id/" "Mozilla/5.0 (iPhone; CPU iPhone OS 16_6_1 like Mac OS X) AppleWebKit/605.1.15 (KHTML, like Gecko) Version/16.5 Mobile/15E148 Safari/604.1"
15.229.153.98 - - [02/Jan/2024:01:05:33 +0700] "GET /wp-content/uploads/useanyfont/uaf.css?ver=1676003711 HTTP/1.1" 200 385 "http://demo.galleryinvitation.my.id/" "Mozilla/5.0 (iPhone; CPU iPhone OS 16_6_1 like Mac OS X) AppleWebKit/605.1.15 (KHTML, like Gecko) Version/16.5 Mobile/15E148 Safari/604.1"
15.228.81.235 - - [02/Jan/2024:01:05:33 +0700] "GET /wp-includes/js/jquery/jquery.min.js?ver=3.7.1 HTTP/1.1" 200 30866 "http://demo.galleryinvitation.my.id/" "Mozilla/5.0 (iPhone; CPU iPhone OS 16_6_1 like Mac OS X) AppleWebKit/605.1.15 (KHTML, like Gecko) Version/16.5 Mobile/15E148 Safari/604.1"
15.228.88.217 - - [02/Jan/2024:01:05:33 +0700] "GET /wp-content/plugins/weddingpress/assets/css/exad-styles.min.css?ver=6.4.2 HTTP/1.1" 200 1496 "http://demo.galleryinvitation.my.id/" "Mozilla/5.0 (iPhone; CPU iPhone OS 16_6_1 like Mac OS X) AppleWebKit/605.1.15 (KHTML, like Gecko) Version/16.5 Mobile/15E148 Safari/604.1"
18.231.141.9 - - [02/Jan/2024:01:05:33 +0700] "GET /wp-includes/js/jquery/jquery-migrate.min.js?ver=3.4.1 HTTP/1.1" 200 5322 "http://demo.galleryinvitation.my.id/" "Mozilla/5.0 (iPhone; CPU iPhone OS 16_6_1 like Mac OS X) AppleWebKit/605.1.15 (KHTML, like Gecko) Version/16.5 Mobile/15E148 Safari/604.1"
18.231.134.92 - - [02/Jan/2024:01:05:33 +0700] "GET /wp-content/plugins/weddingpress/addons/comment-kit//js/wdp_script.js?ver=2.7.6 HTTP/1.1" 200 7173 "http://demo.galleryinvitation.my.id/" "Mozilla/5.0 (iPhone; CPU iPhone OS 16_6_1 like Mac OS X) AppleWebKit/605.1.15 (KHTML, like Gecko) Version/16.5 Mobile/15E148 Safari/604.1"
15.228.88.217 - - [02/Jan/2024:01:05:33 +0700] "GET /wp-content/plugins/weddingpress/addons/comment-kit//js/libs/jquery.jPages.min.js?ver=0.7 HTTP/1.1" 200 4104 "http://demo.galleryinvitation.my.id/" "Mozilla/5.0 (iPhone; CPU iPhone OS 16_6_1 like Mac OS X) AppleWebKit/605.1.15 (KHTML, like Gecko) Version/16.5 Mobile/15E148 Safari/604.1"
15.228.88.217 - - [02/Jan/2024:01:05:34 +0700] "GET /wp-content/plugins/weddingpress/assets/css/wdp-centered-timeline.min.css?ver=6.4.2 HTTP/1.1" 200 1885 "http://demo.galleryinvitation.my.id/" "Mozilla/5.0 (iPhone; CPU iPhone OS 16_6_1 like Mac OS X) AppleWebKit/605.1.15 (KHTML, like Gecko) Version/16.5 Mobile/15E148 Safari/604.1"
18.231.141.9 - - [02/Jan/2024:01:05:34 +0700] "GET /wp-content/plugins/weddingpress/addons/comment-kit//js/libs/autosize.min.js?ver=1.14 HTTP/1.1" 200 1640 "http://demo.galleryinvitation.my.id/" "Mozilla/5.0 (iPhone; CPU iPhone OS 16_6_1 like Mac OS X) AppleWebKit/605.1.15 (KHTML, like Gecko) Version/16.5 Mobile/15E148 Safari/604.1"
18.231.134.92 - - [02/Jan/2024:01:05:34 +0700] "GET /wp-content/plugins/weddingpress/addons/comment-kit//js/libs/jquery.placeholder.min.js?ver=2.0.7 HTTP/1.1" 200 1333 "http://demo.galleryinvitation.my.id/" "Mozilla/5.0 (iPhone; CPU iPhone OS 16_6_1 like Mac OS X) AppleWebKit/605.1.15 (KHTML, like Gecko) Version/16.5 Mobile/15E148 Safari/604.1"
15.229.153.98 - - [02/Jan/2024:01:05:34 +0700] "GET /wp-content/plugins/weddingpress/assets/js/wdp-swiper.min.js HTTP/1.1" 200 36130 "http://demo.galleryinvitation.my.id/" "Mozilla/5.0 (iPhone; CPU iPhone OS 16_6_1 like Mac OS X) AppleWebKit/605.1.15 (KHTML, like Gecko) Version/16.5 Mobile/15E148 Safari/604.1"
15.228.12.40 - - [02/Jan/2024:01:05:35 +0700] "GET /wp-content/plugins/weddingpress/assets/js/exad-scripts.min.js?ver=3.0.1 HTTP/1.1" 200 1224 "http://demo.galleryinvitation.my.id/" "Mozilla/5.0 (iPhone; CPU iPhone OS 16_6_1 like Mac OS X) AppleWebKit/605.1.15 (KHTML, like Gecko) Version/16.5 Mobile/15E148 Safari/604.1"
15.228.81.235 - - [02/Jan/2024:01:05:36 +0700] "GET /wp-includes/blocks/navigation/view.min.js?ver=e3d6f3216904b5b42831 HTTP/1.1" 200 1551 "http://demo.galleryinvitation.my.id/" "Mozilla/5.0 (iPhone; CPU iPhone OS 16_6_1 like Mac OS X) AppleWebKit/605.1.15 (KHTML, like Gecko) Version/16.5 Mobile/15E148 Safari/604.1"
15.228.162.251 - - [02/Jan/2024:01:05:36 +0700] "GET /wp-includes/js/dist/interactivity.min.js?ver=6.4.2 HTTP/1.1" 200 12459 "http://demo.galleryinvitation.my.id/" "Mozilla/5.0 (iPhone; CPU iPhone OS 16_6_1 like Mac OS X) AppleWebKit/605.1.15 (KHTML, like Gecko) Version/16.5 Mobile/15E148 Safari/604.1"
195.74.76.198 - - [02/Jan/2024:13:37:03 +0700] "HEAD / HTTP/1.1" 200 302 "-" "Go-http-client/1.1"
103.234.209.217 - - [02/Jan/2024:13:37:05 +0700] "POST /wp-cron.php?doing_wp_cron=1704177424.5690848827362060546875 HTTP/1.1" 200 364 "-" "WordPress/6.4.2; https://demo.galleryinvitation.my.id"
195.74.76.198 - - [02/Jan/2024:13:37:03 +0700] "HEAD / HTTP/1.1" 200 302 "-" "Go-http-client/1.1"
103.234.209.217 - - [04/Jan/2024:00:03:52 +0700] "POST /wp-cron.php?doing_wp_cron=1704301432.2360150814056396484375 HTTP/1.1" 200 364 "-" "WordPress/6.4.2; https://demo.galleryinvitation.my.id"
45.90.62.25 - - [04/Jan/2024:00:03:51 +0700] "GET / HTTP/1.1" 200 12102 "-" "Mozilla/5.0 (Windows NT 10.0; Win64; x64) AppleWebKit/537.36 (KHTML, like Gecko) Chrome/94.0.4606.61 Safari/537.36"
45.90.60.160 - - [04/Jan/2024:00:03:56 +0700] "GET /favicon.ico HTTP/1.1" 404 822 "-" "Mozilla/5.0 (Windows NT 10.0; Win64; x64) AppleWebKit/537.36 (KHTML, like Gecko) Chrome/94.0.4606.61 Safari/537.36"
103.234.209.217 - - [04/Jan/2024:03:12:21 +0700] "POST /wp-cron.php?doing_wp_cron=1704312741.3089950084686279296875 HTTP/1.1" 200 364 "-" "WordPress/6.4.2; https://demo.galleryinvitation.my.id"
164.90.221.33 - - [04/Jan/2024:03:12:20 +0700] "GET / HTTP/1.1" 200 12102 "-" "Mozilla/5.0 (X11; Linux x86_64) AppleWebKit/537.36 (KHTML, like Gecko) Chrome/108.0.0.0 Safari/537.36"
103.234.209.217 - - [07/Jan/2024:14:15:48 +0700] "POST /wp-cron.php?doing_wp_cron=1704611748.7241280078887939453125 HTTP/1.1" 200 364 "-" "WordPress/6.4.2; https://demo.galleryinvitation.my.id"
192.175.111.252 - - [07/Jan/2024:14:15:46 +0700] "GET / HTTP/1.1" 200 58140 "-" "Mozilla/5.0 (Windows NT 10.0; Win64; x64) AppleWebKit/537.36 (KHTML, like Gecko) Chrome/120.0.0.0 Safari/537.36"
70.38.27.248 - - [07/Jan/2024:14:15:53 +0700] "GET / HTTP/1.1" 200 58132 "-" "Mozilla/5.0 (Windows NT 10.0; Win64; x64) AppleWebKit/537.36 (KHTML, like Gecko) Chrome/120.0.0.0 Safari/537.36"
72.55.136.199 - - [07/Jan/2024:14:15:58 +0700] "GET /favicon.ico HTTP/1.1" 404 1126 "-" "Mozilla/5.0 (Windows NT 10.0; Win64; x64) AppleWebKit/537.36 (KHTML, like Gecko) Chrome/120.0.0.0 Safari/537.36"
192.175.111.228 - - [07/Jan/2024:14:16:01 +0700] "GET / HTTP/1.1" 200 58140 "-" "Mozilla/5.0 (Windows NT 10.0; Win64; x64) AppleWebKit/537.36 (KHTML, like Gecko) Chrome/120.0.0.0 Safari/537.36"
192.175.111.243 - - [07/Jan/2024:14:16:08 +0700] "GET / HTTP/1.1" 200 58140 "-" "Mozilla/5.0 (Windows NT 10.0; Win64; x64) AppleWebKit/537.36 (KHTML, like Gecko) Chrome/120.0.0.0 Safari/537.36"
103.234.209.217 - - [12/Jan/2024:01:06:04 +0700] "POST /wp-cron.php?doing_wp_cron=1704996364.3729019165039062500000 HTTP/1.1" 200 364 "-" "WordPress/6.4.2; https://demo.galleryinvitation.my.id"
159.203.103.125 - - [12/Jan/2024:01:06:02 +0700] "GET / HTTP/1.1" 200 12102 "-" "Mozilla/5.0 (X11; Linux x86_64) AppleWebKit/537.36 (KHTML, like Gecko) Chrome/108.0.0.0 Safari/537.36"
99.81.216.206 - - [12/Jan/2024:01:53:07 +0700] "GET / HTTP/1.1" 200 12102 "-" "Mozilla/5.0 (Windows NT 6.1; WOW64) AppleWebKit/537.36 (KHTML, like Gecko) Chrome/27.0.1453.93 Safari/537.36"
103.234.209.217 - - [12/Jan/2024:03:58:59 +0700] "POST /wp-cron.php?doing_wp_cron=1705006739.4539589881896972656250 HTTP/1.1" 200 364 "-" "WordPress/6.4.2; https://demo.galleryinvitation.my.id"
63.32.117.205 - - [12/Jan/2024:03:58:56 +0700] "GET /robots.txt HTTP/1.1" 200 456 "-" "Mozilla/5.0 (compatible; wpbot/1.0; +https://forms.gle/ajBaxygz9jSR8p8G9)"
63.32.117.205 - - [12/Jan/2024:03:59:03 +0700] "GET / HTTP/1.1" 200 12065 "-" "Mozilla/5.0 (compatible; wpbot/1.0; +https://forms.gle/ajBaxygz9jSR8p8G9)"
103.234.209.217 - - [12/Jan/2024:08:51:48 +0700] "POST /wp-cron.php?doing_wp_cron=1705024308.2364890575408935546875 HTTP/1.1" 200 364 "-" "WordPress/6.4.2; https://demo.galleryinvitation.my.id"
35.215.51.85 - - [12/Jan/2024:08:51:47 +0700] "GET / HTTP/1.1" 200 12065 "-" "Mozilla/5.0 (Windows NT 10.0; Win64; x64) AppleWebKit/537.36 (KHTML, like Gecko; compatible; BW/1.1; bit.ly/3eZNDnO; d9fb311b13) Chrome/84.0.4147.105 Safari/537.36"
35.215.51.85 - - [12/Jan/2024:08:51:49 +0700] "GET /robots.txt HTTP/1.1" 200 456 "-" "Mozilla/5.0 (Windows NT 10.0; Win64; x64) AppleWebKit/537.36 (KHTML, like Gecko; compatible; BW/1.1; bit.ly/3eZNDnO; d9fb311b13) Chrome/84.0.4147.105 Safari/537.36"
103.234.209.217 - - [16/Jan/2024:07:05:09 +0700] "POST /wp-cron.php?doing_wp_cron=1705363509.1280579566955566406250 HTTP/1.1" 200 364 "-" "WordPress/6.4.2; https://demo.galleryinvitation.my.id"
92.223.86.26 - - [16/Jan/2024:07:05:08 +0700] "GET / HTTP/1.1" 200 12101 "-" "Mozilla/5.0 (Windows NT 10.0; Win64; x64; rv:65.0) Gecko/20100101 Firefox/65.0"
92.223.86.26 - - [16/Jan/2024:07:05:09 +0700] "GET /?q=user/login HTTP/1.1" 200 12101 "-" "Mozilla/5.0 (Windows NT 10.0; Win64; x64; rv:65.0) Gecko/20100101 Firefox/65.0"
92.223.86.26 - - [16/Jan/2024:07:05:09 +0700] "GET /administrator/index.php HTTP/1.1" 301 504 "-" "Mozilla/5.0 (Windows NT 10.0; Win64; x64; rv:65.0) Gecko/20100101 Firefox/65.0"
92.223.86.26 - - [16/Jan/2024:07:05:10 +0700] "GET /administrator/ HTTP/1.1" 404 10662 "-" "Mozilla/5.0 (Windows NT 10.0; Win64; x64; rv:65.0) Gecko/20100101 Firefox/65.0"
92.223.86.26 - - [16/Jan/2024:07:05:10 +0700] "GET /admin/ HTTP/1.1" 302 579 "-" "Mozilla/5.0 (Windows NT 10.0; Win64; x64; rv:65.0) Gecko/20100101 Firefox/65.0"
92.223.86.26 - - [16/Jan/2024:07:05:12 +0700] "GET /admin/login.php HTTP/1.1" 404 10662 "-" "Mozilla/5.0 (Windows NT 10.0; Win64; x64; rv:65.0) Gecko/20100101 Firefox/65.0"
92.223.86.26 - - [16/Jan/2024:07:05:13 +0700] "GET /admin/index.php?route=common/login HTTP/1.1" 301 515 "-" "Mozilla/5.0 (Windows NT 10.0; Win64; x64; rv:65.0) Gecko/20100101 Firefox/65.0"
92.223.86.26 - - [16/Jan/2024:07:05:13 +0700] "GET /admin/?route=common/login HTTP/1.1" 404 10662 "-" "Mozilla/5.0 (Windows NT 10.0; Win64; x64; rv:65.0) Gecko/20100101 Firefox/65.0"
103.234.209.217 - - [23/Jan/2024:00:04:34 +0700] "POST /wp-cron.php?doing_wp_cron=1705943074.1086769104003906250000 HTTP/1.1" 200 364 "-" "WordPress/6.4.2; https://demo.galleryinvitation.my.id"
65.154.226.169 - - [23/Jan/2024:00:04:33 +0700] "GET / HTTP/1.1" 200 12102 "-" "Mozilla/5.0 (Windows NT 10.0; Win64; x64) AppleWebKit/537.36 (KHTML, like Gecko) Chrome/117.0.5938.132 Safari/537.36"
65.154.226.169 - - [23/Jan/2024:00:04:34 +0700] "GET /wp-includes/blocks/navigation/style.min.css?ver=6.4.2 HTTP/1.1" 200 2703 "http://demo.galleryinvitation.my.id/" "Mozilla/5.0 (Windows NT 10.0; Win64; x64) AppleWebKit/537.36 (KHTML, like Gecko) Chrome/117.0.5938.132 Safari/537.36"
65.154.226.169 - - [23/Jan/2024:00:04:34 +0700] "GET /wp-content/uploads/useanyfont/uaf.css?ver=1676003711 HTTP/1.1" 200 385 "http://demo.galleryinvitation.my.id/" "Mozilla/5.0 (Windows NT 10.0; Win64; x64) AppleWebKit/537.36 (KHTML, like Gecko) Chrome/117.0.5938.132 Safari/537.36"
65.154.226.169 - - [23/Jan/2024:00:04:34 +0700] "GET /wp-content/plugins/weddingpress/addons/comment-kit//css/wdp_style.css?ver=2.7.6 HTTP/1.1" 200 6094 "http://demo.galleryinvitation.my.id/" "Mozilla/5.0 (Windows NT 10.0; Win64; x64) AppleWebKit/537.36 (KHTML, like Gecko) Chrome/117.0.5938.132 Safari/537.36"
65.154.226.169 - - [23/Jan/2024:00:04:34 +0700] "GET /wp-content/plugins/weddingpress/assets/css/wdp-centered-timeline.min.css?ver=6.4.2 HTTP/1.1" 200 1885 "http://demo.galleryinvitation.my.id/" "Mozilla/5.0 (Windows NT 10.0; Win64; x64) AppleWebKit/537.36 (KHTML, like Gecko) Chrome/117.0.5938.132 Safari/537.36"
65.154.226.169 - - [23/Jan/2024:00:04:34 +0700] "GET /wp-content/plugins/weddingpress/assets/css/wdp-horizontal-styles.min.css?ver=6.4.2 HTTP/1.1" 200 1284 "http://demo.galleryinvitation.my.id/" "Mozilla/5.0 (Windows NT 10.0; Win64; x64) AppleWebKit/537.36 (KHTML, like Gecko) Chrome/117.0.5938.132 Safari/537.36"
65.154.226.169 - - [23/Jan/2024:00:04:34 +0700] "GET /wp-content/plugins/weddingpress/assets/css/exad-styles.min.css?ver=6.4.2 HTTP/1.1" 200 1496 "http://demo.galleryinvitation.my.id/" "Mozilla/5.0 (Windows NT 10.0; Win64; x64) AppleWebKit/537.36 (KHTML, like Gecko) Chrome/117.0.5938.132 Safari/537.36"
65.154.226.169 - - [23/Jan/2024:00:04:34 +0700] "GET /wp-includes/js/jquery/jquery.min.js?ver=3.7.1 HTTP/1.1" 200 30866 "http://demo.galleryinvitation.my.id/" "Mozilla/5.0 (Windows NT 10.0; Win64; x64) AppleWebKit/537.36 (KHTML, like Gecko) Chrome/117.0.5938.132 Safari/537.36"
65.154.226.169 - - [23/Jan/2024:00:04:34 +0700] "GET /wp-content/plugins/weddingpress/assets/css/wdp-fontello.css?ver=6.4.2 HTTP/1.1" 200 1358 "http://demo.galleryinvitation.my.id/" "Mozilla/5.0 (Windows NT 10.0; Win64; x64) AppleWebKit/537.36 (KHTML, like Gecko) Chrome/117.0.5938.132 Safari/537.36"
65.154.226.169 - - [23/Jan/2024:00:04:35 +0700] "GET /wp-includes/js/jquery/jquery-migrate.min.js?ver=3.4.1 HTTP/1.1" 200 5322 "http://demo.galleryinvitation.my.id/" "Mozilla/5.0 (Windows NT 10.0; Win64; x64) AppleWebKit/537.36 (KHTML, like Gecko) Chrome/117.0.5938.132 Safari/537.36"
65.154.226.169 - - [23/Jan/2024:00:04:35 +0700] "GET /wp-content/plugins/weddingpress/addons/comment-kit//js/wdp_script.js?ver=2.7.6 HTTP/1.1" 200 7173 "http://demo.galleryinvitation.my.id/" "Mozilla/5.0 (Windows NT 10.0; Win64; x64) AppleWebKit/537.36 (KHTML, like Gecko) Chrome/117.0.5938.132 Safari/537.36"
65.154.226.169 - - [23/Jan/2024:00:04:35 +0700] "GET /wp-content/plugins/weddingpress/addons/comment-kit//js/libs/jquery.jPages.min.js?ver=0.7 HTTP/1.1" 200 4104 "http://demo.galleryinvitation.my.id/" "Mozilla/5.0 (Windows NT 10.0; Win64; x64) AppleWebKit/537.36 (KHTML, like Gecko) Chrome/117.0.5938.132 Safari/537.36"
65.154.226.169 - - [23/Jan/2024:00:04:35 +0700] "GET /wp-content/plugins/weddingpress/addons/comment-kit//js/libs/jquery.textareaCounter.js?ver=2.0 HTTP/1.1" 200 2140 "http://demo.galleryinvitation.my.id/" "Mozilla/5.0 (Windows NT 10.0; Win64; x64) AppleWebKit/537.36 (KHTML, like Gecko) Chrome/117.0.5938.132 Safari/537.36"
65.154.226.169 - - [23/Jan/2024:00:04:35 +0700] "GET /wp-content/plugins/weddingpress/addons/comment-kit//js/libs/jquery.placeholder.min.js?ver=2.0.7 HTTP/1.1" 200 1333 "http://demo.galleryinvitation.my.id/" "Mozilla/5.0 (Windows NT 10.0; Win64; x64) AppleWebKit/537.36 (KHTML, like Gecko) Chrome/117.0.5938.132 Safari/537.36"
65.154.226.169 - - [23/Jan/2024:00:04:35 +0700] "GET /wp-content/plugins/weddingpress/addons/comment-kit//js/libs/autosize.min.js?ver=1.14 HTTP/1.1" 200 1640 "http://demo.galleryinvitation.my.id/" "Mozilla/5.0 (Windows NT 10.0; Win64; x64) AppleWebKit/537.36 (KHTML, like Gecko) Chrome/117.0.5938.132 Safari/537.36"
65.154.226.169 - - [23/Jan/2024:00:04:35 +0700] "GET /wp-content/plugins/weddingpress/assets/js/wdp-swiper.min.js HTTP/1.1" 200 36130 "http://demo.galleryinvitation.my.id/" "Mozilla/5.0 (Windows NT 10.0; Win64; x64) AppleWebKit/537.36 (KHTML, like Gecko) Chrome/117.0.5938.132 Safari/537.36"
65.154.226.169 - - [23/Jan/2024:00:04:35 +0700] "GET /wp-content/plugins/weddingpress/assets/js/qr-code.js HTTP/1.1" 200 5345 "http://demo.galleryinvitation.my.id/" "Mozilla/5.0 (Windows NT 10.0; Win64; x64) AppleWebKit/537.36 (KHTML, like Gecko) Chrome/117.0.5938.132 Safari/537.36"
65.154.226.169 - - [23/Jan/2024:00:04:35 +0700] "GET /wp-content/plugins/weddingpress/assets/js/wdp-horizontal.js HTTP/1.1" 200 903 "http://demo.galleryinvitation.my.id/" "Mozilla/5.0 (Windows NT 10.0; Win64; x64) AppleWebKit/537.36 (KHTML, like Gecko) Chrome/117.0.5938.132 Safari/537.36"
65.154.226.169 - - [23/Jan/2024:00:04:35 +0700] "GET /wp-content/plugins/weddingpress/assets/js/exad-scripts.min.js?ver=3.0.1 HTTP/1.1" 200 1224 "http://demo.galleryinvitation.my.id/" "Mozilla/5.0 (Windows NT 10.0; Win64; x64) AppleWebKit/537.36 (KHTML, like Gecko) Chrome/117.0.5938.132 Safari/537.36"
65.154.226.169 - - [23/Jan/2024:00:04:35 +0700] "GET /wp-includes/js/dist/interactivity.min.js?ver=6.4.2 HTTP/1.1" 200 12459 "http://demo.galleryinvitation.my.id/" "Mozilla/5.0 (Windows NT 10.0; Win64; x64) AppleWebKit/537.36 (KHTML, like Gecko) Chrome/117.0.5938.132 Safari/537.36"
65.154.226.169 - - [23/Jan/2024:00:04:36 +0700] "GET /wp-includes/blocks/navigation/view.min.js?ver=e3d6f3216904b5b42831 HTTP/1.1" 200 1551 "http://demo.galleryinvitation.my.id/" "Mozilla/5.0 (Windows NT 10.0; Win64; x64) AppleWebKit/537.36 (KHTML, like Gecko) Chrome/117.0.5938.132 Safari/537.36"
65.154.226.169 - - [23/Jan/2024:00:04:40 +0700] "GET /wp-includes/js/wp-emoji-release.min.js?ver=6.4.2 HTTP/1.1" 200 5504 "http://demo.galleryinvitation.my.id/" "Mozilla/5.0 (Windows NT 10.0; Win64; x64) AppleWebKit/537.36 (KHTML, like Gecko) Chrome/117.0.5938.132 Safari/537.36"
103.234.209.217 - - [25/Jan/2024:12:30:16 +0700] "POST /wp-cron.php?doing_wp_cron=1706160615.8372890949249267578125 HTTP/1.1" 200 364 "-" "WordPress/6.4.2; https://demo.galleryinvitation.my.id"
161.35.87.54 - - [25/Jan/2024:12:30:14 +0700] "GET / HTTP/1.1" 200 12101 "-" "Mozilla/5.0 (X11; Linux x86_64) AppleWebKit/537.36 (KHTML, like Gecko) Chrome/108.0.0.0 Safari/537.36"
103.234.209.217 - - [28/Jan/2024:08:25:54 +0700] "POST /wp-cron.php?doing_wp_cron=1706405154.4359629154205322265625 HTTP/1.1" 200 364 "-" "WordPress/6.4.2; https://demo.galleryinvitation.my.id"
3.250.111.36 - - [28/Jan/2024:08:25:53 +0700] "GET /robots.txt HTTP/1.1" 200 493 "-" "Mozilla/5.0 (compatible; wpbot/1.0; +https://forms.gle/ajBaxygz9jSR8p8G9)"