205.169.39.249 - - [26/Apr/2023:05:45:47 +0700] "GET /wp-content/plugins/weddingpress/assets/js/wdp-horizontal.js HTTP/2" 200 390 "https://demo.galleryinvitation.my.id/" "Mozilla/5.0 (Windows NT 10.0; Win64; x64) AppleWebKit/537.36 (KHTML, like Gecko) Chrome/79.0.3945.79 Safari/537.36"
205.169.39.249 - - [26/Apr/2023:05:45:47 +0700] "GET /wp-content/plugins/weddingpress/assets/js/exad-scripts.min.js?ver=3.0.1 HTTP/2" 200 686 "https://demo.galleryinvitation.my.id/" "Mozilla/5.0 (Windows NT 10.0; Win64; x64) AppleWebKit/537.36 (KHTML, like Gecko) Chrome/79.0.3945.79 Safari/537.36"
205.169.39.249 - - [26/Apr/2023:05:45:47 +0700] "GET /wp-content/plugins/weddingpress/assets/js/wdp-swiper.min.js HTTP/2" 200 34221 "https://demo.galleryinvitation.my.id/" "Mozilla/5.0 (Windows NT 10.0; Win64; x64) AppleWebKit/537.36 (KHTML, like Gecko) Chrome/79.0.3945.79 Safari/537.36"
205.169.39.249 - - [26/Apr/2023:05:45:47 +0700] "GET /wp-includes/js/wp-emoji-release.min.js?ver=6.2 HTTP/2" 200 4651 "https://demo.galleryinvitation.my.id/" "Mozilla/5.0 (Windows NT 10.0; Win64; x64) AppleWebKit/537.36 (KHTML, like Gecko) Chrome/79.0.3945.79 Safari/537.36"
103.234.209.217 - - [26/Apr/2023:06:30:01 +0700] "POST /wp-cron.php?doing_wp_cron=1682465400.5538620948791503906250 HTTP/1.1" 200 542 "-" "WordPress/6.2; https://demo.galleryinvitation.my.id"
18.204.233.163 - - [26/Apr/2023:06:29:59 +0700] "GET / HTTP/1.1" 200 11779 "-" "Mozilla/5.0 (X11; Ubuntu; Linux x86_64; rv:52.0) Gecko/20100101 Firefox/52.0"
18.204.233.163 - - [26/Apr/2023:06:30:01 +0700] "GET /favicon.ico HTTP/1.1" 404 822 "-" "Mozilla/5.0 (X11; Ubuntu; Linux x86_64; rv:52.0) Gecko/20100101 Firefox/52.0"
103.234.209.217 - - [26/Apr/2023:08:35:28 +0700] "POST /wp-cron.php?doing_wp_cron=1682472927.9485499858856201171875 HTTP/1.1" 200 542 "-" "WordPress/6.2; https://demo.galleryinvitation.my.id"
49.12.47.181 - - [26/Apr/2023:08:35:27 +0700] "GET /wp-content/updates.php HTTP/1.1" 404 10336 "www.google.com" "Mozlila/5.0 (Linux; Android 7.0; SM-G892A Bulid/NRD90M; wv) AppleWebKit/537.36 (KHTML, like Gecko) Version/4.0 Chrome/60.0.3112.107 Moblie Safari/537.36"
49.12.47.181 - - [26/Apr/2023:08:35:37 +0700] "GET /wp-content/updates.php HTTP/1.1" 404 10336 "www.google.com" "Mozlila/5.0 (Linux; Android 7.0; SM-G892A Bulid/NRD90M; wv) AppleWebKit/537.36 (KHTML, like Gecko) Version/4.0 Chrome/60.0.3112.107 Moblie Safari/537.36"
44.195.244.245 - - [26/Apr/2023:18:44:09 +0700] "GET / HTTP/1.1" 200 11780 "-" "Mozilla/5.0 (X11; Ubuntu; Linux x86_64; rv:52.0) Gecko/20100101 Firefox/52.0"
44.195.244.245 - - [26/Apr/2023:18:44:12 +0700] "GET /favicon.ico HTTP/1.1" 404 822 "-" "Mozilla/5.0 (X11; Ubuntu; Linux x86_64; rv:52.0) Gecko/20100101 Firefox/52.0"
103.234.209.217 - - [27/Apr/2023:01:46:23 +0700] "POST /wp-cron.php?doing_wp_cron=1682534783.2872819900512695312500 HTTP/1.1" 200 542 "-" "WordPress/6.2; https://demo.galleryinvitation.my.id"
103.234.209.217 - - [27/Apr/2023:01:46:26 +0700] "GET / HTTP/1.1" 200 11742 "-" "WordPress/6.2; https://demo.galleryinvitation.my.id"
103.234.209.217 - - [27/Apr/2023:07:04:16 +0700] "POST /wp-cron.php?doing_wp_cron=1682553855.3610820770263671875000 HTTP/1.1" 200 542 "-" "WordPress/6.2; https://demo.galleryinvitation.my.id"
103.234.209.217 - - [27/Apr/2023:07:04:17 +0700] "GET / HTTP/1.1" 200 11743 "-" "WordPress/6.2; https://demo.galleryinvitation.my.id"
44.195.244.245 - - [28/Apr/2023:00:24:30 +0700] "GET / HTTP/1.1" 200 11781 "-" "Mozilla/5.0 (X11; Ubuntu; Linux x86_64; rv:52.0) Gecko/20100101 Firefox/52.0"
103.234.209.217 - - [28/Apr/2023:00:24:33 +0700] "POST /wp-cron.php?doing_wp_cron=1682616272.8683340549468994140625 HTTP/1.1" 200 542 "-" "WordPress/6.2; https://demo.galleryinvitation.my.id"
44.195.244.245 - - [28/Apr/2023:00:24:34 +0700] "HEAD / HTTP/1.1" 200 503 "-" "Mozilla/5.0 (X11; Ubuntu; Linux x86_64; rv:52.0) Gecko/20100101 Firefox/52.0"
103.234.209.217 - - [28/Apr/2023:00:24:34 +0700] "GET / HTTP/1.1" 200 11744 "-" "WordPress/6.2; https://demo.galleryinvitation.my.id"
103.234.209.217 - - [28/Apr/2023:01:46:28 +0700] "POST /wp-cron.php?doing_wp_cron=1682621187.6846599578857421875000 HTTP/1.1" 200 542 "-" "WordPress/6.2; https://demo.galleryinvitation.my.id"
18.204.233.163 - - [28/Apr/2023:06:59:46 +0700] "GET / HTTP/1.1" 200 11781 "-" "Mozilla/5.0 (X11; Ubuntu; Linux x86_64; rv:52.0) Gecko/20100101 Firefox/52.0"
18.204.233.163 - - [28/Apr/2023:06:59:48 +0700] "GET /favicon.ico HTTP/1.1" 404 822 "-" "Mozilla/5.0 (X11; Ubuntu; Linux x86_64; rv:52.0) Gecko/20100101 Firefox/52.0"
103.234.209.217 - - [28/Apr/2023:06:59:48 +0700] "POST /wp-cron.php?doing_wp_cron=1682639987.4150180816650390625000 HTTP/1.1" 200 542 "-" "WordPress/6.2; https://demo.galleryinvitation.my.id"
103.234.209.217 - - [28/Apr/2023:06:59:48 +0700] "GET / HTTP/1.1" 200 11744 "-" "WordPress/6.2; https://demo.galleryinvitation.my.id"
103.234.209.217 - - [28/Apr/2023:07:19:19 +0700] "POST /wp-cron.php?doing_wp_cron=1682641159.6822979450225830078125 HTTP/1.1" 200 542 "-" "WordPress/6.2; https://demo.galleryinvitation.my.id"
103.234.209.217 - - [28/Apr/2023:12:40:09 +0700] "POST /wp-cron.php?doing_wp_cron=1682660409.1204009056091308593750 HTTP/1.1" 200 542 "-" "WordPress/6.2; https://demo.galleryinvitation.my.id"
18.204.233.163 - - [28/Apr/2023:12:40:08 +0700] "GET / HTTP/1.1" 200 11781 "-" "Mozilla/5.0 (X11; Ubuntu; Linux x86_64; rv:52.0) Gecko/20100101 Firefox/52.0"
18.204.233.163 - - [28/Apr/2023:12:40:10 +0700] "GET /favicon.ico HTTP/1.1" 404 822 "-" "Mozilla/5.0 (X11; Ubuntu; Linux x86_64; rv:52.0) Gecko/20100101 Firefox/52.0"
103.234.209.217 - - [29/Apr/2023:01:44:52 +0700] "POST /wp-cron.php?doing_wp_cron=1682707491.6119830608367919921875 HTTP/1.1" 200 542 "-" "WordPress/6.2; https://demo.galleryinvitation.my.id"
103.234.209.217 - - [29/Apr/2023:01:44:54 +0700] "GET / HTTP/1.1" 200 11743 "-" "WordPress/6.2; https://demo.galleryinvitation.my.id"
103.234.209.217 - - [29/Apr/2023:06:44:03 +0700] "POST /wp-cron.php?doing_wp_cron=1682725442.6363639831542968750000 HTTP/1.1" 200 542 "-" "WordPress/6.2; https://demo.galleryinvitation.my.id"
103.234.209.217 - - [29/Apr/2023:06:44:04 +0700] "GET / HTTP/1.1" 200 11743 "-" "WordPress/6.2; https://demo.galleryinvitation.my.id"
18.204.233.163 - - [30/Apr/2023:00:54:46 +0700] "GET / HTTP/1.1" 200 11780 "-" "Mozilla/5.0 (X11; Ubuntu; Linux x86_64; rv:52.0) Gecko/20100101 Firefox/52.0"
103.234.209.217 - - [30/Apr/2023:00:54:48 +0700] "POST /wp-cron.php?doing_wp_cron=1682790887.9875679016113281250000 HTTP/1.1" 200 542 "-" "WordPress/6.2; https://demo.galleryinvitation.my.id"
103.234.209.217 - - [30/Apr/2023:00:54:49 +0700] "GET / HTTP/1.1" 200 11743 "-" "WordPress/6.2; https://demo.galleryinvitation.my.id"
18.204.233.163 - - [30/Apr/2023:00:54:49 +0700] "GET /favicon.ico HTTP/1.1" 404 822 "-" "Mozilla/5.0 (X11; Ubuntu; Linux x86_64; rv:52.0) Gecko/20100101 Firefox/52.0"
103.234.209.217 - - [30/Apr/2023:01:46:40 +0700] "POST /wp-cron.php?doing_wp_cron=1682794000.2038660049438476562500 HTTP/1.1" 200 542 "-" "WordPress/6.2; https://demo.galleryinvitation.my.id"
103.234.209.217 - - [30/Apr/2023:06:53:43 +0700] "POST /wp-cron.php?doing_wp_cron=1682812423.6057109832763671875000 HTTP/1.1" 200 542 "-" "WordPress/6.2; https://demo.galleryinvitation.my.id"
103.234.209.217 - - [30/Apr/2023:06:53:45 +0700] "GET / HTTP/1.1" 200 11743 "-" "WordPress/6.2; https://demo.galleryinvitation.my.id"
103.234.209.217 - - [01/May/2023:01:46:22 +0700] "POST /wp-cron.php?doing_wp_cron=1682880381.8796141147613525390625 HTTP/1.1" 200 542 "-" "WordPress/6.2; https://demo.galleryinvitation.my.id"
103.234.209.217 - - [01/May/2023:01:46:31 +0700] "POST /wp-cron.php HTTP/1.1" 200 542 "-" "WordPress/6.2; https://demo.galleryinvitation.my.id"
103.234.209.217 - - [01/May/2023:01:46:31 +0700] "GET / HTTP/1.1" 200 11743 "-" "WordPress/6.2; https://demo.galleryinvitation.my.id"
103.234.209.217 - - [01/May/2023:01:46:32 +0700] "GET / HTTP/1.1" 200 11743 "-" "WordPress/6.2; https://demo.galleryinvitation.my.id"
103.234.209.217 - - [01/May/2023:01:46:33 +0700] "GET / HTTP/1.1" 200 11743 "-" "WordPress/6.2; https://demo.galleryinvitation.my.id"
103.234.209.217 - - [01/May/2023:01:46:34 +0700] "GET / HTTP/1.1" 200 11743 "-" "WordPress/6.2; https://demo.galleryinvitation.my.id"
103.234.209.217 - - [01/May/2023:01:46:34 +0700] "GET / HTTP/1.1" 200 11743 "-" "WordPress/6.2; https://demo.galleryinvitation.my.id"
103.234.209.217 - - [01/May/2023:07:14:56 +0700] "POST /wp-cron.php?doing_wp_cron=1682900095.3607339859008789062500 HTTP/1.1" 200 542 "-" "WordPress/6.2; https://demo.galleryinvitation.my.id"
44.195.244.245 - - [01/May/2023:07:14:54 +0700] "GET / HTTP/1.1" 200 11780 "-" "Mozilla/5.0 (X11; Ubuntu; Linux x86_64; rv:52.0) Gecko/20100101 Firefox/52.0"
44.195.244.245 - - [01/May/2023:07:14:56 +0700] "GET /favicon.ico HTTP/1.1" 404 822 "-" "Mozilla/5.0 (X11; Ubuntu; Linux x86_64; rv:52.0) Gecko/20100101 Firefox/52.0"
103.234.209.217 - - [01/May/2023:07:14:56 +0700] "GET / HTTP/1.1" 200 11743 "-" "WordPress/6.2; https://demo.galleryinvitation.my.id"
103.234.209.217 - - [01/May/2023:12:21:46 +0700] "POST /wp-cron.php?doing_wp_cron=1682918505.4876120090484619140625 HTTP/1.1" 200 542 "-" "WordPress/6.2; https://demo.galleryinvitation.my.id"
23.105.110.212 - - [01/May/2023:12:21:44 +0700] "GET /api/index.php/v1/config/application?public=true HTTP/1.1" 301 706 "http://demo.galleryinvitation.my.id/api/index.php/v1/config/application?public=true" "Mozila/5.0"
23.105.110.212 - - [01/May/2023:12:21:46 +0700] "GET /api/v1/config/application?public=true HTTP/1.1" 404 10159 "https://demo.galleryinvitation.my.id/api/index.php/v1/config/application?public=true" "Mozila/5.0"
103.234.209.217 - - [02/May/2023:01:45:16 +0700] "POST /wp-cron.php?doing_wp_cron=1682966716.2984039783477783203125 HTTP/1.1" 200 542 "-" "WordPress/6.2; https://demo.galleryinvitation.my.id"
103.234.209.217 - - [02/May/2023:01:45:19 +0700] "GET / HTTP/1.1" 200 11743 "-" "WordPress/6.2; https://demo.galleryinvitation.my.id"
103.234.209.217 - - [02/May/2023:06:51:33 +0700] "POST /wp-cron.php?doing_wp_cron=1682985092.9770610332489013671875 HTTP/1.1" 200 542 "-" "WordPress/6.2; https://demo.galleryinvitation.my.id"
103.234.209.217 - - [02/May/2023:06:51:35 +0700] "GET / HTTP/1.1" 200 11743 "-" "WordPress/6.2; https://demo.galleryinvitation.my.id"
103.234.209.217 - - [02/May/2023:21:34:14 +0700] "POST /wp-cron.php?doing_wp_cron=1683038054.1262528896331787109375 HTTP/1.1" 200 542 "-" "WordPress/6.2; https://demo.galleryinvitation.my.id"
51.255.62.7 - - [02/May/2023:21:34:12 +0700] "GET / HTTP/1.1" 200 58302 "-" "Mozilla/5.0 (X11; Ubuntu; Linux x86_64; rv:58.0) Gecko/20100101 Firefox/58.0"
103.234.209.217 - - [02/May/2023:21:34:17 +0700] "GET / HTTP/1.1" 200 11742 "-" "WordPress/6.2; https://demo.galleryinvitation.my.id"
103.234.209.217 - - [02/May/2023:23:56:43 +0700] "POST /wp-cron.php?doing_wp_cron=1683046602.3756780624389648437500 HTTP/1.1" 200 542 "-" "WordPress/6.2; https://demo.galleryinvitation.my.id"
51.254.49.109 - - [02/May/2023:23:56:41 +0700] "GET / HTTP/1.1" 200 58310 "-" "Mozilla/5.0 (X11; Ubuntu; Linux x86_64; rv:58.0) Gecko/20100101 Firefox/58.0"
103.234.209.217 - - [03/May/2023:01:46:49 +0700] "POST /wp-cron.php?doing_wp_cron=1683053208.8886790275573730468750 HTTP/1.1" 200 542 "-" "WordPress/6.2; https://demo.galleryinvitation.my.id"
103.234.209.217 - - [03/May/2023:07:02:37 +0700] "POST /wp-cron.php?doing_wp_cron=1683072157.0872840881347656250000 HTTP/1.1" 200 542 "-" "WordPress/6.2; https://demo.galleryinvitation.my.id"
103.234.209.217 - - [03/May/2023:07:02:39 +0700] "GET / HTTP/1.1" 200 11744 "-" "WordPress/6.2; https://demo.galleryinvitation.my.id"
103.234.209.217 - - [04/May/2023:01:45:15 +0700] "POST /wp-cron.php?doing_wp_cron=1683139514.3795189857482910156250 HTTP/1.1" 200 542 "-" "WordPress/6.2; https://demo.galleryinvitation.my.id"
103.234.209.217 - - [04/May/2023:01:45:17 +0700] "GET / HTTP/1.1" 200 11742 "-" "WordPress/6.2; https://demo.galleryinvitation.my.id"
103.234.209.217 - - [05/May/2023:01:47:00 +0700] "POST /wp-cron.php?doing_wp_cron=1683226019.7323679924011230468750 HTTP/1.1" 200 542 "-" "WordPress/6.2; https://demo.galleryinvitation.my.id"
103.234.209.217 - - [05/May/2023:01:47:02 +0700] "GET / HTTP/1.1" 200 11743 "-" "WordPress/6.2; https://demo.galleryinvitation.my.id"
103.234.209.217 - - [05/May/2023:19:39:02 +0700] "POST /wp-cron.php?doing_wp_cron=1683290341.9079139232635498046875 HTTP/1.1" 200 542 "-" "WordPress/6.2; https://demo.galleryinvitation.my.id"
18.204.233.163 - - [05/May/2023:19:39:00 +0700] "GET / HTTP/1.1" 200 11780 "-" "Mozilla/5.0 (X11; Ubuntu; Linux x86_64; rv:52.0) Gecko/20100101 Firefox/52.0"
18.204.233.163 - - [05/May/2023:19:39:03 +0700] "GET /favicon.ico HTTP/1.1" 404 822 "-" "Mozilla/5.0 (X11; Ubuntu; Linux x86_64; rv:52.0) Gecko/20100101 Firefox/52.0"
103.234.209.217 - - [05/May/2023:19:39:03 +0700] "GET / HTTP/1.1" 200 11743 "-" "WordPress/6.2; https://demo.galleryinvitation.my.id"
103.234.209.217 - - [06/May/2023:01:45:37 +0700] "POST /wp-cron.php?doing_wp_cron=1683312336.7439329624176025390625 HTTP/1.1" 200 542 "-" "WordPress/6.2; https://demo.galleryinvitation.my.id"
103.234.209.217 - - [06/May/2023:05:15:17 +0700] "POST /wp-cron.php?doing_wp_cron=1683324917.5939509868621826171875 HTTP/1.1" 200 542 "-" "WordPress/6.2; https://demo.galleryinvitation.my.id"
3.249.107.211 - - [06/May/2023:05:15:16 +0700] "GET / HTTP/2" 200 11212 "-" "Plesk screenshot bot https://support.plesk.com/hc/en-us/articles/10301006946066"
3.249.107.211 - - [06/May/2023:05:15:18 +0700] "GET /wp-includes/blocks/navigation/style.min.css?ver=6.2 HTTP/2" 200 2018 "https://demo.galleryinvitation.my.id/" "Plesk screenshot bot https://support.plesk.com/hc/en-us/articles/10301006946066"
3.249.107.211 - - [06/May/2023:05:15:18 +0700] "GET /wp-content/uploads/useanyfont/uaf.css?ver=1676003711 HTTP/2" 200 0 "https://demo.galleryinvitation.my.id/" "Plesk screenshot bot https://support.plesk.com/hc/en-us/articles/10301006946066"
3.249.107.211 - - [06/May/2023:05:15:18 +0700] "GET /wp-content/plugins/weddingpress/addons/comment-kit//css/wdp_style.css?ver=2.7.6 HTTP/2" 200 5347 "https://demo.galleryinvitation.my.id/" "Plesk screenshot bot https://support.plesk.com/hc/en-us/articles/10301006946066"
3.249.107.211 - - [06/May/2023:05:15:18 +0700] "GET /wp-content/plugins/weddingpress/assets/css/wdp-centered-timeline.min.css?ver=6.2 HTTP/2" 200 1328 "https://demo.galleryinvitation.my.id/" "Plesk screenshot bot https://support.plesk.com/hc/en-us/articles/10301006946066"
3.249.107.211 - - [06/May/2023:05:15:18 +0700] "GET /wp-content/plugins/weddingpress/assets/css/wdp-horizontal-styles.min.css?ver=6.2 HTTP/2" 200 710 "https://demo.galleryinvitation.my.id/" "Plesk screenshot bot https://support.plesk.com/hc/en-us/articles/10301006946066"
3.249.107.211 - - [06/May/2023:05:15:18 +0700] "GET /wp-content/plugins/weddingpress/assets/css/wdp-fontello.css?ver=6.2 HTTP/2" 200 827 "https://demo.galleryinvitation.my.id/" "Plesk screenshot bot https://support.plesk.com/hc/en-us/articles/10301006946066"
3.249.107.211 - - [06/May/2023:05:15:18 +0700] "GET /wp-content/plugins/weddingpress/assets/css/exad-styles.min.css?ver=6.2 HTTP/2" 200 975 "https://demo.galleryinvitation.my.id/" "Plesk screenshot bot https://support.plesk.com/hc/en-us/articles/10301006946066"
3.249.107.211 - - [06/May/2023:05:15:18 +0700] "GET /wp-includes/blocks/navigation/view.min.js?ver=c24330f635f5cb9d5e0e HTTP/2" 200 359 "https://demo.galleryinvitation.my.id/" "Plesk screenshot bot https://support.plesk.com/hc/en-us/articles/10301006946066"
3.249.107.211 - - [06/May/2023:05:15:18 +0700] "GET /wp-includes/blocks/navigation/view-modal.min.js?ver=f51363b18f0497ec84da HTTP/2" 200 2562 "https://demo.galleryinvitation.my.id/" "Plesk screenshot bot https://support.plesk.com/hc/en-us/articles/10301006946066"
3.249.107.211 - - [06/May/2023:05:15:18 +0700] "GET /wp-includes/js/jquery/jquery.min.js?ver=3.6.3 HTTP/2" 200 30376 "https://demo.galleryinvitation.my.id/" "Plesk screenshot bot https://support.plesk.com/hc/en-us/articles/10301006946066"
3.249.107.211 - - [06/May/2023:05:15:18 +0700] "GET /wp-includes/js/jquery/jquery-migrate.min.js?ver=3.4.0 HTTP/2" 200 4603 "https://demo.galleryinvitation.my.id/" "Plesk screenshot bot https://support.plesk.com/hc/en-us/articles/10301006946066"
3.249.107.211 - - [06/May/2023:05:15:18 +0700] "GET /wp-content/plugins/weddingpress/addons/comment-kit//js/wdp_script.js?ver=2.7.6 HTTP/2" 200 6420 "https://demo.galleryinvitation.my.id/" "Plesk screenshot bot https://support.plesk.com/hc/en-us/articles/10301006946066"
3.249.107.211 - - [06/May/2023:05:15:18 +0700] "GET /wp-content/plugins/weddingpress/addons/comment-kit//js/libs/jquery.jPages.min.js?ver=0.7 HTTP/2" 200 3457 "https://demo.galleryinvitation.my.id/" "Plesk screenshot bot https://support.plesk.com/hc/en-us/articles/10301006946066"
3.249.107.211 - - [06/May/2023:05:15:18 +0700] "GET /wp-content/plugins/weddingpress/addons/comment-kit//js/libs/jquery.textareaCounter.js?ver=2.0 HTTP/2" 200 1540 "https://demo.galleryinvitation.my.id/" "Plesk screenshot bot https://support.plesk.com/hc/en-us/articles/10301006946066"
3.249.107.211 - - [06/May/2023:05:15:19 +0700] "GET /wp-content/plugins/weddingpress/addons/comment-kit//js/libs/jquery.placeholder.min.js?ver=2.0.7 HTTP/2" 200 794 "https://demo.galleryinvitation.my.id/" "Plesk screenshot bot https://support.plesk.com/hc/en-us/articles/10301006946066"
3.249.107.211 - - [06/May/2023:05:15:19 +0700] "GET /wp-content/plugins/weddingpress/addons/comment-kit//js/libs/autosize.min.js?ver=1.14 HTTP/2" 200 1098 "https://demo.galleryinvitation.my.id/" "Plesk screenshot bot https://support.plesk.com/hc/en-us/articles/10301006946066"
3.249.107.211 - - [06/May/2023:05:15:19 +0700] "GET /wp-content/plugins/weddingpress/assets/js/wdp-swiper.min.js HTTP/2" 200 34221 "https://demo.galleryinvitation.my.id/" "Plesk screenshot bot https://support.plesk.com/hc/en-us/articles/10301006946066"
3.249.107.211 - - [06/May/2023:05:15:19 +0700] "GET /wp-content/plugins/weddingpress/assets/js/qr-code.js HTTP/2" 200 4716 "https://demo.galleryinvitation.my.id/" "Plesk screenshot bot https://support.plesk.com/hc/en-us/articles/10301006946066"
3.249.107.211 - - [06/May/2023:05:15:19 +0700] "GET /wp-content/plugins/weddingpress/assets/js/wdp-horizontal.js HTTP/2" 200 390 "https://demo.galleryinvitation.my.id/" "Plesk screenshot bot https://support.plesk.com/hc/en-us/articles/10301006946066"
3.249.107.211 - - [06/May/2023:05:15:19 +0700] "GET /wp-content/plugins/weddingpress/assets/js/exad-scripts.min.js?ver=3.0.1 HTTP/2" 200 686 "https://demo.galleryinvitation.my.id/" "Plesk screenshot bot https://support.plesk.com/hc/en-us/articles/10301006946066"
3.249.107.211 - - [06/May/2023:05:15:19 +0700] "GET /wp-includes/js/wp-emoji-release.min.js?ver=6.2 HTTP/2" 200 4651 "https://demo.galleryinvitation.my.id/" "Plesk screenshot bot https://support.plesk.com/hc/en-us/articles/10301006946066"
103.234.209.217 - - [06/May/2023:05:15:19 +0700] "GET / HTTP/1.1" 200 11743 "-" "WordPress/6.2; https://demo.galleryinvitation.my.id"
103.234.209.217 - - [06/May/2023:06:55:32 +0700] "POST /wp-cron.php?doing_wp_cron=1683330932.5884270668029785156250 HTTP/1.1" 200 542 "-" "WordPress/6.2; https://demo.galleryinvitation.my.id"
103.234.209.217 - - [07/May/2023:01:47:46 +0700] "POST /wp-cron.php?doing_wp_cron=1683398865.9827799797058105468750 HTTP/1.1" 200 542 "-" "WordPress/6.2; https://demo.galleryinvitation.my.id"
103.234.209.217 - - [07/May/2023:01:47:48 +0700] "GET / HTTP/1.1" 200 11743 "-" "WordPress/6.2; https://demo.galleryinvitation.my.id"
103.234.209.217 - - [07/May/2023:07:02:43 +0700] "POST /wp-cron.php?doing_wp_cron=1683417762.7373681068420410156250 HTTP/1.1" 200 542 "-" "WordPress/6.2; https://demo.galleryinvitation.my.id"
103.234.209.217 - - [07/May/2023:07:02:44 +0700] "GET / HTTP/1.1" 200 11743 "-" "WordPress/6.2; https://demo.galleryinvitation.my.id"
103.234.209.217 - - [08/May/2023:01:45:09 +0700] "POST /wp-cron.php?doing_wp_cron=1683485109.2720410823822021484375 HTTP/1.1" 200 542 "-" "WordPress/6.2; https://demo.galleryinvitation.my.id"
103.234.209.217 - - [08/May/2023:01:45:18 +0700] "POST /wp-cron.php HTTP/1.1" 200 542 "-" "WordPress/6.2; https://demo.galleryinvitation.my.id"
103.234.209.217 - - [08/May/2023:01:45:18 +0700] "GET / HTTP/1.1" 200 11743 "-" "WordPress/6.2; https://demo.galleryinvitation.my.id"
103.234.209.217 - - [08/May/2023:01:45:19 +0700] "GET / HTTP/1.1" 200 11743 "-" "WordPress/6.2; https://demo.galleryinvitation.my.id"
103.234.209.217 - - [08/May/2023:01:45:20 +0700] "GET / HTTP/1.1" 200 11743 "-" "WordPress/6.2; https://demo.galleryinvitation.my.id"
103.234.209.217 - - [08/May/2023:01:45:21 +0700] "GET / HTTP/1.1" 200 11743 "-" "WordPress/6.2; https://demo.galleryinvitation.my.id"
103.234.209.217 - - [08/May/2023:01:45:20 +0700] "GET / HTTP/1.1" 200 11743 "-" "WordPress/6.2; https://demo.galleryinvitation.my.id"
103.234.209.217 - - [08/May/2023:06:49:47 +0700] "POST /wp-cron.php?doing_wp_cron=1683503386.7083010673522949218750 HTTP/1.1" 200 542 "-" "WordPress/6.2; https://demo.galleryinvitation.my.id"
103.234.209.217 - - [08/May/2023:06:49:49 +0700] "GET / HTTP/1.1" 200 11743 "-" "WordPress/6.2; https://demo.galleryinvitation.my.id"
51.255.62.12 - - [08/May/2023:19:41:01 +0700] "GET / HTTP/1.1" 200 58318 "-" "Mozilla/5.0 (X11; Ubuntu; Linux x86_64; rv:58.0) Gecko/20100101 Firefox/58.0"
103.234.209.217 - - [08/May/2023:21:15:46 +0700] "POST /wp-cron.php?doing_wp_cron=1683555346.1732809543609619140625 HTTP/1.1" 200 542 "-" "WordPress/6.2; https://demo.galleryinvitation.my.id"
51.254.49.111 - - [08/May/2023:21:15:45 +0700] "GET / HTTP/1.1" 200 58310 "-" "Mozilla/5.0 (X11; Ubuntu; Linux x86_64; rv:58.0) Gecko/20100101 Firefox/58.0"
103.234.209.217 - - [08/May/2023:21:15:47 +0700] "GET / HTTP/1.1" 200 11742 "-" "WordPress/6.2; https://demo.galleryinvitation.my.id"
103.234.209.217 - - [09/May/2023:01:44:54 +0700] "POST /wp-cron.php?doing_wp_cron=1683571494.4659729003906250000000 HTTP/1.1" 200 542 "-" "WordPress/6.2; https://demo.galleryinvitation.my.id"
103.234.209.217 - - [10/May/2023:01:44:48 +0700] "POST /wp-cron.php?doing_wp_cron=1683657887.4241518974304199218750 HTTP/1.1" 200 542 "-" "WordPress/6.2; https://demo.galleryinvitation.my.id"
103.234.209.217 - - [10/May/2023:01:44:49 +0700] "GET / HTTP/1.1" 200 11745 "-" "WordPress/6.2; https://demo.galleryinvitation.my.id"
103.234.209.217 - - [11/May/2023:01:44:54 +0700] "POST /wp-cron.php?doing_wp_cron=1683744294.0833489894866943359375 HTTP/1.1" 200 542 "-" "WordPress/6.2; https://demo.galleryinvitation.my.id"
103.234.209.217 - - [11/May/2023:01:44:56 +0700] "GET / HTTP/1.1" 200 11743 "-" "WordPress/6.2; https://demo.galleryinvitation.my.id"
103.234.209.217 - - [11/May/2023:06:47:07 +0700] "POST /wp-cron.php?doing_wp_cron=1683762426.4971280097961425781250 HTTP/1.1" 200 542 "-" "WordPress/6.2; https://demo.galleryinvitation.my.id"
103.234.209.217 - - [11/May/2023:06:47:09 +0700] "GET / HTTP/1.1" 200 11743 "-" "WordPress/6.2; https://demo.galleryinvitation.my.id"
18.204.217.133 - - [11/May/2023:16:19:07 +0700] "HEAD / HTTP/1.1" 200 503 "-" "webprosbot/2.0 (+mailto:abuse-6337@webpros.com)"
103.234.209.217 - - [12/May/2023:01:46:11 +0700] "POST /wp-cron.php?doing_wp_cron=1683830770.7238819599151611328125 HTTP/1.1" 200 542 "-" "WordPress/6.2; https://demo.galleryinvitation.my.id"
103.234.209.217 - - [12/May/2023:01:46:13 +0700] "GET / HTTP/1.1" 200 11743 "-" "WordPress/6.2; https://demo.galleryinvitation.my.id"
103.234.209.217 - - [13/May/2023:01:45:01 +0700] "POST /wp-cron.php?doing_wp_cron=1683917100.9390070438385009765625 HTTP/1.1" 200 542 "-" "WordPress/6.2; https://demo.galleryinvitation.my.id"
103.234.209.217 - - [13/May/2023:01:45:03 +0700] "GET / HTTP/1.1" 200 11741 "-" "WordPress/6.2; https://demo.galleryinvitation.my.id"
103.234.209.217 - - [13/May/2023:06:51:11 +0700] "POST /wp-cron.php?doing_wp_cron=1683935471.3212449550628662109375 HTTP/1.1" 200 542 "-" "WordPress/6.2; https://demo.galleryinvitation.my.id"
103.234.209.217 - - [13/May/2023:06:51:13 +0700] "GET / HTTP/1.1" 200 11741 "-" "WordPress/6.2; https://demo.galleryinvitation.my.id"
103.234.209.217 - - [14/May/2023:01:47:05 +0700] "POST /wp-cron.php?doing_wp_cron=1684003625.0741250514984130859375 HTTP/1.1" 200 542 "-" "WordPress/6.2; https://demo.galleryinvitation.my.id"
103.234.209.217 - - [14/May/2023:01:47:08 +0700] "GET / HTTP/1.1" 200 11742 "-" "WordPress/6.2; https://demo.galleryinvitation.my.id"
103.234.209.217 - - [14/May/2023:06:57:29 +0700] "POST /wp-cron.php?doing_wp_cron=1684022249.1632759571075439453125 HTTP/1.1" 200 542 "-" "WordPress/6.2; https://demo.galleryinvitation.my.id"
103.234.209.217 - - [14/May/2023:06:57:31 +0700] "GET / HTTP/1.1" 200 11742 "-" "WordPress/6.2; https://demo.galleryinvitation.my.id"
103.234.209.217 - - [15/May/2023:01:45:19 +0700] "POST /wp-cron.php?doing_wp_cron=1684089918.7576661109924316406250 HTTP/1.1" 200 542 "-" "WordPress/6.2; https://demo.galleryinvitation.my.id"
103.234.209.217 - - [15/May/2023:01:45:26 +0700] "POST /wp-cron.php HTTP/1.1" 200 542 "-" "WordPress/6.2; https://demo.galleryinvitation.my.id"
103.234.209.217 - - [15/May/2023:01:45:27 +0700] "GET / HTTP/1.1" 200 11743 "-" "WordPress/6.2; https://demo.galleryinvitation.my.id"
103.234.209.217 - - [15/May/2023:01:45:26 +0700] "GET / HTTP/1.1" 200 11743 "-" "WordPress/6.2; https://demo.galleryinvitation.my.id"
103.234.209.217 - - [15/May/2023:01:45:28 +0700] "GET / HTTP/1.1" 200 11743 "-" "WordPress/6.2; https://demo.galleryinvitation.my.id"
103.234.209.217 - - [15/May/2023:01:45:28 +0700] "GET / HTTP/1.1" 200 11743 "-" "WordPress/6.2; https://demo.galleryinvitation.my.id"
103.234.209.217 - - [15/May/2023:01:45:29 +0700] "GET / HTTP/1.1" 200 11743 "-" "WordPress/6.2; https://demo.galleryinvitation.my.id"
103.234.209.217 - - [15/May/2023:06:49:01 +0700] "POST /wp-cron.php?doing_wp_cron=1684108140.7037279605865478515625 HTTP/1.1" 200 542 "-" "WordPress/6.2; https://demo.galleryinvitation.my.id"
103.234.209.217 - - [15/May/2023:06:49:02 +0700] "GET / HTTP/1.1" 200 11743 "-" "WordPress/6.2; https://demo.galleryinvitation.my.id"
103.234.209.217 - - [16/May/2023:01:45:05 +0700] "POST /wp-cron.php?doing_wp_cron=1684176304.3584580421447753906250 HTTP/1.1" 200 542 "-" "WordPress/6.2; https://demo.galleryinvitation.my.id"
103.234.209.217 - - [16/May/2023:01:45:07 +0700] "GET / HTTP/1.1" 200 11743 "-" "WordPress/6.2; https://demo.galleryinvitation.my.id"
103.234.209.217 - - [16/May/2023:06:49:59 +0700] "POST /wp-cron.php?doing_wp_cron=1684194598.9846110343933105468750 HTTP/1.1" 200 542 "-" "WordPress/6.2; https://demo.galleryinvitation.my.id"
103.234.209.217 - - [16/May/2023:06:50:00 +0700] "GET / HTTP/1.1" 200 11743 "-" "WordPress/6.2; https://demo.galleryinvitation.my.id"
103.234.209.217 - - [17/May/2023:02:16:22 +0700] "POST /wp-cron.php?doing_wp_cron=1684264581.4272379875183105468750 HTTP/1.1" 200 542 "-" "WordPress/6.2; https://demo.galleryinvitation.my.id"
103.234.209.217 - - [17/May/2023:02:16:23 +0700] "GET / HTTP/1.1" 200 11742 "-" "WordPress/6.2; https://demo.galleryinvitation.my.id"
103.234.209.217 - - [17/May/2023:02:16:51 +0700] "HEAD / HTTP/1.1" 200 302 "-" "-"
103.234.209.217 - - [17/May/2023:02:18:45 +0700] "POST /wp-admin/upgrade.php?step=upgrade_db HTTP/1.1" 200 543 "-" "WordPress/6.2; https://demo.galleryinvitation.my.id"
103.234.209.217 - - [17/May/2023:02:19:09 +0700] "HEAD / HTTP/1.1" 200 302 "-" "-"
103.234.209.217 - - [17/May/2023:11:24:29 +0700] "POST /wp-cron.php?doing_wp_cron=1684297468.5658190250396728515625 HTTP/1.1" 200 542 "-" "WordPress/6.2.1; https://demo.galleryinvitation.my.id"
54.217.83.13 - - [17/May/2023:11:24:27 +0700] "GET / HTTP/1.1" 200 11785 "-" "Opera/9.80 (X11; Linux i686; U; fr) Presto/2.7.62 Version/11.01"
103.234.209.217 - - [17/May/2023:11:24:29 +0700] "GET / HTTP/1.1" 200 11748 "-" "WordPress/6.2.1; https://demo.galleryinvitation.my.id"
65.154.226.166 - - [17/May/2023:15:22:19 +0700] "GET /wp-includes/blocks/navigation/style.min.css?ver=6.2.1 HTTP/1.1" 200 2663 "https://demo.galleryinvitation.my.id/" "Mozilla/5.0 (X11; Linux x86_64) AppleWebKit/537.36 (KHTML, like Gecko) HeadlessChrome/112.0.5615.121 Safari/537.36"
103.234.209.217 - - [17/May/2023:15:22:19 +0700] "POST /wp-cron.php?doing_wp_cron=1684311738.4448680877685546875000 HTTP/1.1" 200 542 "-" "WordPress/6.2.1; https://demo.galleryinvitation.my.id"
65.154.226.166 - - [17/May/2023:15:22:17 +0700] "GET / HTTP/1.1" 200 11638 "http://demo.galleryinvitation.my.id/" "Mozilla/5.0 (X11; Linux x86_64) AppleWebKit/537.36 (KHTML, like Gecko) HeadlessChrome/112.0.5615.121 Safari/537.36"
103.234.209.217 - - [18/May/2023:01:44:56 +0700] "POST /wp-cron.php?doing_wp_cron=1684349095.7020690441131591796875 HTTP/1.1" 200 542 "-" "WordPress/6.2.1; https://demo.galleryinvitation.my.id"
103.234.209.217 - - [18/May/2023:01:44:57 +0700] "GET / HTTP/1.1" 200 11748 "-" "WordPress/6.2.1; https://demo.galleryinvitation.my.id"
103.234.209.217 - - [18/May/2023:06:46:09 +0700] "POST /wp-cron.php?doing_wp_cron=1684367169.2272739410400390625000 HTTP/1.1" 200 542 "-" "WordPress/6.2.1; https://demo.galleryinvitation.my.id"
103.234.209.217 - - [18/May/2023:06:46:10 +0700] "GET / HTTP/1.1" 200 11748 "-" "WordPress/6.2.1; https://demo.galleryinvitation.my.id"
103.234.209.217 - - [18/May/2023:09:16:52 +0700] "POST /wp-cron.php?doing_wp_cron=1684376212.1037690639495849609375 HTTP/1.1" 200 542 "-" "WordPress/6.2.1; https://demo.galleryinvitation.my.id"
92.223.86.10 - - [18/May/2023:09:16:51 +0700] "GET /vendor/phpunit/phpunit/src/Util/PHP/eval-stdin.php HTTP/1.1" 404 10337 "-" "Mozilla/5.0 (X11; Linux x86_64) AppleWebKit/537.36 (KHTML, like Gecko) Chrome/81.0.4044.129 Safari/537.36"
103.234.209.217 - - [19/May/2023:01:46:49 +0700] "POST /wp-cron.php?doing_wp_cron=1684435609.1700689792633056640625 HTTP/1.1" 200 542 "-" "WordPress/6.2.1; https://demo.galleryinvitation.my.id"
103.234.209.217 - - [19/May/2023:01:47:06 +0700] "GET / HTTP/1.1" 200 11749 "-" "WordPress/6.2.1; https://demo.galleryinvitation.my.id"
103.234.209.217 - - [19/May/2023:07:18:42 +0700] "POST /wp-cron.php?doing_wp_cron=1684455522.7007620334625244140625 HTTP/1.1" 200 542 "-" "WordPress/6.2.1; https://demo.galleryinvitation.my.id"
103.234.209.217 - - [19/May/2023:07:18:44 +0700] "GET / HTTP/1.1" 200 11749 "-" "WordPress/6.2.1; https://demo.galleryinvitation.my.id"
103.234.209.217 - - [20/May/2023:01:45:16 +0700] "POST /wp-cron.php?doing_wp_cron=1684521916.2443759441375732421875 HTTP/1.1" 200 542 "-" "WordPress/6.2.1; https://demo.galleryinvitation.my.id"
103.234.209.217 - - [20/May/2023:01:45:18 +0700] "GET / HTTP/1.1" 200 11747 "-" "WordPress/6.2.1; https://demo.galleryinvitation.my.id"
103.234.209.217 - - [20/May/2023:06:46:12 +0700] "POST /wp-cron.php?doing_wp_cron=1684539972.1349749565124511718750 HTTP/1.1" 200 542 "-" "WordPress/6.2.1; https://demo.galleryinvitation.my.id"
103.234.209.217 - - [20/May/2023:06:46:14 +0700] "GET / HTTP/1.1" 200 11747 "-" "WordPress/6.2.1; https://demo.galleryinvitation.my.id"
103.234.209.217 - - [21/May/2023:02:17:47 +0700] "POST /wp-cron.php?doing_wp_cron=1684610267.1611049175262451171875 HTTP/1.1" 200 542 "-" "WordPress/6.2.1; https://demo.galleryinvitation.my.id"
103.234.209.217 - - [21/May/2023:02:17:49 +0700] "GET / HTTP/1.1" 200 11748 "-" "WordPress/6.2.1; https://demo.galleryinvitation.my.id"
103.234.209.217 - - [21/May/2023:02:18:16 +0700] "HEAD / HTTP/1.1" 200 302 "-" "-"
103.234.209.217 - - [21/May/2023:02:19:25 +0700] "POST /wp-admin/upgrade.php?step=upgrade_db HTTP/1.1" 200 543 "-" "WordPress/6.2.1; https://demo.galleryinvitation.my.id"
103.234.209.217 - - [21/May/2023:02:19:47 +0700] "HEAD / HTTP/1.1" 200 302 "-" "-"
103.234.209.217 - - [21/May/2023:05:34:07 +0700] "POST /wp-cron.php?doing_wp_cron=1684622046.9638600349426269531250 HTTP/1.1" 200 542 "-" "WordPress/6.2.2; https://demo.galleryinvitation.my.id"
13.38.227.51 - - [21/May/2023:05:34:06 +0700] "GET / HTTP/1.1" 200 11797 "-" "webprosbot/2.0 (+mailto:abuse-6337@webpros.com)"
103.234.209.217 - - [21/May/2023:05:34:08 +0700] "GET / HTTP/1.1" 200 11760 "-" "WordPress/6.2.2; https://demo.galleryinvitation.my.id"
103.234.209.217 - - [21/May/2023:15:52:19 +0700] "POST /wp-cron.php?doing_wp_cron=1684659139.3557319641113281250000 HTTP/1.1" 200 542 "-" "WordPress/6.2.2; https://demo.galleryinvitation.my.id"
103.234.209.217 - - [22/May/2023:01:44:37 +0700] "POST /wp-cron.php?doing_wp_cron=1684694676.6685249805450439453125 HTTP/1.1" 200 542 "-" "WordPress/6.2.2; https://demo.galleryinvitation.my.id"
103.234.209.217 - - [22/May/2023:01:44:42 +0700] "POST /wp-cron.php HTTP/1.1" 200 542 "-" "WordPress/6.2.2; https://demo.galleryinvitation.my.id"
103.234.209.217 - - [22/May/2023:01:44:42 +0700] "GET / HTTP/1.1" 200 11760 "-" "WordPress/6.2.2; https://demo.galleryinvitation.my.id"
103.234.209.217 - - [22/May/2023:01:44:43 +0700] "GET / HTTP/1.1" 200 11760 "-" "WordPress/6.2.2; https://demo.galleryinvitation.my.id"
103.234.209.217 - - [22/May/2023:01:44:44 +0700] "GET / HTTP/1.1" 200 11760 "-" "WordPress/6.2.2; https://demo.galleryinvitation.my.id"
103.234.209.217 - - [22/May/2023:01:44:44 +0700] "GET / HTTP/1.1" 200 11760 "-" "WordPress/6.2.2; https://demo.galleryinvitation.my.id"
103.234.209.217 - - [22/May/2023:01:44:45 +0700] "GET / HTTP/1.1" 200 11760 "-" "WordPress/6.2.2; https://demo.galleryinvitation.my.id"
103.234.209.217 - - [22/May/2023:06:43:15 +0700] "POST /wp-cron.php?doing_wp_cron=1684712595.1402719020843505859375 HTTP/1.1" 200 542 "-" "WordPress/6.2.2; https://demo.galleryinvitation.my.id"
103.234.209.217 - - [22/May/2023:06:43:16 +0700] "GET / HTTP/1.1" 200 11760 "-" "WordPress/6.2.2; https://demo.galleryinvitation.my.id"
103.234.209.217 - - [23/May/2023:01:44:34 +0700] "POST /wp-cron.php?doing_wp_cron=1684781074.4266619682312011718750 HTTP/1.1" 200 542 "-" "WordPress/6.2.2; https://demo.galleryinvitation.my.id"
103.234.209.217 - - [23/May/2023:01:44:36 +0700] "GET / HTTP/1.1" 200 11760 "-" "WordPress/6.2.2; https://demo.galleryinvitation.my.id"
103.234.209.217 - - [23/May/2023:06:52:01 +0700] "POST /wp-cron.php?doing_wp_cron=1684799520.3682630062103271484375 HTTP/1.1" 200 542 "-" "WordPress/6.2.2; https://demo.galleryinvitation.my.id"
103.234.209.217 - - [23/May/2023:06:52:02 +0700] "GET / HTTP/1.1" 200 11760 "-" "WordPress/6.2.2; https://demo.galleryinvitation.my.id"
103.234.209.217 - - [24/May/2023:01:54:56 +0700] "POST /wp-cron.php?doing_wp_cron=1684868096.1334478855133056640625 HTTP/1.1" 200 542 "-" "WordPress/6.2.2; https://demo.galleryinvitation.my.id"
103.234.209.217 - - [24/May/2023:01:54:58 +0700] "GET / HTTP/1.1" 200 11759 "-" "WordPress/6.2.2; https://demo.galleryinvitation.my.id"
103.234.209.217 - - [24/May/2023:08:10:39 +0700] "POST /wp-cron.php?doing_wp_cron=1684890638.3951320648193359375000 HTTP/1.1" 200 542 "-" "WordPress/6.2.2; https://demo.galleryinvitation.my.id"
103.234.209.217 - - [24/May/2023:08:10:40 +0700] "GET / HTTP/1.1" 200 11760 "-" "WordPress/6.2.2; https://demo.galleryinvitation.my.id"
103.234.209.217 - - [25/May/2023:01:44:22 +0700] "POST /wp-cron.php?doing_wp_cron=1684953861.3333549499511718750000 HTTP/1.1" 200 542 "-" "WordPress/6.2.2; https://demo.galleryinvitation.my.id"
103.234.209.217 - - [25/May/2023:01:44:23 +0700] "GET / HTTP/1.1" 200 11761 "-" "WordPress/6.2.2; https://demo.galleryinvitation.my.id"
103.234.209.217 - - [25/May/2023:06:50:43 +0700] "POST /wp-cron.php?doing_wp_cron=1684972243.1359610557556152343750 HTTP/1.1" 200 542 "-" "WordPress/6.2.2; https://demo.galleryinvitation.my.id"
103.234.209.217 - - [25/May/2023:06:50:45 +0700] "GET / HTTP/1.1" 200 11761 "-" "WordPress/6.2.2; https://demo.galleryinvitation.my.id"
103.234.209.217 - - [26/May/2023:01:51:01 +0700] "POST /wp-cron.php?doing_wp_cron=1685040660.6321239471435546875000 HTTP/1.1" 200 542 "-" "WordPress/6.2.2; https://demo.galleryinvitation.my.id"
103.234.209.217 - - [26/May/2023:01:51:05 +0700] "GET / HTTP/1.1" 200 11760 "-" "WordPress/6.2.2; https://demo.galleryinvitation.my.id"
103.234.209.217 - - [26/May/2023:10:14:07 +0700] "POST /wp-cron.php?doing_wp_cron=1685070846.7892858982086181640625 HTTP/1.1" 200 542 "-" "WordPress/6.2.2; https://demo.galleryinvitation.my.id"
103.234.209.217 - - [26/May/2023:10:14:09 +0700] "GET / HTTP/1.1" 200 11760 "-" "WordPress/6.2.2; https://demo.galleryinvitation.my.id"
103.234.209.217 - - [27/May/2023:01:56:02 +0700] "POST /wp-cron.php?doing_wp_cron=1685127362.2761540412902832031250 HTTP/1.1" 200 542 "-" "WordPress/6.2.2; https://demo.galleryinvitation.my.id"
103.234.209.217 - - [27/May/2023:01:56:04 +0700] "GET / HTTP/1.1" 200 11759 "-" "WordPress/6.2.2; https://demo.galleryinvitation.my.id"
103.234.209.217 - - [28/May/2023:01:47:30 +0700] "POST /wp-cron.php?doing_wp_cron=1685213250.4544661045074462890625 HTTP/1.1" 200 542 "-" "WordPress/6.2.2; https://demo.galleryinvitation.my.id"
103.234.209.217 - - [28/May/2023:01:47:34 +0700] "GET / HTTP/1.1" 200 11760 "-" "WordPress/6.2.2; https://demo.galleryinvitation.my.id"
103.234.209.217 - - [28/May/2023:07:46:57 +0700] "POST /wp-cron.php?doing_wp_cron=1685234817.0810179710388183593750 HTTP/1.1" 200 542 "-" "WordPress/6.2.2; https://demo.galleryinvitation.my.id"
103.234.209.217 - - [28/May/2023:07:46:58 +0700] "GET / HTTP/1.1" 200 11761 "-" "WordPress/6.2.2; https://demo.galleryinvitation.my.id"
103.234.209.217 - - [29/May/2023:01:46:14 +0700] "POST /wp-cron.php?doing_wp_cron=1685299574.0396308898925781250000 HTTP/1.1" 200 542 "-" "WordPress/6.2.2; https://demo.galleryinvitation.my.id"
103.234.209.217 - - [29/May/2023:01:46:22 +0700] "POST /wp-cron.php HTTP/1.1" 200 542 "-" "WordPress/6.2.2; https://demo.galleryinvitation.my.id"
103.234.209.217 - - [29/May/2023:01:46:23 +0700] "GET / HTTP/1.1" 200 11758 "-" "WordPress/6.2.2; https://demo.galleryinvitation.my.id"
103.234.209.217 - - [29/May/2023:01:46:24 +0700] "GET / HTTP/1.1" 200 11758 "-" "WordPress/6.2.2; https://demo.galleryinvitation.my.id"
103.234.209.217 - - [29/May/2023:01:46:23 +0700] "GET / HTTP/1.1" 200 11758 "-" "WordPress/6.2.2; https://demo.galleryinvitation.my.id"
103.234.209.217 - - [29/May/2023:01:46:24 +0700] "GET / HTTP/1.1" 200 11758 "-" "WordPress/6.2.2; https://demo.galleryinvitation.my.id"
103.234.209.217 - - [29/May/2023:01:46:25 +0700] "GET / HTTP/1.1" 200 11758 "-" "WordPress/6.2.2; https://demo.galleryinvitation.my.id"
103.234.209.217 - - [29/May/2023:09:33:41 +0700] "POST /wp-cron.php?doing_wp_cron=1685327620.3604559898376464843750 HTTP/1.1" 200 542 "-" "WordPress/6.2.2; https://demo.galleryinvitation.my.id"
103.234.209.217 - - [29/May/2023:09:33:43 +0700] "GET / HTTP/1.1" 200 11759 "-" "WordPress/6.2.2; https://demo.galleryinvitation.my.id"
103.234.209.217 - - [30/May/2023:01:55:17 +0700] "POST /wp-cron.php?doing_wp_cron=1685386516.7162458896636962890625 HTTP/1.1" 200 542 "-" "WordPress/6.2.2; https://demo.galleryinvitation.my.id"
103.234.209.217 - - [30/May/2023:01:55:18 +0700] "GET / HTTP/1.1" 200 11759 "-" "WordPress/6.2.2; https://demo.galleryinvitation.my.id"
103.234.209.217 - - [31/May/2023:01:52:13 +0700] "POST /wp-cron.php?doing_wp_cron=1685472733.4084260463714599609375 HTTP/1.1" 200 542 "-" "WordPress/6.2.2; https://demo.galleryinvitation.my.id"
103.234.209.217 - - [31/May/2023:01:52:15 +0700] "GET / HTTP/1.1" 200 11760 "-" "WordPress/6.2.2; https://demo.galleryinvitation.my.id"
103.234.209.217 - - [31/May/2023:09:20:56 +0700] "POST /wp-cron.php?doing_wp_cron=1685499655.3325951099395751953125 HTTP/1.1" 200 542 "-" "WordPress/6.2.2; https://demo.galleryinvitation.my.id"
103.234.209.217 - - [31/May/2023:09:20:57 +0700] "GET / HTTP/1.1" 200 11761 "-" "WordPress/6.2.2; https://demo.galleryinvitation.my.id"
103.234.209.217 - - [01/Jun/2023:01:57:41 +0700] "POST /wp-cron.php?doing_wp_cron=1685559461.0606470108032226562500 HTTP/1.1" 200 542 "-" "WordPress/6.2.2; https://demo.galleryinvitation.my.id"
103.234.209.217 - - [01/Jun/2023:01:57:44 +0700] "GET / HTTP/1.1" 200 11757 "-" "WordPress/6.2.2; https://demo.galleryinvitation.my.id"
103.234.209.217 - - [01/Jun/2023:10:23:01 +0700] "POST /wp-cron.php?doing_wp_cron=1685589780.5532579421997070312500 HTTP/1.1" 200 542 "-" "WordPress/6.2.2; https://demo.galleryinvitation.my.id"
103.234.209.217 - - [01/Jun/2023:10:23:02 +0700] "GET / HTTP/1.1" 200 11760 "-" "WordPress/6.2.2; https://demo.galleryinvitation.my.id"
103.234.209.217 - - [02/Jun/2023:01:46:34 +0700] "POST /wp-cron.php?doing_wp_cron=1685645193.7767350673675537109375 HTTP/1.1" 200 542 "-" "WordPress/6.2.2; https://demo.galleryinvitation.my.id"
103.234.209.217 - - [02/Jun/2023:01:46:36 +0700] "GET / HTTP/1.1" 200 11760 "-" "WordPress/6.2.2; https://demo.galleryinvitation.my.id"
103.234.209.217 - - [02/Jun/2023:09:39:23 +0700] "POST /wp-cron.php?doing_wp_cron=1685673562.6671578884124755859375 HTTP/1.1" 200 542 "-" "WordPress/6.2.2; https://demo.galleryinvitation.my.id"
103.234.209.217 - - [02/Jun/2023:09:39:25 +0700] "GET / HTTP/1.1" 200 11760 "-" "WordPress/6.2.2; https://demo.galleryinvitation.my.id"
103.234.209.217 - - [03/Jun/2023:01:45:03 +0700] "POST /wp-cron.php?doing_wp_cron=1685731503.3360149860382080078125 HTTP/1.1" 200 542 "-" "WordPress/6.2.2; https://demo.galleryinvitation.my.id"
103.234.209.217 - - [03/Jun/2023:01:45:05 +0700] "GET / HTTP/1.1" 200 11760 "-" "WordPress/6.2.2; https://demo.galleryinvitation.my.id"
103.234.209.217 - - [04/Jun/2023:01:47:13 +0700] "POST /wp-cron.php?doing_wp_cron=1685818032.5844500064849853515625 HTTP/1.1" 200 542 "-" "WordPress/6.2.2; https://demo.galleryinvitation.my.id"
103.234.209.217 - - [04/Jun/2023:01:47:16 +0700] "GET / HTTP/1.1" 200 11759 "-" "WordPress/6.2.2; https://demo.galleryinvitation.my.id"
103.234.209.217 - - [04/Jun/2023:08:04:48 +0700] "POST /wp-cron.php?doing_wp_cron=1685840687.3837909698486328125000 HTTP/1.1" 200 542 "-" "WordPress/6.2.2; https://demo.galleryinvitation.my.id"
103.234.209.217 - - [04/Jun/2023:08:04:49 +0700] "GET / HTTP/1.1" 200 11759 "-" "WordPress/6.2.2; https://demo.galleryinvitation.my.id"
103.234.209.217 - - [05/Jun/2023:02:01:25 +0700] "POST /wp-cron.php?doing_wp_cron=1685905284.9548308849334716796875 HTTP/1.1" 200 542 "-" "WordPress/6.2.2; https://demo.galleryinvitation.my.id"
103.234.209.217 - - [05/Jun/2023:02:01:48 +0700] "POST /wp-cron.php HTTP/1.1" 200 542 "-" "WordPress/6.2.2; https://demo.galleryinvitation.my.id"
103.234.209.217 - - [05/Jun/2023:02:01:49 +0700] "GET / HTTP/1.1" 200 11760 "-" "WordPress/6.2.2; https://demo.galleryinvitation.my.id"
103.234.209.217 - - [05/Jun/2023:02:01:49 +0700] "GET / HTTP/1.1" 200 11760 "-" "WordPress/6.2.2; https://demo.galleryinvitation.my.id"
103.234.209.217 - - [05/Jun/2023:02:01:50 +0700] "GET / HTTP/1.1" 200 11760 "-" "WordPress/6.2.2; https://demo.galleryinvitation.my.id"
103.234.209.217 - - [05/Jun/2023:02:01:50 +0700] "GET / HTTP/1.1" 200 11760 "-" "WordPress/6.2.2; https://demo.galleryinvitation.my.id"
103.234.209.217 - - [05/Jun/2023:02:01:51 +0700] "GET / HTTP/1.1" 200 11760 "-" "WordPress/6.2.2; https://demo.galleryinvitation.my.id"
45.81.39.205 - - [05/Jun/2023:06:17:59 +0700] "GET /style.php?sig=update&domain=51.79.124.111 HTTP/1.1" 404 10350 "www.google.com" "Mozlila/5.0 (Linux; Android 7.0; SM-G892A Bulid/NRD90M; wv) AppleWebKit/537.36 (KHTML, like Gecko) Version/4.0 Chrome/60.0.3112.107 Moblie Safari/537.36"
103.234.209.217 - - [05/Jun/2023:06:18:00 +0700] "POST /wp-cron.php?doing_wp_cron=1685920679.9650020599365234375000 HTTP/1.1" 200 542 "-" "WordPress/6.2.2; https://demo.galleryinvitation.my.id"
103.234.209.217 - - [05/Jun/2023:06:18:01 +0700] "GET / HTTP/1.1" 200 11760 "-" "WordPress/6.2.2; https://demo.galleryinvitation.my.id"
103.234.209.217 - - [05/Jun/2023:10:06:42 +0700] "POST /wp-cron.php?doing_wp_cron=1685934402.5356690883636474609375 HTTP/1.1" 200 542 "-" "WordPress/6.2.2; https://demo.galleryinvitation.my.id"
103.234.209.217 - - [05/Jun/2023:16:52:21 +0700] "POST /wp-cron.php?doing_wp_cron=1685958740.9256200790405273437500 HTTP/1.1" 200 542 "-" "WordPress/6.2.2; https://demo.galleryinvitation.my.id"
54.158.243.92 - - [05/Jun/2023:16:52:19 +0700] "GET / HTTP/1.1" 200 11798 "-" "Mozilla/5.0 (Macintosh; U; Intel Mac OS X 10_6_4; en-US) AppleWebKit/534.1 (KHTML, like Gecko) Chrome/104.0.0.0 Safari/534.1"
103.234.209.217 - - [05/Jun/2023:16:52:22 +0700] "GET / HTTP/1.1" 200 11761 "-" "WordPress/6.2.2; https://demo.galleryinvitation.my.id"
103.234.209.217 - - [06/Jun/2023:01:52:43 +0700] "POST /wp-cron.php?doing_wp_cron=1685991162.3710238933563232421875 HTTP/1.1" 200 542 "-" "WordPress/6.2.2; https://demo.galleryinvitation.my.id"
103.234.209.217 - - [06/Jun/2023:09:00:25 +0700] "POST /wp-cron.php?doing_wp_cron=1686016824.5775730609893798828125 HTTP/1.1" 200 542 "-" "WordPress/6.2.2; https://demo.galleryinvitation.my.id"
103.234.209.217 - - [06/Jun/2023:09:00:27 +0700] "GET / HTTP/1.1" 200 11759 "-" "WordPress/6.2.2; https://demo.galleryinvitation.my.id"
103.234.209.217 - - [07/Jun/2023:01:55:00 +0700] "POST /wp-cron.php?doing_wp_cron=1686077699.3437368869781494140625 HTTP/1.1" 200 542 "-" "WordPress/6.2.2; https://demo.galleryinvitation.my.id"
103.234.209.217 - - [07/Jun/2023:01:55:01 +0700] "GET / HTTP/1.1" 200 11760 "-" "WordPress/6.2.2; https://demo.galleryinvitation.my.id"
103.234.209.217 - - [07/Jun/2023:09:04:26 +0700] "POST /wp-cron.php?doing_wp_cron=1686103465.9365971088409423828125 HTTP/1.1" 200 542 "-" "WordPress/6.2.2; https://demo.galleryinvitation.my.id"
103.234.209.217 - - [07/Jun/2023:09:04:29 +0700] "GET / HTTP/1.1" 200 11759 "-" "WordPress/6.2.2; https://demo.galleryinvitation.my.id"
103.234.209.217 - - [08/Jun/2023:01:51:36 +0700] "POST /wp-cron.php?doing_wp_cron=1686163895.8607439994812011718750 HTTP/1.1" 200 542 "-" "WordPress/6.2.2; https://demo.galleryinvitation.my.id"
103.234.209.217 - - [08/Jun/2023:01:51:39 +0700] "GET / HTTP/1.1" 200 11760 "-" "WordPress/6.2.2; https://demo.galleryinvitation.my.id"
103.234.209.217 - - [08/Jun/2023:10:01:40 +0700] "POST /wp-cron.php?doing_wp_cron=1686193299.8101670742034912109375 HTTP/1.1" 200 542 "-" "WordPress/6.2.2; https://demo.galleryinvitation.my.id"
103.234.209.217 - - [08/Jun/2023:10:01:42 +0700] "GET / HTTP/1.1" 200 11760 "-" "WordPress/6.2.2; https://demo.galleryinvitation.my.id"
103.234.209.217 - - [09/Jun/2023:01:55:18 +0700] "POST /wp-cron.php?doing_wp_cron=1686250517.5658509731292724609375 HTTP/1.1" 200 542 "-" "WordPress/6.2.2; https://demo.galleryinvitation.my.id"
103.234.209.217 - - [09/Jun/2023:01:55:20 +0700] "GET / HTTP/1.1" 200 11759 "-" "WordPress/6.2.2; https://demo.galleryinvitation.my.id"
103.234.209.217 - - [09/Jun/2023:10:58:37 +0700] "POST /wp-cron.php?doing_wp_cron=1686283116.6612479686737060546875 HTTP/1.1" 200 542 "-" "WordPress/6.2.2; https://demo.galleryinvitation.my.id"
103.234.209.217 - - [09/Jun/2023:10:58:39 +0700] "GET / HTTP/1.1" 200 11761 "-" "WordPress/6.2.2; https://demo.galleryinvitation.my.id"
103.234.209.217 - - [09/Jun/2023:11:47:00 +0700] "POST /wp-cron.php?doing_wp_cron=1686286020.3038260936737060546875 HTTP/1.1" 200 542 "-" "WordPress/6.2.2; https://demo.galleryinvitation.my.id"
34.247.32.17 - - [09/Jun/2023:11:46:59 +0700] "GET / HTTP/1.0" 200 58279 "-" "Mozilla/5.0 (compatible; NetcraftSurveyAgent/1.0; +info@netcraft.com)"
103.234.209.217 - - [10/Jun/2023:01:45:18 +0700] "POST /wp-cron.php?doing_wp_cron=1686336317.8450460433959960937500 HTTP/1.1" 200 542 "-" "WordPress/6.2.2; https://demo.galleryinvitation.my.id"
103.234.209.217 - - [10/Jun/2023:01:45:20 +0700] "GET / HTTP/1.1" 200 11758 "-" "WordPress/6.2.2; https://demo.galleryinvitation.my.id"
103.234.209.217 - - [11/Jun/2023:01:47:04 +0700] "POST /wp-cron.php?doing_wp_cron=1686422823.9432809352874755859375 HTTP/1.1" 200 542 "-" "WordPress/6.2.2; https://demo.galleryinvitation.my.id"
103.234.209.217 - - [11/Jun/2023:01:47:07 +0700] "GET / HTTP/1.1" 200 11760 "-" "WordPress/6.2.2; https://demo.galleryinvitation.my.id"
103.234.209.217 - - [12/Jun/2023:01:45:39 +0700] "POST /wp-cron.php?doing_wp_cron=1686509139.5386900901794433593750 HTTP/1.1" 200 542 "-" "WordPress/6.2.2; https://demo.galleryinvitation.my.id"
103.234.209.217 - - [12/Jun/2023:01:45:41 +0700] "GET / HTTP/1.1" 200 11760 "-" "WordPress/6.2.2; https://demo.galleryinvitation.my.id"
103.234.209.217 - - [12/Jun/2023:01:45:49 +0700] "POST /wp-cron.php HTTP/1.1" 200 542 "-" "WordPress/6.2.2; https://demo.galleryinvitation.my.id"
103.234.209.217 - - [12/Jun/2023:01:45:49 +0700] "GET / HTTP/1.1" 200 11760 "-" "WordPress/6.2.2; https://demo.galleryinvitation.my.id"
103.234.209.217 - - [12/Jun/2023:01:45:50 +0700] "GET / HTTP/1.1" 200 11760 "-" "WordPress/6.2.2; https://demo.galleryinvitation.my.id"
103.234.209.217 - - [12/Jun/2023:01:45:51 +0700] "GET / HTTP/1.1" 200 11760 "-" "WordPress/6.2.2; https://demo.galleryinvitation.my.id"
103.234.209.217 - - [12/Jun/2023:01:45:51 +0700] "GET / HTTP/1.1" 200 11760 "-" "WordPress/6.2.2; https://demo.galleryinvitation.my.id"
103.234.209.217 - - [12/Jun/2023:07:02:42 +0700] "POST /wp-cron.php?doing_wp_cron=1686528161.4013409614562988281250 HTTP/1.1" 200 542 "-" "WordPress/6.2.2; https://demo.galleryinvitation.my.id"
103.234.209.217 - - [12/Jun/2023:07:02:43 +0700] "GET / HTTP/1.1" 200 11760 "-" "WordPress/6.2.2; https://demo.galleryinvitation.my.id"
103.234.209.217 - - [12/Jun/2023:09:53:00 +0700] "POST /wp-cron.php?doing_wp_cron=1686538379.5875930786132812500000 HTTP/1.1" 200 542 "-" "WordPress/6.2.2; https://demo.galleryinvitation.my.id"
45.81.39.205 - - [12/Jun/2023:09:52:58 +0700] "GET /dup-installer/main.installer.php HTTP/1.1" 404 10350 "www.google.com" "Mozlila/5.0 (Linux; Android 7.0; SM-G892A Bulid/NRD90M; wv) AppleWebKit/537.36 (KHTML, like Gecko) Version/4.0 Chrome/60.0.3112.107 Moblie Safari/537.36"
