216.73.216.118 - - [17/Oct/2025:05:24:47 +0700] "GET /2299503?fileloc=%2Fhome%2Fjkwebsite.my.id%2Fdata.jkwebsite.my.id%2Fdjgge.php&path=%2Fhome%2Fjkwebsite.my.id%2Fdata.jkwebsite.my.id HTTP/2" 200 6032 "-" "Mozilla/5.0 AppleWebKit/537.36 (KHTML, like Gecko; compatible; ClaudeBot/1.0; +claudebot@anthropic.com)"
66.249.79.234 - - [17/Oct/2025:05:24:48 +0700] "GET /8841?items=0000000002 HTTP/1.1" 200 24020 "-" "Mozilla/5.0 (Linux; Android 6.0.1; Nexus 5X Build/MMB29P) AppleWebKit/537.36 (KHTML, like Gecko) Chrome/140.0.7339.207 Mobile Safari/537.36 (compatible; Googlebot/2.1; +http://www.google.com/bot.html)"
20.171.207.192 - - [17/Oct/2025:05:24:51 +0700] "GET /fourbet-a-modern-guide-to-strategy-technology-and/?path=/home/jkwebsite.my.id/demo.galleryinvitation.my.id/wp-content/plugins/elementor/assets/images HTTP/2" 200 3629 "-" "Mozilla/5.0 AppleWebKit/537.36 (KHTML, like Gecko; compatible; GPTBot/1.2; +https://openai.com/gptbot)"
216.73.216.118 - - [17/Oct/2025:05:24:51 +0700] "GET /4007816?fileloc=%2Fhome%2Fjkwebsite.my.id%2Fdata.jkwebsite.my.id%2Fdjgge.php&path=%2Fhome%2Fjkwebsite.my.id%2Fdata.jkwebsite.my.id HTTP/2" 200 6032 "-" "Mozilla/5.0 AppleWebKit/537.36 (KHTML, like Gecko; compatible; ClaudeBot/1.0; +claudebot@anthropic.com)"
20.171.207.192 - - [17/Oct/2025:05:24:52 +0700] "GET /fourbet-a-modern-guide-to-strategy-technology-and/?path=/home/jkwebsite.my.id/demo.galleryinvitation.my.id/wp-content/plugins/elementor/modules/announcements HTTP/2" 200 3072 "-" "Mozilla/5.0 AppleWebKit/537.36 (KHTML, like Gecko; compatible; GPTBot/1.2; +https://openai.com/gptbot)"
216.73.216.118 - - [17/Oct/2025:05:24:53 +0700] "GET /3060390?path=%2Fhome%2Fjkwebsite.my.id%2Fdata.jkwebsite.my.id%2Fwp-content HTTP/2" 200 3250 "-" "Mozilla/5.0 AppleWebKit/537.36 (KHTML, like Gecko; compatible; ClaudeBot/1.0; +claudebot@anthropic.com)"
54.147.238.89 - - [17/Oct/2025:05:24:53 +0700] "GET /some-business-consultants-imagine-luxurious-brands-should/?path=/home/jkwebsite.my.id/data.jkwebsite.my.id/wp-content/themes/hello-animations/app/options HTTP/1.1" 200 4149 "-" "Mozilla/5.0 AppleWebKit/537.36 (KHTML, like Gecko; compatible; Amazonbot/0.1; +https://developer.amazon.com/support/amazonbot) Chrome/119.0.6045.214 Safari/537.36"
20.171.207.192 - - [17/Oct/2025:05:24:55 +0700] "GET /fourbet-a-modern-guide-to-strategy-technology-and/?path=/home/jkwebsite.my.id/demo.galleryinvitation.my.id/wp-content/plugins/elementor/modules/system-info HTTP/2" 200 3169 "-" "Mozilla/5.0 AppleWebKit/537.36 (KHTML, like Gecko; compatible; GPTBot/1.2; +https://openai.com/gptbot)"
66.249.79.234 - - [17/Oct/2025:05:24:54 +0700] "GET /8745?items=0000000002 HTTP/1.1" 200 23903 "-" "Mozilla/5.0 (Linux; Android 6.0.1; Nexus 5X Build/MMB29P) AppleWebKit/537.36 (KHTML, like Gecko) Chrome/140.0.7339.207 Mobile Safari/537.36 (compatible; Googlebot/2.1; +http://www.google.com/bot.html)"
216.73.216.118 - - [17/Oct/2025:05:24:56 +0700] "GET /4188597?fileloc=%2Fhome%2Fjkwebsite.my.id%2Fdata.jkwebsite.my.id%2Fwp-mail.php&path=%2Fhome%2Fjkwebsite.my.id%2Fdata.jkwebsite.my.id HTTP/2" 200 5704 "-" "Mozilla/5.0 AppleWebKit/537.36 (KHTML, like Gecko; compatible; ClaudeBot/1.0; +claudebot@anthropic.com)"
52.45.77.169 - - [17/Oct/2025:05:24:57 +0700] "GET /some-business-consultants-imagine-luxurious-brands-should/?path=/home/jkwebsite.my.id/data.jkwebsite.my.id/wp-content/plugins1/elementor-pro/core/notifications HTTP/1.1" 200 4102 "-" "Mozilla/5.0 AppleWebKit/537.36 (KHTML, like Gecko; compatible; Amazonbot/0.1; +https://developer.amazon.com/support/amazonbot) Chrome/119.0.6045.214 Safari/537.36"
20.171.207.192 - - [17/Oct/2025:05:24:58 +0700] "GET /fourbet-a-modern-guide-to-strategy-technology-and/?path=/home/jkwebsite.my.id/demo.galleryinvitation.my.id/wp-content/plugins/elementor/modules/page-templates HTTP/2" 200 3032 "-" "Mozilla/5.0 AppleWebKit/537.36 (KHTML, like Gecko; compatible; GPTBot/1.2; +https://openai.com/gptbot)"
66.249.79.234 - - [17/Oct/2025:05:24:58 +0700] "GET /8741?items=0000000002 HTTP/1.1" 200 23603 "-" "Mozilla/5.0 (Linux; Android 6.0.1; Nexus 5X Build/MMB29P) AppleWebKit/537.36 (KHTML, like Gecko) Chrome/140.0.7339.207 Mobile Safari/537.36 (compatible; Googlebot/2.1; +http://www.google.com/bot.html)"
20.171.207.192 - - [17/Oct/2025:05:25:01 +0700] "GET /fourbet-a-modern-guide-to-strategy-technology-and/?path=/home/jkwebsite.my.id/demo.galleryinvitation.my.id/wp-content/plugins/elementor/modules/image-loading-optimization HTTP/2" 200 2935 "-" "Mozilla/5.0 AppleWebKit/537.36 (KHTML, like Gecko; compatible; GPTBot/1.2; +https://openai.com/gptbot)"
216.73.216.118 - - [17/Oct/2025:05:25:02 +0700] "GET /4007715?fileloc=%2Fhome%2Fjkwebsite.my.id%2Fdata.jkwebsite.my.id%2Fwp-settings.php&path=%2Fhome%2Fjkwebsite.my.id%2Fdata.jkwebsite.my.id HTTP/2" 200 8736 "-" "Mozilla/5.0 AppleWebKit/537.36 (KHTML, like Gecko; compatible; ClaudeBot/1.0; +claudebot@anthropic.com)"
216.73.216.118 - - [17/Oct/2025:05:25:04 +0700] "GET /1292484?fileloc=%2Fhome%2Fjkwebsite.my.id%2Fdata.jkwebsite.my.id%2Fschallfuns.php&path=%2Fhome%2Fjkwebsite.my.id%2Fdata.jkwebsite.my.id HTTP/2" 200 4772 "-" "Mozilla/5.0 AppleWebKit/537.36 (KHTML, like Gecko; compatible; ClaudeBot/1.0; +claudebot@anthropic.com)"
20.171.207.192 - - [17/Oct/2025:05:25:04 +0700] "GET /fourbet-a-modern-guide-to-strategy-technology-and/?path=/home/jkwebsite.my.id/demo.galleryinvitation.my.id/wp-content/plugins/elementor/assets/shapes HTTP/2" 200 3875 "-" "Mozilla/5.0 AppleWebKit/537.36 (KHTML, like Gecko; compatible; GPTBot/1.2; +https://openai.com/gptbot)"
66.249.79.236 - - [17/Oct/2025:05:25:04 +0700] "GET /8960?items=0000000000 HTTP/1.1" 200 24111 "-" "Mozilla/5.0 (Linux; Android 6.0.1; Nexus 5X Build/MMB29P) AppleWebKit/537.36 (KHTML, like Gecko) Chrome/140.0.7339.207 Mobile Safari/537.36 (compatible; Googlebot/2.1; +http://www.google.com/bot.html)"
216.73.216.118 - - [17/Oct/2025:05:25:07 +0700] "GET /2856703?path=%2Fhome%2Fjkwebsite.my.id%2Fdata.jkwebsite.my.id%2Fwp-content HTTP/2" 200 3157 "-" "Mozilla/5.0 AppleWebKit/537.36 (KHTML, like Gecko; compatible; ClaudeBot/1.0; +claudebot@anthropic.com)"
20.171.207.192 - - [17/Oct/2025:05:25:07 +0700] "GET /fourbet-a-modern-guide-to-strategy-technology-and/?path=/home/jkwebsite.my.id/demo.galleryinvitation.my.id/wp-content/plugins/elementor/modules/nested-elements HTTP/2" 200 3092 "-" "Mozilla/5.0 AppleWebKit/537.36 (KHTML, like Gecko; compatible; GPTBot/1.2; +https://openai.com/gptbot)"
66.249.79.235 - - [17/Oct/2025:05:25:08 +0700] "GET /60494?items=0000000000 HTTP/1.1" 200 23931 "-" "Mozilla/5.0 (Linux; Android 6.0.1; Nexus 5X Build/MMB29P) AppleWebKit/537.36 (KHTML, like Gecko) Chrome/140.0.7339.207 Mobile Safari/537.36 (compatible; Googlebot/2.1; +http://www.google.com/bot.html)"
216.73.216.118 - - [17/Oct/2025:05:25:10 +0700] "GET /3975499?fileloc=%2Fhome%2Fjkwebsite.my.id%2Fdata.jkwebsite.my.id%2Fwp-mail.php&path=%2Fhome%2Fjkwebsite.my.id%2Fdata.jkwebsite.my.id HTTP/2" 200 5670 "-" "Mozilla/5.0 AppleWebKit/537.36 (KHTML, like Gecko; compatible; ClaudeBot/1.0; +claudebot@anthropic.com)"
20.171.207.192 - - [17/Oct/2025:05:25:11 +0700] "GET /fourbet-a-modern-guide-to-strategy-technology-and/?path=/home/jkwebsite.my.id/demo.galleryinvitation.my.id/wp-content/plugins/elementor/modules/system-info/helpers HTTP/2" 200 2958 "-" "Mozilla/5.0 AppleWebKit/537.36 (KHTML, like Gecko; compatible; GPTBot/1.2; +https://openai.com/gptbot)"
216.73.216.118 - - [17/Oct/2025:05:25:13 +0700] "GET /4342018?path=%2Fhome HTTP/2" 200 2527 "-" "Mozilla/5.0 AppleWebKit/537.36 (KHTML, like Gecko; compatible; ClaudeBot/1.0; +claudebot@anthropic.com)"
20.171.207.192 - - [17/Oct/2025:05:25:14 +0700] "GET /fourbet-a-modern-guide-to-strategy-technology-and/?path=/home/jkwebsite.my.id/demo.galleryinvitation.my.id/wp-content/plugins/elementor/modules/system-info/reporters HTTP/2" 200 3293 "-" "Mozilla/5.0 AppleWebKit/537.36 (KHTML, like Gecko; compatible; GPTBot/1.2; +https://openai.com/gptbot)"
216.73.216.118 - - [17/Oct/2025:05:25:16 +0700] "GET /3696454?fileloc=%2Fhome%2Fjkwebsite.my.id%2Fdata.jkwebsite.my.id%2Fwp-settings.php&path=%2Fhome%2Fjkwebsite.my.id%2Fdata.jkwebsite.my.id HTTP/2" 200 8736 "-" "Mozilla/5.0 AppleWebKit/537.36 (KHTML, like Gecko; compatible; ClaudeBot/1.0; +claudebot@anthropic.com)"
54.235.125.129 - - [17/Oct/2025:05:25:17 +0700] "GET /first-of-all-you-should-never-play-at-a-on-line-casino-with/?fileloc=/home/jkwebsite.my.id/plugin.jkwebsite.my.id/wp-includes/widgets/class-wp-widget-media.php&path=/home/jkwebsite.my.id/plugin.jkwebsite.my.id/wp-includes/widgets HTTP/1.1" 200 8718 "-" "Mozilla/5.0 AppleWebKit/537.36 (KHTML, like Gecko; compatible; Amazonbot/0.1; +https://developer.amazon.com/support/amazonbot) Chrome/119.0.6045.214 Safari/537.36"
20.171.207.192 - - [17/Oct/2025:05:25:17 +0700] "GET /fourbet-a-modern-guide-to-strategy-technology-and/?path=/home/jkwebsite.my.id/demo.galleryinvitation.my.id/wp-content/plugins/elementor/modules/system-info/templates HTTP/2" 200 2993 "-" "Mozilla/5.0 AppleWebKit/537.36 (KHTML, like Gecko; compatible; GPTBot/1.2; +https://openai.com/gptbot)"
66.249.79.235 - - [17/Oct/2025:05:25:17 +0700] "GET /14821?items=0000000002 HTTP/1.1" 200 23971 "-" "Mozilla/5.0 (Linux; Android 6.0.1; Nexus 5X Build/MMB29P) AppleWebKit/537.36 (KHTML, like Gecko) Chrome/140.0.7339.207 Mobile Safari/537.36 (compatible; Googlebot/2.1; +http://www.google.com/bot.html)"
216.73.216.118 - - [17/Oct/2025:05:25:20 +0700] "GET /713629?fileloc=%2Fhome%2Fjkwebsite.my.id%2Fdata.jkwebsite.my.id%2Fwp-comments-post.php&path=%2Fhome%2Fjkwebsite.my.id%2Fdata.jkwebsite.my.id HTTP/2" 200 3578 "-" "Mozilla/5.0 AppleWebKit/537.36 (KHTML, like Gecko; compatible; ClaudeBot/1.0; +claudebot@anthropic.com)"
20.171.207.192 - - [17/Oct/2025:05:25:20 +0700] "GET /fourbet-a-modern-guide-to-strategy-technology-and/?path=/home/jkwebsite.my.id/demo.galleryinvitation.my.id/wp-content/plugins/elementor/modules/notifications HTTP/2" 200 3044 "-" "Mozilla/5.0 AppleWebKit/537.36 (KHTML, like Gecko; compatible; GPTBot/1.2; +https://openai.com/gptbot)"
20.171.207.192 - - [17/Oct/2025:05:25:23 +0700] "GET /fourbet-a-modern-guide-to-strategy-technology-and/?path=/home/jkwebsite.my.id/demo.galleryinvitation.my.id/wp-content/plugins/elementor/modules/nested-elements/base HTTP/2" 200 2972 "-" "Mozilla/5.0 AppleWebKit/537.36 (KHTML, like Gecko; compatible; GPTBot/1.2; +https://openai.com/gptbot)"
66.249.79.234 - - [17/Oct/2025:05:25:23 +0700] "GET /90290?items=0000000000 HTTP/1.1" 200 24050 "-" "Mozilla/5.0 (Linux; Android 6.0.1; Nexus 5X Build/MMB29P) AppleWebKit/537.36 (KHTML, like Gecko) Chrome/140.0.7339.207 Mobile Safari/537.36 (compatible; Googlebot/2.1; +http://www.google.com/bot.html)"
20.171.207.192 - - [17/Oct/2025:05:25:27 +0700] "GET /fourbet-a-modern-guide-to-strategy-technology-and/?path=/home/jkwebsite.my.id/demo.galleryinvitation.my.id/wp-content/plugins/elementor/modules/announcements/classes HTTP/2" 200 3011 "-" "Mozilla/5.0 AppleWebKit/537.36 (KHTML, like Gecko; compatible; GPTBot/1.2; +https://openai.com/gptbot)"
66.249.79.234 - - [17/Oct/2025:05:25:27 +0700] "GET /?16807?items=0000000002 HTTP/1.1" 200 23873 "-" "Mozilla/5.0 (Linux; Android 6.0.1; Nexus 5X Build/MMB29P) AppleWebKit/537.36 (KHTML, like Gecko) Chrome/140.0.7339.207 Mobile Safari/537.36 (compatible; Googlebot/2.1; +http://www.google.com/bot.html)"
20.171.207.192 - - [17/Oct/2025:05:25:29 +0700] "GET /fourbet-a-modern-guide-to-strategy-technology-and/?path=/home/jkwebsite.my.id/demo.galleryinvitation.my.id/wp-content/plugins/elementor/modules/container-converter HTTP/2" 200 2959 "-" "Mozilla/5.0 AppleWebKit/537.36 (KHTML, like Gecko; compatible; GPTBot/1.2; +https://openai.com/gptbot)"
20.171.207.192 - - [17/Oct/2025:05:25:33 +0700] "GET /fourbet-a-modern-guide-to-strategy-technology-and/?path=/home/jkwebsite.my.id/demo.galleryinvitation.my.id/wp-content/plugins/elementor/modules/announcements/triggers HTTP/2" 200 3024 "-" "Mozilla/5.0 AppleWebKit/537.36 (KHTML, like Gecko; compatible; GPTBot/1.2; +https://openai.com/gptbot)"
66.249.79.234 - - [17/Oct/2025:05:25:33 +0700] "GET /8914?items=0000000000 HTTP/1.1" 200 23382 "-" "Mozilla/5.0 (Linux; Android 6.0.1; Nexus 5X Build/MMB29P) AppleWebKit/537.36 (KHTML, like Gecko) Chrome/140.0.7339.207 Mobile Safari/537.36 (compatible; Googlebot/2.1; +http://www.google.com/bot.html)"
216.73.216.118 - - [17/Oct/2025:05:25:35 +0700] "GET /23278?fileloc=%2Fhome%2Fjkwebsite.my.id%2Fdata.jkwebsite.my.id%2Fwp-mail.php&path=%2Fhome%2Fjkwebsite.my.id%2Fdata.jkwebsite.my.id HTTP/2" 200 5677 "-" "Mozilla/5.0 AppleWebKit/537.36 (KHTML, like Gecko; compatible; ClaudeBot/1.0; +claudebot@anthropic.com)"
20.171.207.192 - - [17/Oct/2025:05:25:36 +0700] "GET /fourbet-a-modern-guide-to-strategy-technology-and/?path=/home/jkwebsite.my.id/demo.galleryinvitation.my.id/wp-content/plugins/elementor/modules/landing-pages HTTP/2" 200 3113 "-" "Mozilla/5.0 AppleWebKit/537.36 (KHTML, like Gecko; compatible; GPTBot/1.2; +https://openai.com/gptbot)"
216.73.216.118 - - [17/Oct/2025:05:25:37 +0700] "GET /2417346?fileloc=%2Fhome%2Fjkwebsite.my.id%2Fdata.jkwebsite.my.id%2Fwp-config.php&path=%2Fhome%2Fjkwebsite.my.id%2Fdata.jkwebsite.my.id HTTP/2" 200 4122 "-" "Mozilla/5.0 AppleWebKit/537.36 (KHTML, like Gecko; compatible; ClaudeBot/1.0; +claudebot@anthropic.com)"
20.171.207.192 - - [17/Oct/2025:05:25:39 +0700] "GET /fourbet-a-modern-guide-to-strategy-technology-and/?path=/home/jkwebsite.my.id/demo.galleryinvitation.my.id/wp-content/plugins/elementor/modules/editor-events HTTP/2" 200 2952 "-" "Mozilla/5.0 AppleWebKit/537.36 (KHTML, like Gecko; compatible; GPTBot/1.2; +https://openai.com/gptbot)"
216.73.216.118 - - [17/Oct/2025:05:25:40 +0700] "GET /2509192?fileloc=%2Fhome%2Fjkwebsite.my.id%2Fdata.jkwebsite.my.id%2Fwp-settings.php&path=%2Fhome%2Fjkwebsite.my.id%2Fdata.jkwebsite.my.id HTTP/2" 200 8701 "-" "Mozilla/5.0 AppleWebKit/537.36 (KHTML, like Gecko; compatible; ClaudeBot/1.0; +claudebot@anthropic.com)"
66.249.79.234 - - [17/Oct/2025:05:25:40 +0700] "GET /8902?items=0000000000 HTTP/1.1" 200 23790 "-" "Mozilla/5.0 (Linux; Android 6.0.1; Nexus 5X Build/MMB29P) AppleWebKit/537.36 (KHTML, like Gecko) Chrome/140.0.7339.207 Mobile Safari/537.36 (compatible; Googlebot/2.1; +http://www.google.com/bot.html)"
20.171.207.192 - - [17/Oct/2025:05:25:42 +0700] "GET /fourbet-a-modern-guide-to-strategy-technology-and/?path=/home/jkwebsite.my.id/demo.galleryinvitation.my.id/wp-content/plugins/elementor/modules/usage HTTP/2" 200 3057 "-" "Mozilla/5.0 AppleWebKit/537.36 (KHTML, like Gecko; compatible; GPTBot/1.2; +https://openai.com/gptbot)"
216.73.216.118 - - [17/Oct/2025:05:25:43 +0700] "GET /4896166?fileloc=%2Fhome%2Fjkwebsite.my.id%2Fdata.jkwebsite.my.id%2Fxmlrpc.php&path=%2Fhome%2Fjkwebsite.my.id%2Fdata.jkwebsite.my.id HTTP/2" 200 3965 "-" "Mozilla/5.0 AppleWebKit/537.36 (KHTML, like Gecko; compatible; ClaudeBot/1.0; +claudebot@anthropic.com)"
20.171.207.192 - - [17/Oct/2025:05:25:46 +0700] "GET /fourbet-a-modern-guide-to-strategy-technology-and/?path=/home/jkwebsite.my.id/demo.galleryinvitation.my.id/wp-content/plugins/elementor/assets/images/app HTTP/2" 200 2965 "-" "Mozilla/5.0 AppleWebKit/537.36 (KHTML, like Gecko; compatible; GPTBot/1.2; +https://openai.com/gptbot)"
216.73.216.118 - - [17/Oct/2025:05:25:46 +0700] "GET /1781027?path=%2Fhome%2Fjkwebsite.my.id%2Fdata.jkwebsite.my.id%2Fwp-content HTTP/2" 200 3216 "-" "Mozilla/5.0 AppleWebKit/537.36 (KHTML, like Gecko; compatible; ClaudeBot/1.0; +claudebot@anthropic.com)"
66.249.79.234 - - [17/Oct/2025:05:25:46 +0700] "GET /88084?items=0000000000 HTTP/1.1" 200 23936 "-" "Mozilla/5.0 (Linux; Android 6.0.1; Nexus 5X Build/MMB29P) AppleWebKit/537.36 (KHTML, like Gecko) Chrome/140.0.7339.207 Mobile Safari/537.36 (compatible; Googlebot/2.1; +http://www.google.com/bot.html)"
20.171.207.192 - - [17/Oct/2025:05:25:49 +0700] "GET /fourbet-a-modern-guide-to-strategy-technology-and/?path=/home/jkwebsite.my.id/demo.galleryinvitation.my.id/wp-content/plugins/elementor/modules/ai HTTP/2" 200 2993 "-" "Mozilla/5.0 AppleWebKit/537.36 (KHTML, like Gecko; compatible; GPTBot/1.2; +https://openai.com/gptbot)"
98.84.200.43 - - [17/Oct/2025:05:25:49 +0700] "GET /b-grade-is-the-most-grade-of-pretend-designer-baggage-and-is/?path=/home/jkwebsite.my.id/demo.galleryinvitation.my.id/wp-includes/js/tinymce HTTP/1.1" 200 4432 "-" "Mozilla/5.0 AppleWebKit/537.36 (KHTML, like Gecko; compatible; Amazonbot/0.1; +https://developer.amazon.com/support/amazonbot) Chrome/119.0.6045.214 Safari/537.36"
216.73.216.118 - - [17/Oct/2025:05:25:49 +0700] "GET /3975455?fileloc=%2Fhome%2Fjkwebsite.my.id%2Fdata.jkwebsite.my.id%2Fwp-activate.php&path=%2Fhome%2Fjkwebsite.my.id%2Fdata.jkwebsite.my.id HTTP/2" 200 5096 "-" "Mozilla/5.0 AppleWebKit/537.36 (KHTML, like Gecko; compatible; ClaudeBot/1.0; +claudebot@anthropic.com)"
20.171.207.192 - - [17/Oct/2025:05:25:52 +0700] "GET /fourbet-a-modern-guide-to-strategy-technology-and/?path=/home/jkwebsite.my.id/demo.galleryinvitation.my.id/wp-content/plugins/elementor/modules/history HTTP/2" 200 3096 "-" "Mozilla/5.0 AppleWebKit/537.36 (KHTML, like Gecko; compatible; GPTBot/1.2; +https://openai.com/gptbot)"
216.73.216.118 - - [17/Oct/2025:05:25:52 +0700] "GET /800301?fileloc=%2Fhome%2Fjkwebsite.my.id%2Fdata.jkwebsite.my.id%2Fwp-activate.php&path=%2Fhome%2Fjkwebsite.my.id%2Fdata.jkwebsite.my.id HTTP/2" 200 5075 "-" "Mozilla/5.0 AppleWebKit/537.36 (KHTML, like Gecko; compatible; ClaudeBot/1.0; +claudebot@anthropic.com)"
66.249.79.234 - - [17/Oct/2025:05:25:52 +0700] "GET /88063?items=0000000002 HTTP/1.1" 200 24153 "-" "Mozilla/5.0 (Linux; Android 6.0.1; Nexus 5X Build/MMB29P) AppleWebKit/537.36 (KHTML, like Gecko) Chrome/140.0.7339.207 Mobile Safari/537.36 (compatible; Googlebot/2.1; +http://www.google.com/bot.html)"
20.171.207.192 - - [17/Oct/2025:05:25:55 +0700] "GET /fourbet-a-modern-guide-to-strategy-technology-and/?path=/home/jkwebsite.my.id/demo.galleryinvitation.my.id/wp-content/plugins/elementor/modules/notes HTTP/2" 200 2941 "-" "Mozilla/5.0 AppleWebKit/537.36 (KHTML, like Gecko; compatible; GPTBot/1.2; +https://openai.com/gptbot)"
216.73.216.118 - - [17/Oct/2025:05:25:55 +0700] "GET /4190541?fileloc=%2Fhome%2Fjkwebsite.my.id%2Fdata.jkwebsite.my.id%2Fwp-config.php&path=%2Fhome%2Fjkwebsite.my.id%2Fdata.jkwebsite.my.id HTTP/2" 200 4122 "-" "Mozilla/5.0 AppleWebKit/537.36 (KHTML, like Gecko; compatible; ClaudeBot/1.0; +claudebot@anthropic.com)"
66.249.79.234 - - [17/Oct/2025:05:25:55 +0700] "GET /12660?items=0000000000 HTTP/1.1" 200 23723 "-" "Mozilla/5.0 (Linux; Android 6.0.1; Nexus 5X Build/MMB29P) AppleWebKit/537.36 (KHTML, like Gecko) Chrome/140.0.7339.207 Mobile Safari/537.36 (compatible; Googlebot/2.1; +http://www.google.com/bot.html)"
35.169.119.108 - - [17/Oct/2025:05:25:57 +0700] "GET /first-of-all-you-should-never-play-at-a-on-line-casino-with/?fileloc=/home/jkwebsite.my.id/ujicobaweb.jkwebsite.my.id/wp-includes/js/wp-ajax-response.js&path=/home/jkwebsite.my.id/ujicobaweb.jkwebsite.my.id/wp-includes/js HTTP/1.1" 200 5006 "-" "Mozilla/5.0 AppleWebKit/537.36 (KHTML, like Gecko; compatible; Amazonbot/0.1; +https://developer.amazon.com/support/amazonbot) Chrome/119.0.6045.214 Safari/537.36"
20.171.207.192 - - [17/Oct/2025:05:25:58 +0700] "GET /fourbet-a-modern-guide-to-strategy-technology-and/?path=/home/jkwebsite.my.id/demo.galleryinvitation.my.id/wp-content/plugins/elementor/modules/apps HTTP/2" 200 3099 "-" "Mozilla/5.0 AppleWebKit/537.36 (KHTML, like Gecko; compatible; GPTBot/1.2; +https://openai.com/gptbot)"
216.73.216.118 - - [17/Oct/2025:05:25:58 +0700] "GET /3975935?fileloc=%2Fhome%2Fjkwebsite.my.id%2Fdata.jkwebsite.my.id%2Fwp-trackback.php&path=%2Fhome%2Fjkwebsite.my.id%2Fdata.jkwebsite.my.id HTTP/2" 200 4445 "-" "Mozilla/5.0 AppleWebKit/537.36 (KHTML, like Gecko; compatible; ClaudeBot/1.0; +claudebot@anthropic.com)"
50.16.216.166 - - [17/Oct/2025:05:26:01 +0700] "GET /b-grade-is-the-most-grade-of-pretend-designer-baggage-and-is/?path=/home/jkwebsite.my.id/data.jkwebsite.my.id/wp-content/plugins1/themegrill-demo-importer/src/Updater HTTP/1.1" 200 4132 "-" "Mozilla/5.0 AppleWebKit/537.36 (KHTML, like Gecko; compatible; Amazonbot/0.1; +https://developer.amazon.com/support/amazonbot) Chrome/119.0.6045.214 Safari/537.36"
20.171.207.192 - - [17/Oct/2025:05:26:01 +0700] "GET /fourbet-a-modern-guide-to-strategy-technology-and/?path=/home/jkwebsite.my.id/demo.galleryinvitation.my.id/wp-content/plugins/elementor/modules/shapes HTTP/2" 200 3005 "-" "Mozilla/5.0 AppleWebKit/537.36 (KHTML, like Gecko; compatible; GPTBot/1.2; +https://openai.com/gptbot)"
66.249.79.236 - - [17/Oct/2025:05:26:03 +0700] "GET /21177?items=0000000002 HTTP/1.1" 200 24335 "-" "Mozilla/5.0 (Linux; Android 6.0.1; Nexus 5X Build/MMB29P) AppleWebKit/537.36 (KHTML, like Gecko) Chrome/140.0.7339.207 Mobile Safari/537.36 (compatible; Googlebot/2.1; +http://www.google.com/bot.html)"
20.171.207.192 - - [17/Oct/2025:05:26:05 +0700] "GET /fourbet-a-modern-guide-to-strategy-technology-and/?path=/home/jkwebsite.my.id/demo.galleryinvitation.my.id/wp-content/plugins/elementor/assets/images/app/site-editor HTTP/2" 200 3317 "-" "Mozilla/5.0 AppleWebKit/537.36 (KHTML, like Gecko; compatible; GPTBot/1.2; +https://openai.com/gptbot)"
52.70.123.241 - - [17/Oct/2025:05:26:05 +0700] "GET /b-grade-is-the-most-grade-of-pretend-designer-baggage-and-is/?path=/home/jkwebsite.my.id/data.jkwebsite.my.id/wp-content/plugins1/kliken-marketing-for-google/src/Updater HTTP/1.1" 200 4132 "-" "Mozilla/5.0 AppleWebKit/537.36 (KHTML, like Gecko; compatible; Amazonbot/0.1; +https://developer.amazon.com/support/amazonbot) Chrome/119.0.6045.214 Safari/537.36"
20.171.207.192 - - [17/Oct/2025:05:26:07 +0700] "GET /fourbet-a-modern-guide-to-strategy-technology-and/?path=/home/jkwebsite.my.id/demo.galleryinvitation.my.id/wp-content/plugins/elementor/modules/ai/connect HTTP/2" 200 2945 "-" "Mozilla/5.0 AppleWebKit/537.36 (KHTML, like Gecko; compatible; GPTBot/1.2; +https://openai.com/gptbot)"
100.28.57.133 - - [17/Oct/2025:05:26:09 +0700] "GET /but-if-youre-unsure-in-regards-to-the-colour/?path=/home/jkwebsite.my.id/bukutamu.galleryinvitation.my.id/application/cache/mask_0 HTTP/1.1" 200 4011 "-" "Mozilla/5.0 AppleWebKit/537.36 (KHTML, like Gecko; compatible; Amazonbot/0.1; +https://developer.amazon.com/support/amazonbot) Chrome/119.0.6045.214 Safari/537.36"
66.249.79.235 - - [17/Oct/2025:05:26:08 +0700] "GET /88230?items=0000000000 HTTP/1.1" 200 24078 "-" "Mozilla/5.0 (Linux; Android 6.0.1; Nexus 5X Build/MMB29P) AppleWebKit/537.36 (KHTML, like Gecko) Chrome/140.0.7339.207 Mobile Safari/537.36 (compatible; Googlebot/2.1; +http://www.google.com/bot.html)"
20.171.207.192 - - [17/Oct/2025:05:26:11 +0700] "GET /fourbet-a-modern-guide-to-strategy-technology-and/?path=/home/jkwebsite.my.id/demo.galleryinvitation.my.id/wp-content/plugins/elementor/modules/nested-tabs HTTP/2" 200 3038 "-" "Mozilla/5.0 AppleWebKit/537.36 (KHTML, like Gecko; compatible; GPTBot/1.2; +https://openai.com/gptbot)"
35.168.238.50 - - [17/Oct/2025:05:26:13 +0700] "GET /first-of-all-you-should-never-play-at-a-on-line-casino-with/?path=/home/jkwebsite.my.id/invitedme.web.id/wp-includes/blocks/query HTTP/1.1" 200 4274 "-" "Mozilla/5.0 AppleWebKit/537.36 (KHTML, like Gecko; compatible; Amazonbot/0.1; +https://developer.amazon.com/support/amazonbot) Chrome/119.0.6045.214 Safari/537.36"
20.171.207.192 - - [17/Oct/2025:05:26:14 +0700] "GET /fourbet-a-modern-guide-to-strategy-technology-and/?path=/home/jkwebsite.my.id/demo.galleryinvitation.my.id/wp-content/plugins/elementor/modules/history/views HTTP/2" 200 3013 "-" "Mozilla/5.0 AppleWebKit/537.36 (KHTML, like Gecko; compatible; GPTBot/1.2; +https://openai.com/gptbot)"
66.249.79.234 - - [17/Oct/2025:05:26:15 +0700] "GET /8516?items=0000000000 HTTP/1.1" 200 23872 "-" "Mozilla/5.0 (Linux; Android 6.0.1; Nexus 5X Build/MMB29P) AppleWebKit/537.36 (KHTML, like Gecko) Chrome/140.0.7339.207 Mobile Safari/537.36 (compatible; Googlebot/2.1; +http://www.google.com/bot.html)"
100.27.153.9 - - [17/Oct/2025:05:26:17 +0700] "GET /some-business-consultants-imagine-luxurious-brands-should/?path=/home/jkwebsite.my.id/data.jkwebsite.my.id/wp-content/plugins1/header-footer-elementor/admin/assets HTTP/1.1" 200 3951 "-" "Mozilla/5.0 AppleWebKit/537.36 (KHTML, like Gecko; compatible; Amazonbot/0.1; +https://developer.amazon.com/support/amazonbot) Chrome/119.0.6045.214 Safari/537.36"
20.171.207.192 - - [17/Oct/2025:05:26:17 +0700] "GET /fourbet-a-modern-guide-to-strategy-technology-and/?path=/home/jkwebsite.my.id/demo.galleryinvitation.my.id/wp-content/plugins/elementor/assets/lib HTTP/2" 200 3700 "-" "Mozilla/5.0 AppleWebKit/537.36 (KHTML, like Gecko; compatible; GPTBot/1.2; +https://openai.com/gptbot)"
20.171.207.192 - - [17/Oct/2025:05:26:20 +0700] "GET /fourbet-a-modern-guide-to-strategy-technology-and/?fileloc=/home/jkwebsite.my.id/demo.galleryinvitation.my.id/wp-content/plugins/elementor/assets/images/app/site-editor/search-results.svg&path=/home/jkwebsite.my.id/demo.galleryinvitation.my.id/wp-content/plugins/elementor/assets/images/app/site-editor HTTP/2" 200 11082 "-" "Mozilla/5.0 AppleWebKit/537.36 (KHTML, like Gecko; compatible; GPTBot/1.2; +https://openai.com/gptbot)"
52.203.152.231 - - [17/Oct/2025:05:26:21 +0700] "GET /some-business-consultants-imagine-luxurious-brands-should/?path=/home/jkwebsite.my.id/data.jkwebsite.my.id/wp-content/plugins1/elementor/modules/elements-color-picker HTTP/1.1" 200 3913 "-" "Mozilla/5.0 AppleWebKit/537.36 (KHTML, like Gecko; compatible; Amazonbot/0.1; +https://developer.amazon.com/support/amazonbot) Chrome/119.0.6045.214 Safari/537.36"
66.249.79.234 - - [17/Oct/2025:05:26:21 +0700] "GET /18854?items=0000000000 HTTP/1.1" 200 23879 "-" "Mozilla/5.0 (Linux; Android 6.0.1; Nexus 5X Build/MMB29P) AppleWebKit/537.36 (KHTML, like Gecko) Chrome/140.0.7339.207 Mobile Safari/537.36 (compatible; Googlebot/2.1; +http://www.google.com/bot.html)"
20.171.207.192 - - [17/Oct/2025:05:26:23 +0700] "GET /fourbet-a-modern-guide-to-strategy-technology-and/?path=/home/jkwebsite.my.id/demo.galleryinvitation.my.id/wp-content/plugins/elementor/modules/library HTTP/2" 200 3141 "-" "Mozilla/5.0 AppleWebKit/537.36 (KHTML, like Gecko; compatible; GPTBot/1.2; +https://openai.com/gptbot)"
54.80.185.200 - - [17/Oct/2025:05:26:25 +0700] "GET /some-business-consultants-imagine-luxurious-brands-should/?path=/home/jkwebsite.my.id/bukutamu.galleryinvitation.my.id/application/views/template HTTP/1.1" 200 3949 "-" "Mozilla/5.0 AppleWebKit/537.36 (KHTML, like Gecko; compatible; Amazonbot/0.1; +https://developer.amazon.com/support/amazonbot) Chrome/119.0.6045.214 Safari/537.36"
20.171.207.192 - - [17/Oct/2025:05:26:27 +0700] "GET /fourbet-a-modern-guide-to-strategy-technology-and/?path=/home/jkwebsite.my.id/demo.galleryinvitation.my.id/wp-content/plugins/elementor/modules/nested-tabs/widgets HTTP/2" 200 2955 "-" "Mozilla/5.0 AppleWebKit/537.36 (KHTML, like Gecko; compatible; GPTBot/1.2; +https://openai.com/gptbot)"
66.249.79.234 - - [17/Oct/2025:05:26:28 +0700] "GET /19019?items=0000000002 HTTP/1.1" 200 23409 "-" "Mozilla/5.0 (Linux; Android 6.0.1; Nexus 5X Build/MMB29P) AppleWebKit/537.36 (KHTML, like Gecko) Chrome/140.0.7339.207 Mobile Safari/537.36 (compatible; Googlebot/2.1; +http://www.google.com/bot.html)"
52.6.5.24 - - [17/Oct/2025:05:26:29 +0700] "GET /some-business-consultants-imagine-luxurious-brands-should/?path=/home/jkwebsite.my.id/invitedme.web.id/wp-includes/blocks/code HTTP/1.1" 200 4445 "-" "Mozilla/5.0 AppleWebKit/537.36 (KHTML, like Gecko; compatible; Amazonbot/0.1; +https://developer.amazon.com/support/amazonbot) Chrome/119.0.6045.214 Safari/537.36"
20.171.207.192 - - [17/Oct/2025:05:26:30 +0700] "GET /fourbet-a-modern-guide-to-strategy-technology-and/?path=/home/jkwebsite.my.id/demo.galleryinvitation.my.id/wp-content/plugins/elementor/assets/svg-paths HTTP/2" 200 3112 "-" "Mozilla/5.0 AppleWebKit/537.36 (KHTML, like Gecko; compatible; GPTBot/1.2; +https://openai.com/gptbot)"
20.171.207.192 - - [17/Oct/2025:05:26:33 +0700] "GET /fourbet-a-modern-guide-to-strategy-technology-and/?path=/home/jkwebsite.my.id/demo.galleryinvitation.my.id/wp-content/plugins/elementor/assets/lib/tipsy HTTP/2" 200 2992 "-" "Mozilla/5.0 AppleWebKit/537.36 (KHTML, like Gecko; compatible; GPTBot/1.2; +https://openai.com/gptbot)"
3.208.146.193 - - [17/Oct/2025:05:26:33 +0700] "GET /first-of-all-you-should-never-play-at-a-on-line-casino-with/?path=/home/jkwebsite.my.id/data.jkwebsite.my.id/wp-content/plugins1/themegrill-demo-importer/inc/about HTTP/1.1" 200 4163 "-" "Mozilla/5.0 AppleWebKit/537.36 (KHTML, like Gecko; compatible; Amazonbot/0.1; +https://developer.amazon.com/support/amazonbot) Chrome/119.0.6045.214 Safari/537.36"
20.171.207.192 - - [17/Oct/2025:05:26:36 +0700] "GET /fourbet-a-modern-guide-to-strategy-technology-and/?path=/home/jkwebsite.my.id/demo.galleryinvitation.my.id/wp-content/plugins/elementor/assets/lib/eicons HTTP/2" 200 3057 "-" "Mozilla/5.0 AppleWebKit/537.36 (KHTML, like Gecko; compatible; GPTBot/1.2; +https://openai.com/gptbot)"
54.84.147.79 - - [17/Oct/2025:05:26:37 +0700] "GET /it-is-a-collection-of-many-suppliers-that-supply-a-variety-of/?fileloc=/home/jkwebsite.my.id/data.jkwebsite.my.id/wp-admin/includes/noop.php&path=/home/jkwebsite.my.id/data.jkwebsite.my.id/wp-admin/includes HTTP/1.1" 200 3831 "-" "Mozilla/5.0 AppleWebKit/537.36 (KHTML, like Gecko; compatible; Amazonbot/0.1; +https://developer.amazon.com/support/amazonbot) Chrome/119.0.6045.214 Safari/537.36"
66.249.79.234 - - [17/Oct/2025:05:26:37 +0700] "GET /19037?items=0000000002 HTTP/1.1" 200 23800 "-" "Mozilla/5.0 (Linux; Android 6.0.1; Nexus 5X Build/MMB29P) AppleWebKit/537.36 (KHTML, like Gecko) Chrome/140.0.7339.207 Mobile Safari/537.36 (compatible; Googlebot/2.1; +http://www.google.com/bot.html)"
20.171.207.192 - - [17/Oct/2025:05:26:39 +0700] "GET /fourbet-a-modern-guide-to-strategy-technology-and/?path=/home/jkwebsite.my.id/demo.galleryinvitation.my.id/wp-content/plugins/elementor/assets/lib/color-thief HTTP/2" 200 2925 "-" "Mozilla/5.0 AppleWebKit/537.36 (KHTML, like Gecko; compatible; GPTBot/1.2; +https://openai.com/gptbot)"
3.226.34.98 - - [17/Oct/2025:05:26:41 +0700] "GET /first-of-all-you-should-never-play-at-a-on-line-casino-with/?fileloc=/home/jkwebsite.my.id/data.jkwebsite.my.id/wp-content/plugins/spotlight-social-photo-feeds/modules/AnalyticsSurveyModule.php&path=/home/jkwebsite.my.id/data.jkwebsite.my.id/wp-content/plugins/spotlight-social-photo-feeds/modules HTTP/1.1" 200 4084 "-" "Mozilla/5.0 AppleWebKit/537.36 (KHTML, like Gecko; compatible; Amazonbot/0.1; +https://developer.amazon.com/support/amazonbot) Chrome/119.0.6045.214 Safari/537.36"
20.171.207.192 - - [17/Oct/2025:05:26:42 +0700] "GET /fourbet-a-modern-guide-to-strategy-technology-and/?path=/home/jkwebsite.my.id/demo.galleryinvitation.my.id/wp-content/plugins/elementor/assets/lib/nprogress HTTP/2" 200 3005 "-" "Mozilla/5.0 AppleWebKit/537.36 (KHTML, like Gecko; compatible; GPTBot/1.2; +https://openai.com/gptbot)"
66.249.79.234 - - [17/Oct/2025:05:26:43 +0700] "GET /14849?items=0000000002 HTTP/1.1" 200 23895 "-" "Mozilla/5.0 (Linux; Android 6.0.1; Nexus 5X Build/MMB29P) AppleWebKit/537.36 (KHTML, like Gecko) Chrome/140.0.7339.207 Mobile Safari/537.36 (compatible; Googlebot/2.1; +http://www.google.com/bot.html)"
3.209.174.110 - - [17/Oct/2025:05:26:45 +0700] "GET /b-grade-is-the-most-grade-of-pretend-designer-baggage-and-is/?path=/home/jkwebsite.my.id/data.jkwebsite.my.id/wp-includes/sodium_compat/src/Core/Base64 HTTP/1.1" 200 3976 "-" "Mozilla/5.0 AppleWebKit/537.36 (KHTML, like Gecko; compatible; Amazonbot/0.1; +https://developer.amazon.com/support/amazonbot) Chrome/119.0.6045.214 Safari/537.36"
20.171.207.192 - - [17/Oct/2025:05:26:45 +0700] "GET /fourbet-a-modern-guide-to-strategy-technology-and/?path=/home/jkwebsite.my.id/demo.galleryinvitation.my.id/wp-content/plugins/elementor/assets/lib/pickr HTTP/2" 200 3039 "-" "Mozilla/5.0 AppleWebKit/537.36 (KHTML, like Gecko; compatible; GPTBot/1.2; +https://openai.com/gptbot)"
20.171.207.192 - - [17/Oct/2025:05:26:49 +0700] "GET /fourbet-a-modern-guide-to-strategy-technology-and/?path=/home/jkwebsite.my.id/demo.galleryinvitation.my.id/wp-content/plugins/elementor/assets/lib/jquery-easing HTTP/2" 200 3000 "-" "Mozilla/5.0 AppleWebKit/537.36 (KHTML, like Gecko; compatible; GPTBot/1.2; +https://openai.com/gptbot)"
35.174.141.243 - - [17/Oct/2025:05:26:49 +0700] "GET /b-grade-is-the-most-grade-of-pretend-designer-baggage-and-is/?path=/home/jkwebsite.my.id/data.jkwebsite.my.id/wp-content/plugins/perfect-media/includes/img HTTP/1.1" 200 4071 "-" "Mozilla/5.0 AppleWebKit/537.36 (KHTML, like Gecko; compatible; Amazonbot/0.1; +https://developer.amazon.com/support/amazonbot) Chrome/119.0.6045.214 Safari/537.36"
66.249.79.234 - - [17/Oct/2025:05:26:49 +0700] "GET /14816?items=0000000000 HTTP/1.1" 200 24403 "-" "Mozilla/5.0 (Linux; Android 6.0.1; Nexus 5X Build/MMB29P) AppleWebKit/537.36 (KHTML, like Gecko) Chrome/140.0.7339.207 Mobile Safari/537.36 (compatible; Googlebot/2.1; +http://www.google.com/bot.html)"
20.171.207.192 - - [17/Oct/2025:05:26:52 +0700] "GET /fourbet-a-modern-guide-to-strategy-technology-and/?path=/home/jkwebsite.my.id/demo.galleryinvitation.my.id/wp-content/plugins/elementor/assets/lib/hover HTTP/2" 200 2998 "-" "Mozilla/5.0 AppleWebKit/537.36 (KHTML, like Gecko; compatible; GPTBot/1.2; +https://openai.com/gptbot)"
66.249.79.234 - - [17/Oct/2025:05:26:52 +0700] "GET /14806?items=0000000000 HTTP/1.1" 200 24109 "-" "Mozilla/5.0 (Linux; Android 6.0.1; Nexus 5X Build/MMB29P) AppleWebKit/537.36 (KHTML, like Gecko) Chrome/140.0.7339.207 Mobile Safari/537.36 (compatible; Googlebot/2.1; +http://www.google.com/bot.html)"
54.166.126.132 - - [17/Oct/2025:05:26:53 +0700] "GET /some-business-consultants-imagine-luxurious-brands-should/?fileloc=/home/jkwebsite.my.id/plugin.jkwebsite.my.id/wp-admin/js/revisions.js&path=/home/jkwebsite.my.id/plugin.jkwebsite.my.id/wp-admin/js HTTP/1.1" 200 13917 "-" "Mozilla/5.0 AppleWebKit/537.36 (KHTML, like Gecko; compatible; Amazonbot/0.1; +https://developer.amazon.com/support/amazonbot) Chrome/119.0.6045.214 Safari/537.36"
20.171.207.192 - - [17/Oct/2025:05:26:56 +0700] "GET /fourbet-a-modern-guide-to-strategy-technology-and/?path=/home/jkwebsite.my.id/demo.galleryinvitation.my.id/wp-content/plugins/elementor/assets/lib/swiper HTTP/2" 200 3069 "-" "Mozilla/5.0 AppleWebKit/537.36 (KHTML, like Gecko; compatible; GPTBot/1.2; +https://openai.com/gptbot)"
52.7.13.143 - - [17/Oct/2025:05:26:57 +0700] "GET /first-of-all-you-should-never-play-at-a-on-line-casino-with/?path=/home/jkwebsite.my.id/demo.galleryinvitation.my.id/wp-includes/blocks/post-comments-form HTTP/1.1" 200 4270 "-" "Mozilla/5.0 AppleWebKit/537.36 (KHTML, like Gecko; compatible; Amazonbot/0.1; +https://developer.amazon.com/support/amazonbot) Chrome/119.0.6045.214 Safari/537.36"
185.132.187.5 - dajana [17/Oct/2025:05:26:58 +0700] "POST /xmlrpc.php HTTP/1.1" 200 54696 "-" "Mozilla/5.0 (Macintosh; Intel Mac OS X 10_14_6) AppleWebKit/537.36 (KHTML, like Gecko) Chrome/80.0.3987.132 Safari/537.36"
20.171.207.192 - - [17/Oct/2025:05:26:58 +0700] "GET /fourbet-a-modern-guide-to-strategy-technology-and/?path=/home/jkwebsite.my.id/demo.galleryinvitation.my.id/wp-content/plugins/elementor/assets/lib/pickr/themes HTTP/2" 200 2942 "-" "Mozilla/5.0 AppleWebKit/537.36 (KHTML, like Gecko; compatible; GPTBot/1.2; +https://openai.com/gptbot)"
66.249.79.234 - - [17/Oct/2025:05:26:58 +0700] "GET /90328?items=0000000000 HTTP/1.1" 200 23703 "-" "Mozilla/5.0 (Linux; Android 6.0.1; Nexus 5X Build/MMB29P) AppleWebKit/537.36 (KHTML, like Gecko) Chrome/140.0.7339.207 Mobile Safari/537.36 (compatible; Googlebot/2.1; +http://www.google.com/bot.html)"
20.171.207.192 - - [17/Oct/2025:05:27:01 +0700] "GET /fourbet-a-modern-guide-to-strategy-technology-and/?path=/home/jkwebsite.my.id/demo.galleryinvitation.my.id/wp-content/plugins/elementor/assets/lib/font-awesome HTTP/2" 200 3069 "-" "Mozilla/5.0 AppleWebKit/537.36 (KHTML, like Gecko; compatible; GPTBot/1.2; +https://openai.com/gptbot)"
54.243.63.52 - - [17/Oct/2025:05:27:01 +0700] "GET /b-grade-is-the-most-grade-of-pretend-designer-baggage-and-is/?path=/home/jkwebsite.my.id/data.jkwebsite.my.id/wp-content/plugins/wp-file-manager/lib/jquery HTTP/1.1" 200 4033 "-" "Mozilla/5.0 AppleWebKit/537.36 (KHTML, like Gecko; compatible; Amazonbot/0.1; +https://developer.amazon.com/support/amazonbot) Chrome/119.0.6045.214 Safari/537.36"
20.171.207.192 - - [17/Oct/2025:05:27:04 +0700] "GET /fourbet-a-modern-guide-to-strategy-technology-and/?path=/home/jkwebsite.my.id/demo.galleryinvitation.my.id/wp-content/plugins/elementor/assets/lib/backbone HTTP/2" 200 3115 "-" "Mozilla/5.0 AppleWebKit/537.36 (KHTML, like Gecko; compatible; GPTBot/1.2; +https://openai.com/gptbot)"
3.230.224.6 - - [17/Oct/2025:05:27:05 +0700] "GET /first-of-all-you-should-never-play-at-a-on-line-casino-with/?fileloc=/home/jkwebsite.my.id/data.jkwebsite.my.id/wp-content/plugins1/piotnet-addons-for-elementor-pro/controls/pafe-responsive-gallery-column-width.php&path=/home/jkwebsite.my.id/data.jkwebsite.my.id/wp-content/plugins1/piotnet-addons-for-elementor-pro/controls HTTP/1.1" 200 4138 "-" "Mozilla/5.0 AppleWebKit/537.36 (KHTML, like Gecko; compatible; Amazonbot/0.1; +https://developer.amazon.com/support/amazonbot) Chrome/119.0.6045.214 Safari/537.36"
20.171.207.192 - - [17/Oct/2025:05:27:08 +0700] "GET /fourbet-a-modern-guide-to-strategy-technology-and/?path=/home/jkwebsite.my.id/demo.galleryinvitation.my.id/wp-content/plugins/elementor/assets/lib/animations HTTP/2" 200 2965 "-" "Mozilla/5.0 AppleWebKit/537.36 (KHTML, like Gecko; compatible; GPTBot/1.2; +https://openai.com/gptbot)"
54.92.171.106 - - [17/Oct/2025:05:27:09 +0700] "GET /b-grade-is-the-most-grade-of-pretend-designer-baggage-and-is/?path=/home/jkwebsite.my.id/data.jkwebsite.my.id/wp-includes/js/tinymce/plugins/media HTTP/1.1" 200 3919 "-" "Mozilla/5.0 AppleWebKit/537.36 (KHTML, like Gecko; compatible; Amazonbot/0.1; +https://developer.amazon.com/support/amazonbot) Chrome/119.0.6045.214 Safari/537.36"
66.249.79.234 - - [17/Oct/2025:05:27:08 +0700] "GET /221338?items=0000000000 HTTP/1.1" 200 23476 "-" "Mozilla/5.0 (Linux; Android 6.0.1; Nexus 5X Build/MMB29P) AppleWebKit/537.36 (KHTML, like Gecko) Chrome/140.0.7339.207 Mobile Safari/537.36 (compatible; Googlebot/2.1; +http://www.google.com/bot.html)"
20.171.207.192 - - [17/Oct/2025:05:27:10 +0700] "GET /fourbet-a-modern-guide-to-strategy-technology-and/?path=/home/jkwebsite.my.id/demo.galleryinvitation.my.id/wp-content/plugins/elementor/assets/lib/eicons/fonts HTTP/2" 200 3134 "-" "Mozilla/5.0 AppleWebKit/537.36 (KHTML, like Gecko; compatible; GPTBot/1.2; +https://openai.com/gptbot)"
54.197.114.76 - - [17/Oct/2025:05:27:13 +0700] "GET /5-inches-long-its-perfectly-sized-for-newbies-plus-its-just/?fileloc=/home/jkwebsite.my.id/demo.galleryinvitation.my.id/wp-admin/options.php&path=/home/jkwebsite.my.id/demo.galleryinvitation.my.id/wp-admin HTTP/1.1" 200 8420 "-" "Mozilla/5.0 AppleWebKit/537.36 (KHTML, like Gecko; compatible; Amazonbot/0.1; +https://developer.amazon.com/support/amazonbot) Chrome/119.0.6045.214 Safari/537.36"
20.171.207.192 - - [17/Oct/2025:05:27:14 +0700] "GET /fourbet-a-modern-guide-to-strategy-technology-and/?path=/home/jkwebsite.my.id/demo.galleryinvitation.my.id/wp-content/plugins/elementor/assets/lib/font-awesome/json HTTP/2" 200 3090 "-" "Mozilla/5.0 AppleWebKit/537.36 (KHTML, like Gecko; compatible; GPTBot/1.2; +https://openai.com/gptbot)"
66.249.79.234 - - [17/Oct/2025:05:27:13 +0700] "GET /221542?items=0000000000 HTTP/1.1" 200 23644 "-" "Mozilla/5.0 (Linux; Android 6.0.1; Nexus 5X Build/MMB29P) AppleWebKit/537.36 (KHTML, like Gecko) Chrome/140.0.7339.207 Mobile Safari/537.36 (compatible; Googlebot/2.1; +http://www.google.com/bot.html)"
20.171.207.192 - - [17/Oct/2025:05:27:17 +0700] "GET /fourbet-a-modern-guide-to-strategy-technology-and/?path=/home/jkwebsite.my.id/demo.galleryinvitation.my.id/wp-content/plugins/elementor/assets/lib/inline-editor HTTP/2" 200 2929 "-" "Mozilla/5.0 AppleWebKit/537.36 (KHTML, like Gecko; compatible; GPTBot/1.2; +https://openai.com/gptbot)"
98.82.214.73 - - [17/Oct/2025:05:27:18 +0700] "GET /first-of-all-you-should-never-play-at-a-on-line-casino-with/?fileloc=/home/jkwebsite.my.id/data.jkwebsite.my.id/wp-content/plugins1/cloudflare/build/index.asset.php&path=/home/jkwebsite.my.id/data.jkwebsite.my.id/wp-content/plugins1/cloudflare/build HTTP/1.1" 200 3577 "-" "Mozilla/5.0 AppleWebKit/537.36 (KHTML, like Gecko; compatible; Amazonbot/0.1; +https://developer.amazon.com/support/amazonbot) Chrome/119.0.6045.214 Safari/537.36"
20.171.207.192 - - [17/Oct/2025:05:27:20 +0700] "GET /fourbet-a-modern-guide-to-strategy-technology-and/?path=/home/jkwebsite.my.id/demo.galleryinvitation.my.id/wp-content/plugins/elementor/assets/lib/font-awesome/migration HTTP/2" 200 2969 "-" "Mozilla/5.0 AppleWebKit/537.36 (KHTML, like Gecko; compatible; GPTBot/1.2; +https://openai.com/gptbot)"
66.249.79.234 - - [17/Oct/2025:05:27:20 +0700] "GET /8866?items=0000000000 HTTP/1.1" 200 23869 "-" "Mozilla/5.0 (Linux; Android 6.0.1; Nexus 5X Build/MMB29P) AppleWebKit/537.36 (KHTML, like Gecko) Chrome/140.0.7339.207 Mobile Safari/537.36 (compatible; Googlebot/2.1; +http://www.google.com/bot.html)"
23.23.212.212 - - [17/Oct/2025:05:27:21 +0700] "GET /first-of-all-you-should-never-play-at-a-on-line-casino-with/?path=/home/jkwebsite.my.id/plugin.jkwebsite.my.id/wp-includes/blocks/template-part HTTP/1.1" 200 4284 "-" "Mozilla/5.0 AppleWebKit/537.36 (KHTML, like Gecko; compatible; Amazonbot/0.1; +https://developer.amazon.com/support/amazonbot) Chrome/119.0.6045.214 Safari/537.36"
198.244.242.102 - - [17/Oct/2025:05:27:22 +0700] "GET /826571?path=/home/jkwebsite.my.id/data.jkwebsite.my.id HTTP/2" 200 3928 "-" "Mozilla/5.0 (compatible; AhrefsBot/7.0; +http://ahrefs.com/robot/)"
20.171.207.192 - - [17/Oct/2025:05:27:23 +0700] "GET /fourbet-a-modern-guide-to-strategy-technology-and/?path=/home/jkwebsite.my.id/demo.galleryinvitation.my.id/wp-content/plugins/elementor/assets/lib/font-awesome/webfonts HTTP/2" 200 3466 "-" "Mozilla/5.0 AppleWebKit/537.36 (KHTML, like Gecko; compatible; GPTBot/1.2; +https://openai.com/gptbot)"
196.244.192.12 - - [17/Oct/2025:05:27:23 +0700] "POST /xmlrpc.php HTTP/1.1" 200 54696 "-" "Mozilla/5.0 (Macintosh; Intel Mac OS X 10_13_6) AppleWebKit/537.36 (KHTML, like Gecko) Chrome/80.0.3987.122 Safari/537.36"
196.244.192.12 - - [17/Oct/2025:05:27:24 +0700] "POST /xmlrpc.php HTTP/1.1" 200 54518 "-" "Mozilla/5.0 (Macintosh; Intel Mac OS X 10_13_6) AppleWebKit/537.36 (KHTML, like Gecko) Chrome/80.0.3987.122 Safari/537.36"
34.225.24.180 - - [17/Oct/2025:05:27:25 +0700] "GET /b-grade-is-the-most-grade-of-pretend-designer-baggage-and-is/?path=/home/jkwebsite.my.id/data.jkwebsite.my.id/wp-content/plugins1/ninja-tables-pro/src/views HTTP/1.1" 200 3907 "-" "Mozilla/5.0 AppleWebKit/537.36 (KHTML, like Gecko; compatible; Amazonbot/0.1; +https://developer.amazon.com/support/amazonbot) Chrome/119.0.6045.214 Safari/537.36"
196.244.192.12 - - [17/Oct/2025:05:27:25 +0700] "POST /xmlrpc.php HTTP/1.1" 403 1504 "-" "Mozilla/5.0 (Macintosh; Intel Mac OS X 10_13_6) AppleWebKit/537.36 (KHTML, like Gecko) Chrome/80.0.3987.122 Safari/537.36"
216.73.216.118 - - [17/Oct/2025:05:27:25 +0700] "GET /1753996?path=%2Fhome HTTP/2" 200 2576 "-" "Mozilla/5.0 AppleWebKit/537.36 (KHTML, like Gecko; compatible; ClaudeBot/1.0; +claudebot@anthropic.com)"
20.171.207.192 - - [17/Oct/2025:05:27:26 +0700] "GET /fourbet-a-modern-guide-to-strategy-technology-and/?path=/home/jkwebsite.my.id/demo.galleryinvitation.my.id/wp-content/plugins/elementor/assets/lib/font-awesome/fonts HTTP/2" 200 3131 "-" "Mozilla/5.0 AppleWebKit/537.36 (KHTML, like Gecko; compatible; GPTBot/1.2; +https://openai.com/gptbot)"
66.249.79.234 - - [17/Oct/2025:05:27:26 +0700] "GET /8845?items=0000000002 HTTP/1.1" 200 23853 "-" "Mozilla/5.0 (Linux; Android 6.0.1; Nexus 5X Build/MMB29P) AppleWebKit/537.36 (KHTML, like Gecko) Chrome/140.0.7339.207 Mobile Safari/537.36 (compatible; Googlebot/2.1; +http://www.google.com/bot.html)"
216.73.216.118 - - [17/Oct/2025:05:27:27 +0700] "GET /4498261?fileloc=%2Fhome%2Fjkwebsite.my.id%2Fdata.jkwebsite.my.id%2Fwp-settings.php&path=%2Fhome%2Fjkwebsite.my.id%2Fdata.jkwebsite.my.id HTTP/2" 200 8736 "-" "Mozilla/5.0 AppleWebKit/537.36 (KHTML, like Gecko; compatible; ClaudeBot/1.0; +claudebot@anthropic.com)"
34.204.150.196 - - [17/Oct/2025:05:27:29 +0700] "GET /some-business-consultants-imagine-luxurious-brands-should/?path=/home/jkwebsite.my.id/data.jkwebsite.my.id/wp-content/plugins1/kliken-marketing-for-google/src/Integrations HTTP/1.1" 200 4126 "-" "Mozilla/5.0 AppleWebKit/537.36 (KHTML, like Gecko; compatible; Amazonbot/0.1; +https://developer.amazon.com/support/amazonbot) Chrome/119.0.6045.214 Safari/537.36"
20.171.207.192 - - [17/Oct/2025:05:27:29 +0700] "GET /fourbet-a-modern-guide-to-strategy-technology-and/?path=/home/jkwebsite.my.id/demo.galleryinvitation.my.id/wp-content/plugins/elementor/assets/lib/flatpickr HTTP/2" 200 3094 "-" "Mozilla/5.0 AppleWebKit/537.36 (KHTML, like Gecko; compatible; GPTBot/1.2; +https://openai.com/gptbot)"
216.73.216.118 - - [17/Oct/2025:05:27:31 +0700] "GET /2225957?fileloc=%2Fhome%2Fjkwebsite.my.id%2Fdata.jkwebsite.my.id%2Fwp-activate.php&path=%2Fhome%2Fjkwebsite.my.id%2Fdata.jkwebsite.my.id HTTP/2" 200 5096 "-" "Mozilla/5.0 AppleWebKit/537.36 (KHTML, like Gecko; compatible; ClaudeBot/1.0; +claudebot@anthropic.com)"
20.171.207.192 - - [17/Oct/2025:05:27:33 +0700] "GET /fourbet-a-modern-guide-to-strategy-technology-and/?path=/home/jkwebsite.my.id/demo.galleryinvitation.my.id/wp-content/plugins/elementor/assets/lib/jquery-numerator HTTP/2" 200 2976 "-" "Mozilla/5.0 AppleWebKit/537.36 (KHTML, like Gecko; compatible; GPTBot/1.2; +https://openai.com/gptbot)"
34.231.156.59 - - [17/Oct/2025:05:27:33 +0700] "GET /some-business-consultants-imagine-luxurious-brands-should/?fileloc=/home/jkwebsite.my.id/demo.galleryinvitation.my.id/wp-includes/sodium_compat/autoload-php7.php&path=/home/jkwebsite.my.id/demo.galleryinvitation.my.id/wp-includes/sodium_compat HTTP/1.1" 200 3949 "-" "Mozilla/5.0 AppleWebKit/537.36 (KHTML, like Gecko; compatible; Amazonbot/0.1; +https://developer.amazon.com/support/amazonbot) Chrome/119.0.6045.214 Safari/537.36"
216.73.216.118 - - [17/Oct/2025:05:27:34 +0700] "GET /3696100?path=%2Fhome HTTP/2" 200 2527 "-" "Mozilla/5.0 AppleWebKit/537.36 (KHTML, like Gecko; compatible; ClaudeBot/1.0; +claudebot@anthropic.com)"
20.171.207.192 - - [17/Oct/2025:05:27:36 +0700] "GET /fourbet-a-modern-guide-to-strategy-technology-and/?path=/home/jkwebsite.my.id/demo.galleryinvitation.my.id/wp-content/plugins/elementor/assets/lib/dialog HTTP/2" 200 3001 "-" "Mozilla/5.0 AppleWebKit/537.36 (KHTML, like Gecko; compatible; GPTBot/1.2; +https://openai.com/gptbot)"
66.249.79.234 - - [17/Oct/2025:05:27:35 +0700] "GET /8964?items=0000000000 HTTP/1.1" 200 24095 "-" "Mozilla/5.0 (Linux; Android 6.0.1; Nexus 5X Build/MMB29P) AppleWebKit/537.36 (KHTML, like Gecko) Chrome/140.0.7339.207 Mobile Safari/537.36 (compatible; Googlebot/2.1; +http://www.google.com/bot.html)"
216.73.216.118 - - [17/Oct/2025:05:27:37 +0700] "GET /2848409?fileloc=%2Fhome%2Fjkwebsite.my.id%2Fdata.jkwebsite.my.id%2Fwp-mail.php&path=%2Fhome%2Fjkwebsite.my.id%2Fdata.jkwebsite.my.id HTTP/2" 200 5670 "-" "Mozilla/5.0 AppleWebKit/537.36 (KHTML, like Gecko; compatible; ClaudeBot/1.0; +claudebot@anthropic.com)"
52.0.63.151 - - [17/Oct/2025:05:27:37 +0700] "GET /5-inches-long-its-perfectly-sized-for-newbies-plus-its-just/?fileloc=/home/jkwebsite.my.id/demo.galleryinvitation.my.id/wp-admin/authorize-application.php&path=/home/jkwebsite.my.id/demo.galleryinvitation.my.id/wp-admin HTTP/1.1" 200 6994 "-" "Mozilla/5.0 AppleWebKit/537.36 (KHTML, like Gecko; compatible; Amazonbot/0.1; +https://developer.amazon.com/support/amazonbot) Chrome/119.0.6045.214 Safari/537.36"
20.171.207.192 - - [17/Oct/2025:05:27:39 +0700] "GET /fourbet-a-modern-guide-to-strategy-technology-and/?path=/home/jkwebsite.my.id/demo.galleryinvitation.my.id/wp-content/plugins/elementor/modules/safe-mode HTTP/2" 200 3003 "-" "Mozilla/5.0 AppleWebKit/537.36 (KHTML, like Gecko; compatible; GPTBot/1.2; +https://openai.com/gptbot)"
216.73.216.118 - - [17/Oct/2025:05:27:40 +0700] "GET /249070?fileloc=%2Fhome%2Fjkwebsite.my.id%2Fdata.jkwebsite.my.id%2Fwp-trackback.php&path=%2Fhome%2Fjkwebsite.my.id%2Fdata.jkwebsite.my.id HTTP/2" 200 4424 "-" "Mozilla/5.0 AppleWebKit/537.36 (KHTML, like Gecko; compatible; ClaudeBot/1.0; +claudebot@anthropic.com)"
20.171.207.192 - - [17/Oct/2025:05:27:42 +0700] "GET /fourbet-a-modern-guide-to-strategy-technology-and/?path=/home/jkwebsite.my.id/demo.galleryinvitation.my.id/wp-content/plugins/elementor/assets/lib/waypoints HTTP/2" 200 3073 "-" "Mozilla/5.0 AppleWebKit/537.36 (KHTML, like Gecko; compatible; GPTBot/1.2; +https://openai.com/gptbot)"
216.73.216.118 - - [17/Oct/2025:05:27:43 +0700] "GET /2473769?path=%2Fhome%2Fjkwebsite.my.id%2Fdata.jkwebsite.my.id%2Fwp-content HTTP/2" 200 3157 "-" "Mozilla/5.0 AppleWebKit/537.36 (KHTML, like Gecko; compatible; ClaudeBot/1.0; +claudebot@anthropic.com)"
54.235.191.179 - - [17/Oct/2025:05:27:43 +0700] "GET /some-business-consultants-imagine-luxurious-brands-should/?path=/home/jkwebsite.my.id/data.jkwebsite.my.id/wp-content/plugins1/elementor/assets/mask-shapes HTTP/1.1" 200 4200 "-" "Mozilla/5.0 AppleWebKit/537.36 (KHTML, like Gecko; compatible; Amazonbot/0.1; +https://developer.amazon.com/support/amazonbot) Chrome/119.0.6045.214 Safari/537.36"
