20.171.207.192 - - [17/Oct/2025:06:11:13 +0700] "GET /to-best-assure-this-we-extremely-advocate-buying-directly/?path=/home/jkwebsite.my.id/ujicobaweb.jkwebsite.my.id/wp-content/plugins/advanced-custom-fields-pro-master/includes/admin/views/acf-field-group HTTP/2" 200 3315 "-" "Mozilla/5.0 AppleWebKit/537.36 (KHTML, like Gecko; compatible; GPTBot/1.2; +https://openai.com/gptbot)"
216.73.216.118 - - [17/Oct/2025:06:11:13 +0700] "GET /1221249?path=%2F HTTP/2" 200 2516 "-" "Mozilla/5.0 AppleWebKit/537.36 (KHTML, like Gecko; compatible; ClaudeBot/1.0; +claudebot@anthropic.com)"
98.84.60.17 - - [17/Oct/2025:06:11:13 +0700] "GET /b-grade-is-the-most-grade-of-pretend-designer-baggage-and-is/?path=/home/jkwebsite.my.id/demo.galleryinvitation.my.id/wp-includes/js/plupload HTTP/1.1" 200 4284 "-" "Mozilla/5.0 AppleWebKit/537.36 (KHTML, like Gecko; compatible; Amazonbot/0.1; +https://developer.amazon.com/support/amazonbot) Chrome/119.0.6045.214 Safari/537.36"
20.171.207.192 - - [17/Oct/2025:06:11:16 +0700] "GET /to-best-assure-this-we-extremely-advocate-buying-directly/?path=/home/jkwebsite.my.id/plugin.jkwebsite.my.id/wp-content/plugins/essential-addons-for-elementor-lite/assets/admin HTTP/2" 200 3179 "-" "Mozilla/5.0 AppleWebKit/537.36 (KHTML, like Gecko; compatible; GPTBot/1.2; +https://openai.com/gptbot)"
216.73.216.118 - - [17/Oct/2025:06:11:16 +0700] "GET /22824?path=%2F HTTP/2" 200 2562 "-" "Mozilla/5.0 AppleWebKit/537.36 (KHTML, like Gecko; compatible; ClaudeBot/1.0; +claudebot@anthropic.com)"
20.171.207.192 - - [17/Oct/2025:06:11:19 +0700] "GET /to-best-assure-this-we-extremely-advocate-buying-directly/?path=/home/jkwebsite.my.id/ujicobaweb.jkwebsite.my.id/wp-content/plugins/elementor-pro/modules/theme-builder/admin-menu-items HTTP/2" 200 3027 "-" "Mozilla/5.0 AppleWebKit/537.36 (KHTML, like Gecko; compatible; GPTBot/1.2; +https://openai.com/gptbot)"
216.73.216.118 - - [17/Oct/2025:06:11:19 +0700] "GET /1292068?path=%2F HTTP/2" 200 2516 "-" "Mozilla/5.0 AppleWebKit/537.36 (KHTML, like Gecko; compatible; ClaudeBot/1.0; +claudebot@anthropic.com)"
66.249.79.234 - - [17/Oct/2025:06:11:20 +0700] "GET /78719?items=0000000002 HTTP/1.1" 200 23748 "-" "Mozilla/5.0 (Linux; Android 6.0.1; Nexus 5X Build/MMB29P) AppleWebKit/537.36 (KHTML, like Gecko) Chrome/140.0.7339.207 Mobile Safari/537.36 (compatible; Googlebot/2.1; +http://www.google.com/bot.html)"
34.239.85.139 - - [17/Oct/2025:06:11:21 +0700] "GET /it-is-a-collection-of-many-suppliers-that-supply-a-variety-of/?fileloc=/home/jkwebsite.my.id/logs/access_log.processed.3.gz&path=/home/jkwebsite.my.id/logs HTTP/1.1" 200 3465 "-" "Mozilla/5.0 AppleWebKit/537.36 (KHTML, like Gecko; compatible; Amazonbot/0.1; +https://developer.amazon.com/support/amazonbot) Chrome/119.0.6045.214 Safari/537.36"
20.171.207.192 - - [17/Oct/2025:06:11:22 +0700] "GET /to-best-assure-this-we-extremely-advocate-buying-directly/?path=/home/jkwebsite.my.id/ujicobaweb.jkwebsite.my.id/wp-content/plugins/elementor-pro/modules/forms/submissions/admin-menu-items HTTP/2" 200 3040 "-" "Mozilla/5.0 AppleWebKit/537.36 (KHTML, like Gecko; compatible; GPTBot/1.2; +https://openai.com/gptbot)"
216.73.216.118 - - [17/Oct/2025:06:11:22 +0700] "GET /1292076?path=%2F HTTP/2" 200 2562 "-" "Mozilla/5.0 AppleWebKit/537.36 (KHTML, like Gecko; compatible; ClaudeBot/1.0; +claudebot@anthropic.com)"
52.22.87.224 - - [17/Oct/2025:06:11:23 +0700] "GET /some-business-consultants-imagine-luxurious-brands-should/?path=/home/jkwebsite.my.id/data.jkwebsite.my.id/wp-content/plugins1/jet-engine/framework/vue-ui HTTP/1.1" 200 4172 "-" "Mozilla/5.0 AppleWebKit/537.36 (KHTML, like Gecko; compatible; Amazonbot/0.1; +https://developer.amazon.com/support/amazonbot) Chrome/119.0.6045.214 Safari/537.36"
66.249.79.235 - - [17/Oct/2025:06:11:23 +0700] "GET /?80786?items=0000000000 HTTP/1.1" 200 23628 "-" "Mozilla/5.0 (Linux; Android 6.0.1; Nexus 5X Build/MMB29P) AppleWebKit/537.36 (KHTML, like Gecko) Chrome/140.0.7339.207 Mobile Safari/537.36 (compatible; Googlebot/2.1; +http://www.google.com/bot.html)"
216.73.216.118 - - [17/Oct/2025:06:11:25 +0700] "GET /1221638?path=%2F HTTP/2" 200 2562 "-" "Mozilla/5.0 AppleWebKit/537.36 (KHTML, like Gecko; compatible; ClaudeBot/1.0; +claudebot@anthropic.com)"
20.171.207.192 - - [17/Oct/2025:06:11:25 +0700] "GET /to-best-assure-this-we-extremely-advocate-buying-directly/?path=/home/jkwebsite.my.id/plugin.jkwebsite.my.id/wp-content/plugins/bdthemes-element-pack/includes/swatches/admin HTTP/2" 200 3071 "-" "Mozilla/5.0 AppleWebKit/537.36 (KHTML, like Gecko; compatible; GPTBot/1.2; +https://openai.com/gptbot)"
44.205.192.249 - - [17/Oct/2025:06:11:25 +0700] "GET /5-inches-long-its-perfectly-sized-for-newbies-plus-its-just/?fileloc=/home/jkwebsite.my.id/data.jkwebsite.my.id/wp-content/plugins/current-date/LICENSE.txt&path=/home/jkwebsite.my.id/data.jkwebsite.my.id/wp-content/plugins/current-date HTTP/1.1" 200 11128 "-" "Mozilla/5.0 AppleWebKit/537.36 (KHTML, like Gecko; compatible; Amazonbot/0.1; +https://developer.amazon.com/support/amazonbot) Chrome/119.0.6045.214 Safari/537.36"
216.73.216.118 - - [17/Oct/2025:06:11:28 +0700] "GET /1753760?path=%2F HTTP/2" 200 2516 "-" "Mozilla/5.0 AppleWebKit/537.36 (KHTML, like Gecko; compatible; ClaudeBot/1.0; +claudebot@anthropic.com)"
20.171.207.192 - - [17/Oct/2025:06:11:28 +0700] "GET /to-best-assure-this-we-extremely-advocate-buying-directly/?path=/home/jkwebsite.my.id/ujicobaweb.jkwebsite.my.id/wp-content/plugins/elementor/modules/landing-pages/admin-menu-items HTTP/2" 200 2984 "-" "Mozilla/5.0 AppleWebKit/537.36 (KHTML, like Gecko; compatible; GPTBot/1.2; +https://openai.com/gptbot)"
34.230.124.21 - - [17/Oct/2025:06:11:29 +0700] "GET /b-grade-is-the-most-grade-of-pretend-designer-baggage-and-is/?path=/home/jkwebsite.my.id/data.jkwebsite.my.id/wp-content/plugins1/elementor-pro/modules/sticky HTTP/1.1" 200 4018 "-" "Mozilla/5.0 AppleWebKit/537.36 (KHTML, like Gecko; compatible; Amazonbot/0.1; +https://developer.amazon.com/support/amazonbot) Chrome/119.0.6045.214 Safari/537.36"
66.249.79.234 - - [17/Oct/2025:06:11:29 +0700] "GET /74433?items=0000000002 HTTP/1.1" 200 23735 "-" "Mozilla/5.0 (Linux; Android 6.0.1; Nexus 5X Build/MMB29P) AppleWebKit/537.36 (KHTML, like Gecko) Chrome/140.0.7339.207 Mobile Safari/537.36 (compatible; Googlebot/2.1; +http://www.google.com/bot.html)"
216.73.216.118 - - [17/Oct/2025:06:11:31 +0700] "GET /4007712?path=%2F HTTP/2" 200 2562 "-" "Mozilla/5.0 AppleWebKit/537.36 (KHTML, like Gecko; compatible; ClaudeBot/1.0; +claudebot@anthropic.com)"
20.171.207.192 - - [17/Oct/2025:06:11:32 +0700] "GET /to-best-assure-this-we-extremely-advocate-buying-directly/?path=/home/jkwebsite.my.id/plugin.jkwebsite.my.id/wp-content/plugins/essential-addons-for-elementor-lite/assets/admin/fonts HTTP/2" 200 3093 "-" "Mozilla/5.0 AppleWebKit/537.36 (KHTML, like Gecko; compatible; GPTBot/1.2; +https://openai.com/gptbot)"
66.249.79.234 - - [17/Oct/2025:06:11:32 +0700] "GET /78563?items=0000000002 HTTP/1.1" 200 23435 "-" "Mozilla/5.0 (Linux; Android 6.0.1; Nexus 5X Build/MMB29P) AppleWebKit/537.36 (KHTML, like Gecko) Chrome/140.0.7339.207 Mobile Safari/537.36 (compatible; Googlebot/2.1; +http://www.google.com/bot.html)"
216.73.216.118 - - [17/Oct/2025:06:11:34 +0700] "GET /766716?path=%2F HTTP/2" 200 2562 "-" "Mozilla/5.0 AppleWebKit/537.36 (KHTML, like Gecko; compatible; ClaudeBot/1.0; +claudebot@anthropic.com)"
3.229.164.203 - - [17/Oct/2025:06:11:35 +0700] "GET /b-grade-is-the-most-grade-of-pretend-designer-baggage-and-is/?path=/home/jkwebsite.my.id/demo.galleryinvitation.my.id/wp-includes/blocks/columns HTTP/1.1" 200 4294 "-" "Mozilla/5.0 AppleWebKit/537.36 (KHTML, like Gecko; compatible; Amazonbot/0.1; +https://developer.amazon.com/support/amazonbot) Chrome/119.0.6045.214 Safari/537.36"
20.171.207.192 - - [17/Oct/2025:06:11:35 +0700] "GET /to-best-assure-this-we-extremely-advocate-buying-directly/?path=/home/jkwebsite.my.id/plugin.jkwebsite.my.id/wp-content/plugins/essential-addons-for-elementor-lite/assets/admin/images HTTP/2" 200 4265 "-" "Mozilla/5.0 AppleWebKit/537.36 (KHTML, like Gecko; compatible; GPTBot/1.2; +https://openai.com/gptbot)"
216.73.216.118 - - [17/Oct/2025:06:11:37 +0700] "GET /3416005?path=%2F HTTP/2" 200 2516 "-" "Mozilla/5.0 AppleWebKit/537.36 (KHTML, like Gecko; compatible; ClaudeBot/1.0; +claudebot@anthropic.com)"
3.235.215.92 - - [17/Oct/2025:06:11:38 +0700] "GET /first-of-all-you-should-never-play-at-a-on-line-casino-with/?path=/home/jkwebsite.my.id/data.jkwebsite.my.id/wp-content/themes/newsmash/assets/css HTTP/1.1" 200 4129 "-" "Mozilla/5.0 AppleWebKit/537.36 (KHTML, like Gecko; compatible; Amazonbot/0.1; +https://developer.amazon.com/support/amazonbot) Chrome/119.0.6045.214 Safari/537.36"
20.171.207.192 - - [17/Oct/2025:06:11:38 +0700] "GET /to-best-assure-this-we-extremely-advocate-buying-directly/?path=/home/jkwebsite.my.id/plugin.jkwebsite.my.id/wp-content/plugins/essential-addons-for-elementor-lite/assets/admin/js HTTP/2" 200 3015 "-" "Mozilla/5.0 AppleWebKit/537.36 (KHTML, like Gecko; compatible; GPTBot/1.2; +https://openai.com/gptbot)"
216.73.216.118 - - [17/Oct/2025:06:11:40 +0700] "GET /4007314?path=%2F HTTP/2" 200 2562 "-" "Mozilla/5.0 AppleWebKit/537.36 (KHTML, like Gecko; compatible; ClaudeBot/1.0; +claudebot@anthropic.com)"
3.211.181.86 - - [17/Oct/2025:06:11:41 +0700] "GET /first-of-all-you-should-never-play-at-a-on-line-casino-with/?fileloc=/home/jkwebsite.my.id/invitedme.web.id/wp-includes/SimplePie/autoloader.php&path=/home/jkwebsite.my.id/invitedme.web.id/wp-includes/SimplePie HTTP/1.1" 200 5390 "-" "Mozilla/5.0 AppleWebKit/537.36 (KHTML, like Gecko; compatible; Amazonbot/0.1; +https://developer.amazon.com/support/amazonbot) Chrome/119.0.6045.214 Safari/537.36"
20.171.207.192 - - [17/Oct/2025:06:11:41 +0700] "GET /to-best-assure-this-we-extremely-advocate-buying-directly/?path=/home/jkwebsite.my.id/plugin.jkwebsite.my.id/wp-content/plugins/essential-addons-for-elementor-lite/assets/admin/vendor HTTP/2" 200 2945 "-" "Mozilla/5.0 AppleWebKit/537.36 (KHTML, like Gecko; compatible; GPTBot/1.2; +https://openai.com/gptbot)"
216.73.216.118 - - [17/Oct/2025:06:11:43 +0700] "GET /597780?path=%2F HTTP/2" 200 2562 "-" "Mozilla/5.0 AppleWebKit/537.36 (KHTML, like Gecko; compatible; ClaudeBot/1.0; +claudebot@anthropic.com)"
20.171.207.192 - - [17/Oct/2025:06:11:44 +0700] "GET /to-best-assure-this-we-extremely-advocate-buying-directly/?path=/home/jkwebsite.my.id/ujicobaweb.jkwebsite.my.id/wp-content/plugins/jet-elements/templates/admin-templates HTTP/2" 200 3112 "-" "Mozilla/5.0 AppleWebKit/537.36 (KHTML, like Gecko; compatible; GPTBot/1.2; +https://openai.com/gptbot)"
52.6.97.88 - - [17/Oct/2025:06:11:46 +0700] "GET /but-if-youre-unsure-in-regards-to-the-colour/?path=/home/jkwebsite.my.id/invitedme.web.id/wp-content/plugins/template-undangan HTTP/1.1" 200 4509 "-" "Mozilla/5.0 AppleWebKit/537.36 (KHTML, like Gecko; compatible; Amazonbot/0.1; +https://developer.amazon.com/support/amazonbot) Chrome/119.0.6045.214 Safari/537.36"
216.73.216.118 - - [17/Oct/2025:06:11:46 +0700] "GET /248927?path=%2F HTTP/2" 200 2562 "-" "Mozilla/5.0 AppleWebKit/537.36 (KHTML, like Gecko; compatible; ClaudeBot/1.0; +claudebot@anthropic.com)"
20.171.207.192 - - [17/Oct/2025:06:11:47 +0700] "GET /to-best-assure-this-we-extremely-advocate-buying-directly/?path=/home/jkwebsite.my.id/plugin.jkwebsite.my.id/wp-content/plugins/essential-addons-for-elementor-lite/assets/admin/images/layout-previews HTTP/2" 200 4608 "-" "Mozilla/5.0 AppleWebKit/537.36 (KHTML, like Gecko; compatible; GPTBot/1.2; +https://openai.com/gptbot)"
216.73.216.118 - - [17/Oct/2025:06:11:49 +0700] "GET /2020942?path=%2F HTTP/2" 200 2562 "-" "Mozilla/5.0 AppleWebKit/537.36 (KHTML, like Gecko; compatible; ClaudeBot/1.0; +claudebot@anthropic.com)"
18.235.158.19 - - [17/Oct/2025:06:11:50 +0700] "GET /b-grade-is-the-most-grade-of-pretend-designer-baggage-and-is/?path=/home/jkwebsite.my.id/data.jkwebsite.my.id/wp-content/plugins1/themegrill-demo-importer/inc/walkers HTTP/1.1" 200 4095 "-" "Mozilla/5.0 AppleWebKit/537.36 (KHTML, like Gecko; compatible; Amazonbot/0.1; +https://developer.amazon.com/support/amazonbot) Chrome/119.0.6045.214 Safari/537.36"
20.171.207.192 - - [17/Oct/2025:06:11:51 +0700] "GET /to-best-assure-this-we-extremely-advocate-buying-directly/?path=/home/jkwebsite.my.id/ujicobaweb.jkwebsite.my.id/wp-content/plugins/elementor/includes/settings/admin-menu-items HTTP/2" 200 3111 "-" "Mozilla/5.0 AppleWebKit/537.36 (KHTML, like Gecko; compatible; GPTBot/1.2; +https://openai.com/gptbot)"
66.249.79.234 - - [17/Oct/2025:06:11:50 +0700] "GET /78570?items=0000000000 HTTP/1.1" 200 23441 "-" "Mozilla/5.0 (Linux; Android 6.0.1; Nexus 5X Build/MMB29P) AppleWebKit/537.36 (KHTML, like Gecko) Chrome/140.0.7339.207 Mobile Safari/537.36 (compatible; Googlebot/2.1; +http://www.google.com/bot.html)"
216.73.216.118 - - [17/Oct/2025:06:11:52 +0700] "GET /766848?path=%2F HTTP/2" 200 2562 "-" "Mozilla/5.0 AppleWebKit/537.36 (KHTML, like Gecko; compatible; ClaudeBot/1.0; +claudebot@anthropic.com)"
20.171.207.192 - - [17/Oct/2025:06:11:54 +0700] "GET /to-best-assure-this-we-extremely-advocate-buying-directly/?path=/home/jkwebsite.my.id/plugin.jkwebsite.my.id/wp-content/plugins/essential-addons-for-elementor-lite/assets/admin/images/essential-blocks HTTP/2" 200 3170 "-" "Mozilla/5.0 AppleWebKit/537.36 (KHTML, like Gecko; compatible; GPTBot/1.2; +https://openai.com/gptbot)"
216.73.216.118 - - [17/Oct/2025:06:11:55 +0700] "GET /2508971?path=%2F HTTP/2" 200 2562 "-" "Mozilla/5.0 AppleWebKit/537.36 (KHTML, like Gecko; compatible; ClaudeBot/1.0; +claudebot@anthropic.com)"
34.192.67.98 - - [17/Oct/2025:06:11:56 +0700] "GET /first-of-all-you-should-never-play-at-a-on-line-casino-with/?path=/home/jkwebsite.my.id/data.jkwebsite.my.id/wp-content/plugins1/athemes-starter-sites/js/jqueryui HTTP/1.1" 200 4099 "-" "Mozilla/5.0 AppleWebKit/537.36 (KHTML, like Gecko; compatible; Amazonbot/0.1; +https://developer.amazon.com/support/amazonbot) Chrome/119.0.6045.214 Safari/537.36"
66.249.79.234 - - [17/Oct/2025:06:11:56 +0700] "GET /308672?items=0000000000 HTTP/1.1" 200 23499 "-" "Mozilla/5.0 (Linux; Android 6.0.1; Nexus 5X Build/MMB29P) AppleWebKit/537.36 (KHTML, like Gecko) Chrome/140.0.7339.207 Mobile Safari/537.36 (compatible; Googlebot/2.1; +http://www.google.com/bot.html)"
20.171.207.192 - - [17/Oct/2025:06:11:57 +0700] "GET /to-best-assure-this-we-extremely-advocate-buying-directly/?path=/home/jkwebsite.my.id/plugin.jkwebsite.my.id/wp-content/plugins/essential-addons-for-elementor-lite/assets/admin/images/templately HTTP/2" 200 3201 "-" "Mozilla/5.0 AppleWebKit/537.36 (KHTML, like Gecko; compatible; GPTBot/1.2; +https://openai.com/gptbot)"
18.215.24.66 - - [17/Oct/2025:06:11:57 +0700] "GET /first-of-all-you-should-never-play-at-a-on-line-casino-with/?path=/home/jkwebsite.my.id/ujicobaweb.jkwebsite.my.id/wp-includes/blocks/gallery HTTP/1.1" 200 4402 "-" "Mozilla/5.0 AppleWebKit/537.36 (KHTML, like Gecko; compatible; Amazonbot/0.1; +https://developer.amazon.com/support/amazonbot) Chrome/119.0.6045.214 Safari/537.36"
216.73.216.118 - - [17/Oct/2025:06:11:58 +0700] "GET /32925?path=%2F HTTP/2" 200 2562 "-" "Mozilla/5.0 AppleWebKit/537.36 (KHTML, like Gecko; compatible; ClaudeBot/1.0; +claudebot@anthropic.com)"
66.249.79.234 - - [17/Oct/2025:06:11:59 +0700] "GET /78507?items=0000000002 HTTP/1.1" 200 23590 "-" "Mozilla/5.0 (Linux; Android 6.0.1; Nexus 5X Build/MMB29P) AppleWebKit/537.36 (KHTML, like Gecko) Chrome/140.0.7339.207 Mobile Safari/537.36 (compatible; Googlebot/2.1; +http://www.google.com/bot.html)"
20.171.207.192 - - [17/Oct/2025:06:12:00 +0700] "GET /to-best-assure-this-we-extremely-advocate-buying-directly/?fileloc=/home/jkwebsite.my.id/plugin.jkwebsite.my.id/wp-content/plugins/essential-addons-for-elementor-lite/assets/admin/images/layout-previews/woo-product-carousel-preset-2.png&path=/home/jkwebsite.my.id/plugin.jkwebsite.my.id/wp-content/plugins/essential-addons-for-elementor-lite/assets/admin/images/layout-previews HTTP/2" 200 2614 "-" "Mozilla/5.0 AppleWebKit/537.36 (KHTML, like Gecko; compatible; GPTBot/1.2; +https://openai.com/gptbot)"
216.73.216.118 - - [17/Oct/2025:06:12:01 +0700] "GET /1753315?path=%2F HTTP/2" 200 2516 "-" "Mozilla/5.0 AppleWebKit/537.36 (KHTML, like Gecko; compatible; ClaudeBot/1.0; +claudebot@anthropic.com)"
100.29.164.178 - - [17/Oct/2025:06:12:02 +0700] "GET /some-business-consultants-imagine-luxurious-brands-should/?path=/home/jkwebsite.my.id/data.jkwebsite.my.id/wp-content/themes/business-coach/inc/custom-controls HTTP/1.1" 200 3843 "-" "Mozilla/5.0 AppleWebKit/537.36 (KHTML, like Gecko; compatible; Amazonbot/0.1; +https://developer.amazon.com/support/amazonbot) Chrome/119.0.6045.214 Safari/537.36"
20.171.207.192 - - [17/Oct/2025:06:12:04 +0700] "GET /to-best-assure-this-we-extremely-advocate-buying-directly/?fileloc=/home/jkwebsite.my.id/plugin.jkwebsite.my.id/wp-content/plugins/essential-addons-for-elementor-lite/assets/admin/images/layout-previews/testimonial-classic-style.png&path=/home/jkwebsite.my.id/plugin.jkwebsite.my.id/wp-content/plugins/essential-addons-for-elementor-lite/assets/admin/images/layout-previews HTTP/2" 200 2656 "-" "Mozilla/5.0 AppleWebKit/537.36 (KHTML, like Gecko; compatible; GPTBot/1.2; +https://openai.com/gptbot)"
216.73.216.118 - - [17/Oct/2025:06:12:04 +0700] "GET /2299078?path=%2F HTTP/2" 200 2516 "-" "Mozilla/5.0 AppleWebKit/537.36 (KHTML, like Gecko; compatible; ClaudeBot/1.0; +claudebot@anthropic.com)"
20.171.207.192 - - [17/Oct/2025:06:12:08 +0700] "GET /to-best-assure-this-we-extremely-advocate-buying-directly/?path=/home/jkwebsite.my.id/plugin.jkwebsite.my.id/wp-content/plugins/elementor/modules/floating-buttons/admin-menu-items HTTP/2" 200 3027 "-" "Mozilla/5.0 AppleWebKit/537.36 (KHTML, like Gecko; compatible; GPTBot/1.2; +https://openai.com/gptbot)"
216.73.216.118 - - [17/Oct/2025:06:12:08 +0700] "GET /the-ultimate-guide-to-casino-magius-uk-your-next?fileloc=%2Fhome%2Fjkwebsite.my.id%2Fplugin.jkwebsite.my.id%2Flicense.txt&path=%2Fhome%2Fjkwebsite.my.id%2Fplugin.jkwebsite.my.id HTTP/2" 200 9909 "-" "Mozilla/5.0 AppleWebKit/537.36 (KHTML, like Gecko; compatible; ClaudeBot/1.0; +claudebot@anthropic.com)"
52.45.29.57 - - [17/Oct/2025:06:12:09 +0700] "GET /b-grade-is-the-most-grade-of-pretend-designer-baggage-and-is/?path=/home/jkwebsite.my.id/data.jkwebsite.my.id/wp-content/plugins1/themegrill-demo-importer/inc/fields HTTP/1.1" 200 6838 "-" "Mozilla/5.0 AppleWebKit/537.36 (KHTML, like Gecko; compatible; Amazonbot/0.1; +https://developer.amazon.com/support/amazonbot) Chrome/119.0.6045.214 Safari/537.36"
54.197.82.195 - - [17/Oct/2025:06:12:09 +0700] "GET /b-grade-is-the-most-grade-of-pretend-designer-baggage-and-is/?path=/home/jkwebsite.my.id/data.jkwebsite.my.id/wp-content/plugins1/wp-dark-mode/assets/support HTTP/1.1" 200 4014 "-" "Mozilla/5.0 AppleWebKit/537.36 (KHTML, like Gecko; compatible; Amazonbot/0.1; +https://developer.amazon.com/support/amazonbot) Chrome/119.0.6045.214 Safari/537.36"
20.171.207.192 - - [17/Oct/2025:06:12:10 +0700] "GET /to-best-assure-this-we-extremely-advocate-buying-directly/?path=/home/jkwebsite.my.id/plugin.jkwebsite.my.id/wp-content/plugins/elementor/includes/settings/admin-menu-items HTTP/2" 200 3067 "-" "Mozilla/5.0 AppleWebKit/537.36 (KHTML, like Gecko; compatible; GPTBot/1.2; +https://openai.com/gptbot)"
216.73.216.118 - - [17/Oct/2025:06:12:10 +0700] "GET /1221133?path=%2F HTTP/2" 200 2562 "-" "Mozilla/5.0 AppleWebKit/537.36 (KHTML, like Gecko; compatible; ClaudeBot/1.0; +claudebot@anthropic.com)"
20.171.207.192 - - [17/Oct/2025:06:12:13 +0700] "GET /to-best-assure-this-we-extremely-advocate-buying-directly/?path=/home/jkwebsite.my.id/plugin.jkwebsite.my.id/wp-content/plugins/elementor/modules/landing-pages/admin-menu-items HTTP/2" 200 3012 "-" "Mozilla/5.0 AppleWebKit/537.36 (KHTML, like Gecko; compatible; GPTBot/1.2; +https://openai.com/gptbot)"
52.0.105.244 - - [17/Oct/2025:06:12:13 +0700] "GET /first-of-all-you-should-never-play-at-a-on-line-casino-with/?path=/home/jkwebsite.my.id/plugin.jkwebsite.my.id/wp-includes/blocks/calendar HTTP/1.1" 200 4076 "-" "Mozilla/5.0 AppleWebKit/537.36 (KHTML, like Gecko; compatible; Amazonbot/0.1; +https://developer.amazon.com/support/amazonbot) Chrome/119.0.6045.214 Safari/537.36"
216.73.216.118 - - [17/Oct/2025:06:12:13 +0700] "GET /a-good-replica-bag-will-be-made-of-excellent-supplies-and/feed?fileloc=%2Fhome%2Fjkwebsite.my.id%2Fdata.jkwebsite.my.id%2Fwp-includes%2Fblocks%2Fcover%2Fstyle.css&path=%2Fhome%2Fjkwebsite.my.id%2Fdata.jkwebsite.my.id%2Fwp-includes%2Fblocks%2Fcover HTTP/2" 200 4236 "-" "Mozilla/5.0 AppleWebKit/537.36 (KHTML, like Gecko; compatible; ClaudeBot/1.0; +claudebot@anthropic.com)"
216.73.216.118 - - [17/Oct/2025:06:12:16 +0700] "GET /1780674?path=%2Fhome%2Fjkwebsite.my.id%2Fdata.jkwebsite.my.id%2F.tmb HTTP/2" 200 2562 "-" "Mozilla/5.0 AppleWebKit/537.36 (KHTML, like Gecko; compatible; ClaudeBot/1.0; +claudebot@anthropic.com)"
20.171.207.192 - - [17/Oct/2025:06:12:16 +0700] "GET /to-best-assure-this-we-extremely-advocate-buying-directly/?path=/home/jkwebsite.my.id/plugin.jkwebsite.my.id/wp-content/plugins/essential-addons-for-elementor-lite/assets/admin/images/quick-setup HTTP/2" 200 5194 "-" "Mozilla/5.0 AppleWebKit/537.36 (KHTML, like Gecko; compatible; GPTBot/1.2; +https://openai.com/gptbot)"
52.0.105.244 - - [17/Oct/2025:06:12:17 +0700] "GET /first-of-all-you-should-never-play-at-a-on-line-casino-with/?fileloc=/home/jkwebsite.my.id/demo.galleryinvitation.my.id/wp-includes/js/wp-ajax-response.js&path=/home/jkwebsite.my.id/demo.galleryinvitation.my.id/wp-includes/js HTTP/1.1" 200 5056 "-" "Mozilla/5.0 AppleWebKit/537.36 (KHTML, like Gecko; compatible; Amazonbot/0.1; +https://developer.amazon.com/support/amazonbot) Chrome/119.0.6045.214 Safari/537.36"
66.249.79.234 - - [17/Oct/2025:06:12:18 +0700] "GET /64382?items=0000000000 HTTP/1.1" 200 23634 "-" "Mozilla/5.0 (Linux; Android 6.0.1; Nexus 5X Build/MMB29P) AppleWebKit/537.36 (KHTML, like Gecko) Chrome/140.0.7339.207 Mobile Safari/537.36 (compatible; Googlebot/2.1; +http://www.google.com/bot.html)"
216.73.216.118 - - [17/Oct/2025:06:12:19 +0700] "GET /22896?path=%2F HTTP/2" 200 2516 "-" "Mozilla/5.0 AppleWebKit/537.36 (KHTML, like Gecko; compatible; ClaudeBot/1.0; +claudebot@anthropic.com)"
20.171.207.192 - - [17/Oct/2025:06:12:19 +0700] "GET /to-best-assure-this-we-extremely-advocate-buying-directly/?path=/home/jkwebsite.my.id/ujicobaweb.jkwebsite.my.id/wp-content/plugins/elementor-pro/modules/custom-code/admin-menu-items HTTP/2" 200 3021 "-" "Mozilla/5.0 AppleWebKit/537.36 (KHTML, like Gecko; compatible; GPTBot/1.2; +https://openai.com/gptbot)"
34.239.197.197 - - [17/Oct/2025:06:12:21 +0700] "GET /first-of-all-you-should-never-play-at-a-on-line-casino-with/?path=/home/jkwebsite.my.id/invitedme.web.id/wp-includes/blocks/query-no-results HTTP/1.1" 200 3884 "-" "Mozilla/5.0 AppleWebKit/537.36 (KHTML, like Gecko; compatible; Amazonbot/0.1; +https://developer.amazon.com/support/amazonbot) Chrome/119.0.6045.214 Safari/537.36"
112.187.248.206 - - [17/Oct/2025:06:12:21 +0700] "GET /les-probabilites-comme-atout-pour-des-victoires-au-instant-casino/ HTTP/1.1" 200 4445 "https://data.jkwebsite.my.id/" "Mozilla/5.0 (X11; Ubuntu; Linux i686; rv:114.0) Gecko/20100101 Firefox/114.0"
216.73.216.118 - - [17/Oct/2025:06:12:22 +0700] "GET /the-ultimate-guide-to-casino-magius-uk-your-next?path=%2Fhome%2Fjkwebsite.my.id%2Fdata.jkwebsite.my.id%2Fwp-content%2Fthemes%2Farchives-1753762744 HTTP/2" 200 3853 "-" "Mozilla/5.0 AppleWebKit/537.36 (KHTML, like Gecko; compatible; ClaudeBot/1.0; +claudebot@anthropic.com)"
20.171.207.192 - - [17/Oct/2025:06:12:23 +0700] "GET /to-best-assure-this-we-extremely-advocate-buying-directly/?path=/home/jkwebsite.my.id/ujicobaweb.jkwebsite.my.id/wp-content/plugins/elementor-pro/modules/tiers/admin-menu-items HTTP/2" 200 3015 "-" "Mozilla/5.0 AppleWebKit/537.36 (KHTML, like Gecko; compatible; GPTBot/1.2; +https://openai.com/gptbot)"
112.187.248.206 - - [17/Oct/2025:06:12:24 +0700] "GET /les-probabilites-comme-atout-pour-des-victoires-au-instant-casino/?fileloc=/home/jkwebsite.my.id/data.jkwebsite.my.id/wp-config-sample.php&path=/home/jkwebsite.my.id/data.jkwebsite.my.id HTTP/1.1" 200 4255 "https://data.jkwebsite.my.id/les-probabilites-comme-atout-pour-des-victoires-au-instant-casino/" "Mozilla/5.0 (X11; Ubuntu; Linux i686; rv:114.0) Gecko/20100101 Firefox/114.0"
216.73.216.118 - - [17/Oct/2025:06:12:25 +0700] "GET /4498062?path=%2Fhome%2Fjkwebsite.my.id%2Fdata.jkwebsite.my.id%2F.tmb HTTP/2" 200 2608 "-" "Mozilla/5.0 AppleWebKit/537.36 (KHTML, like Gecko; compatible; ClaudeBot/1.0; +claudebot@anthropic.com)"
20.171.207.192 - - [17/Oct/2025:06:12:26 +0700] "GET /fourbet-a-modern-guide-to-strategy-technology-and/?path=/home/jkwebsite.my.id/demo.galleryinvitation.my.id/wp-content/plugins/elementor/modules/elements-color-picker HTTP/2" 200 2949 "-" "Mozilla/5.0 AppleWebKit/537.36 (KHTML, like Gecko; compatible; GPTBot/1.2; +https://openai.com/gptbot)"
18.210.58.238 - - [17/Oct/2025:06:12:26 +0700] "GET /first-of-all-you-should-never-play-at-a-on-line-casino-with/?fileloc=/home/jkwebsite.my.id/data.jkwebsite.my.id/wp-content/plugins/admin-site-enhancements/classes/class-login-logout-menu.php&path=/home/jkwebsite.my.id/data.jkwebsite.my.id/wp-content/plugins/admin-site-enhancements/classes HTTP/1.1" 200 5252 "-" "Mozilla/5.0 AppleWebKit/537.36 (KHTML, like Gecko; compatible; Amazonbot/0.1; +https://developer.amazon.com/support/amazonbot) Chrome/119.0.6045.214 Safari/537.36"
216.73.216.118 - - [17/Oct/2025:06:12:28 +0700] "GET /32427?path=%2F HTTP/2" 200 2562 "-" "Mozilla/5.0 AppleWebKit/537.36 (KHTML, like Gecko; compatible; ClaudeBot/1.0; +claudebot@anthropic.com)"
20.171.207.192 - - [17/Oct/2025:06:12:29 +0700] "GET /to-best-assure-this-we-extremely-advocate-buying-directly/?path=/home/jkwebsite.my.id/plugin.jkwebsite.my.id/wp-content/plugins/bdthemes-element-pack/modules/mailchimp-for-wp/widgets HTTP/2" 200 2969 "-" "Mozilla/5.0 AppleWebKit/537.36 (KHTML, like Gecko; compatible; GPTBot/1.2; +https://openai.com/gptbot)"
54.85.7.119 - - [17/Oct/2025:06:12:29 +0700] "GET /first-of-all-you-should-never-play-at-a-on-line-casino-with/?path=/home/jkwebsite.my.id/data.jkwebsite.my.id/wp-content/plugins/file-manager/backend/hooks HTTP/1.1" 200 3972 "-" "Mozilla/5.0 AppleWebKit/537.36 (KHTML, like Gecko; compatible; Amazonbot/0.1; +https://developer.amazon.com/support/amazonbot) Chrome/119.0.6045.214 Safari/537.36"
66.249.79.234 - - [17/Oct/2025:06:12:30 +0700] "GET /64383?items=0000000002 HTTP/1.1" 200 23725 "-" "Mozilla/5.0 (Linux; Android 6.0.1; Nexus 5X Build/MMB29P) AppleWebKit/537.36 (KHTML, like Gecko) Chrome/140.0.7339.207 Mobile Safari/537.36 (compatible; Googlebot/2.1; +http://www.google.com/bot.html)"
216.73.216.118 - - [17/Oct/2025:06:12:31 +0700] "GET /22937?path=%2F HTTP/2" 200 2562 "-" "Mozilla/5.0 AppleWebKit/537.36 (KHTML, like Gecko; compatible; ClaudeBot/1.0; +claudebot@anthropic.com)"
20.171.207.192 - - [17/Oct/2025:06:12:32 +0700] "GET /fourbet-a-modern-guide-to-strategy-technology-and/?path=/home/jkwebsite.my.id/demo.galleryinvitation.my.id/wp-content/plugins/elementor/includes/elements HTTP/2" 200 3085 "-" "Mozilla/5.0 AppleWebKit/537.36 (KHTML, like Gecko; compatible; GPTBot/1.2; +https://openai.com/gptbot)"
216.73.216.118 - - [17/Oct/2025:06:12:34 +0700] "GET /3204994?path=%2F HTTP/2" 200 2562 "-" "Mozilla/5.0 AppleWebKit/537.36 (KHTML, like Gecko; compatible; ClaudeBot/1.0; +claudebot@anthropic.com)"
54.147.238.89 - - [17/Oct/2025:06:12:34 +0700] "GET /first-of-all-you-should-never-play-at-a-on-line-casino-with/?path=/home/jkwebsite.my.id/demo.galleryinvitation.my.id/wp-includes/blocks/post-featured-image HTTP/1.1" 200 4314 "-" "Mozilla/5.0 AppleWebKit/537.36 (KHTML, like Gecko; compatible; Amazonbot/0.1; +https://developer.amazon.com/support/amazonbot) Chrome/119.0.6045.214 Safari/537.36"
20.171.207.192 - - [17/Oct/2025:06:12:35 +0700] "GET /to-best-assure-this-we-extremely-advocate-buying-directly/?path=/home/jkwebsite.my.id/demo.galleryinvitation.my.id/wp-content/languages HTTP/2" 200 6425 "-" "Mozilla/5.0 AppleWebKit/537.36 (KHTML, like Gecko; compatible; GPTBot/1.2; +https://openai.com/gptbot)"
216.73.216.118 - - [17/Oct/2025:06:12:37 +0700] "GET /4301700?path=%2F HTTP/2" 200 2562 "-" "Mozilla/5.0 AppleWebKit/537.36 (KHTML, like Gecko; compatible; ClaudeBot/1.0; +claudebot@anthropic.com)"
23.23.137.202 - - [17/Oct/2025:06:12:37 +0700] "GET /some-business-consultants-imagine-luxurious-brands-should/?path=/home/jkwebsite.my.id/data.jkwebsite.my.id/wp-content/plugins1/header-footer-elementor/assets/fonts HTTP/1.1" 200 4107 "-" "Mozilla/5.0 AppleWebKit/537.36 (KHTML, like Gecko; compatible; Amazonbot/0.1; +https://developer.amazon.com/support/amazonbot) Chrome/119.0.6045.214 Safari/537.36"
20.171.207.192 - - [17/Oct/2025:06:12:38 +0700] "GET /fourbet-a-modern-guide-to-strategy-technology-and/?path=/home/jkwebsite.my.id/demo.galleryinvitation.my.id/wp-content/plugins/elementor/modules/page-templates/templates HTTP/2" 200 3002 "-" "Mozilla/5.0 AppleWebKit/537.36 (KHTML, like Gecko; compatible; GPTBot/1.2; +https://openai.com/gptbot)"
216.73.216.118 - - [17/Oct/2025:06:12:40 +0700] "GET /537929?path=%2F HTTP/2" 200 2516 "-" "Mozilla/5.0 AppleWebKit/537.36 (KHTML, like Gecko; compatible; ClaudeBot/1.0; +claudebot@anthropic.com)"
44.207.207.36 - - [17/Oct/2025:06:12:41 +0700] "GET /some-business-consultants-imagine-luxurious-brands-should/?path=/home/jkwebsite.my.id/invitedme.web.id/wp-includes/blocks/gallery HTTP/1.1" 200 4393 "-" "Mozilla/5.0 AppleWebKit/537.36 (KHTML, like Gecko; compatible; Amazonbot/0.1; +https://developer.amazon.com/support/amazonbot) Chrome/119.0.6045.214 Safari/537.36"
20.171.207.192 - - [17/Oct/2025:06:12:41 +0700] "GET /to-best-assure-this-we-extremely-advocate-buying-directly/?path=/home/jkwebsite.my.id/ujicobaweb.jkwebsite.my.id/wp-includes/sodium_compat HTTP/2" 200 3164 "-" "Mozilla/5.0 AppleWebKit/537.36 (KHTML, like Gecko; compatible; GPTBot/1.2; +https://openai.com/gptbot)"
216.73.216.118 - - [17/Oct/2025:06:12:43 +0700] "GET /the-ultimate-guide-to-casino-magius-uk-your-next?path=%2Fhome%2Fjkwebsite.my.id%2Finvitedme.web.id%2Fwp-admin%2Fnetwork HTTP/2" 200 3893 "-" "Mozilla/5.0 AppleWebKit/537.36 (KHTML, like Gecko; compatible; ClaudeBot/1.0; +claudebot@anthropic.com)"
20.171.207.192 - - [17/Oct/2025:06:12:45 +0700] "GET /to-best-assure-this-we-extremely-advocate-buying-directly/?path=/home/jkwebsite.my.id/plugin.jkwebsite.my.id/wp-content/plugins/weddingsaas-pro/includes/frontend/public HTTP/2" 200 2954 "-" "Mozilla/5.0 AppleWebKit/537.36 (KHTML, like Gecko; compatible; GPTBot/1.2; +https://openai.com/gptbot)"
66.249.79.234 - - [17/Oct/2025:06:12:45 +0700] "GET /78566?items=0000000000 HTTP/1.1" 200 23787 "-" "Mozilla/5.0 (Linux; Android 6.0.1; Nexus 5X Build/MMB29P) AppleWebKit/537.36 (KHTML, like Gecko) Chrome/140.0.7339.207 Mobile Safari/537.36 (compatible; Googlebot/2.1; +http://www.google.com/bot.html)"
18.210.58.238 - - [17/Oct/2025:06:12:46 +0700] "GET /some-business-consultants-imagine-luxurious-brands-should/?path=/home/jkwebsite.my.id/data.jkwebsite.my.id/wp-content/plugins1/elementor-pro/core/connect HTTP/1.1" 200 4087 "-" "Mozilla/5.0 AppleWebKit/537.36 (KHTML, like Gecko; compatible; Amazonbot/0.1; +https://developer.amazon.com/support/amazonbot) Chrome/119.0.6045.214 Safari/537.36"
216.73.216.118 - - [17/Oct/2025:06:12:46 +0700] "GET /4873982?path=%2F HTTP/2" 200 2562 "-" "Mozilla/5.0 AppleWebKit/537.36 (KHTML, like Gecko; compatible; ClaudeBot/1.0; +claudebot@anthropic.com)"
51.195.183.60 - - [17/Oct/2025:06:12:47 +0700] "GET /826584?path=/ HTTP/2" 200 2562 "-" "Mozilla/5.0 (compatible; AhrefsBot/7.0; +http://ahrefs.com/robot/)"
20.171.207.192 - - [17/Oct/2025:06:12:48 +0700] "GET /to-best-assure-this-we-extremely-advocate-buying-directly/?path=/home/jkwebsite.my.id/ujicobaweb.jkwebsite.my.id/wp-includes/js/thickbox HTTP/2" 200 3078 "-" "Mozilla/5.0 AppleWebKit/537.36 (KHTML, like Gecko; compatible; GPTBot/1.2; +https://openai.com/gptbot)"
34.199.252.22 - - [17/Oct/2025:06:12:49 +0700] "GET /a-fascinante-matematica-dos-jogos-no-monsterwin/?fileloc=/home/jkwebsite.my.id/data.jkwebsite.my.id/wp-includes/class-wp-http.php&path=/home/jkwebsite.my.id/data.jkwebsite.my.id/wp-includes HTTP/1.1" 200 16685 "-" "Mozilla/5.0 AppleWebKit/537.36 (KHTML, like Gecko; compatible; Amazonbot/0.1; +https://developer.amazon.com/support/amazonbot) Chrome/119.0.6045.214 Safari/537.36"
216.73.216.118 - - [17/Oct/2025:06:12:49 +0700] "GET /1292114?path=%2F HTTP/2" 200 2562 "-" "Mozilla/5.0 AppleWebKit/537.36 (KHTML, like Gecko; compatible; ClaudeBot/1.0; +claudebot@anthropic.com)"
20.171.207.192 - - [17/Oct/2025:06:12:51 +0700] "GET /to-best-assure-this-we-extremely-advocate-buying-directly/?path=/home/jkwebsite.my.id/demo.galleryinvitation.my.id/wp-content/languages/plugins HTTP/2" 200 4842 "-" "Mozilla/5.0 AppleWebKit/537.36 (KHTML, like Gecko; compatible; GPTBot/1.2; +https://openai.com/gptbot)"
216.73.216.118 - - [17/Oct/2025:06:12:52 +0700] "GET /the-ultimate-guide-to-casino-magius-uk-your-next?path=%2Fhome%2Fjkwebsite.my.id%2Fdata.jkwebsite.my.id%2Fwp-content%2Fthemes%2Fconfig_1740064848%2Fimages HTTP/2" 200 3321 "-" "Mozilla/5.0 AppleWebKit/537.36 (KHTML, like Gecko; compatible; ClaudeBot/1.0; +claudebot@anthropic.com)"
20.171.207.192 - - [17/Oct/2025:06:12:54 +0700] "GET /to-best-assure-this-we-extremely-advocate-buying-directly/?path=/home/jkwebsite.my.id/demo.galleryinvitation.my.id/wp-content/languages/themes HTTP/2" 200 3257 "-" "Mozilla/5.0 AppleWebKit/537.36 (KHTML, like Gecko; compatible; GPTBot/1.2; +https://openai.com/gptbot)"
23.23.99.55 - - [17/Oct/2025:06:12:55 +0700] "GET /b-grade-is-the-most-grade-of-pretend-designer-baggage-and-is/?fileloc=/home/jkwebsite.my.id/data.jkwebsite.my.id/wp-content/plugins/simple-google-icalendar-widget/js/simple-ical-block.js&path=/home/jkwebsite.my.id/data.jkwebsite.my.id/wp-content/plugins/simple-google-icalendar-widget/js HTTP/1.1" 200 11350 "-" "Mozilla/5.0 AppleWebKit/537.36 (KHTML, like Gecko; compatible; Amazonbot/0.1; +https://developer.amazon.com/support/amazonbot) Chrome/119.0.6045.214 Safari/537.36"
216.73.216.118 - - [17/Oct/2025:06:12:55 +0700] "GET /1221714?path=%2F HTTP/2" 200 2562 "-" "Mozilla/5.0 AppleWebKit/537.36 (KHTML, like Gecko; compatible; ClaudeBot/1.0; +claudebot@anthropic.com)"
20.171.207.192 - - [17/Oct/2025:06:12:57 +0700] "GET /to-best-assure-this-we-extremely-advocate-buying-directly/?path=/home/jkwebsite.my.id/ujicobaweb.jkwebsite.my.id/wp-includes/sodium_compat/lib HTTP/2" 200 3255 "-" "Mozilla/5.0 AppleWebKit/537.36 (KHTML, like Gecko; compatible; GPTBot/1.2; +https://openai.com/gptbot)"
66.249.79.234 - - [17/Oct/2025:06:12:56 +0700] "GET /221359?items=0000000002 HTTP/1.1" 200 23664 "-" "Mozilla/5.0 (Linux; Android 6.0.1; Nexus 5X Build/MMB29P) AppleWebKit/537.36 (KHTML, like Gecko) Chrome/140.0.7339.207 Mobile Safari/537.36 (compatible; Googlebot/2.1; +http://www.google.com/bot.html)"
98.83.72.38 - - [17/Oct/2025:06:12:57 +0700] "GET /b-grade-is-the-most-grade-of-pretend-designer-baggage-and-is/?path=/home/jkwebsite.my.id/data.jkwebsite.my.id/wp-content/themes/izo/sass/components HTTP/1.1" 200 4294 "-" "Mozilla/5.0 AppleWebKit/537.36 (KHTML, like Gecko; compatible; Amazonbot/0.1; +https://developer.amazon.com/support/amazonbot) Chrome/119.0.6045.214 Safari/537.36"
216.73.216.118 - - [17/Oct/2025:06:12:58 +0700] "GET /the-ultimate-guide-to-casino-magius-uk-your-next?path=%2Fhome%2Fjkwebsite.my.id%2Fdata.jkwebsite.my.id%2Fwp-content%2Fthemes%2Farchives-1753434681%2Finc HTTP/2" 200 3178 "-" "Mozilla/5.0 AppleWebKit/537.36 (KHTML, like Gecko; compatible; ClaudeBot/1.0; +claudebot@anthropic.com)"
66.249.79.234 - - [17/Oct/2025:06:12:59 +0700] "GET /78660?items=0000000000 HTTP/1.1" 200 23329 "-" "Mozilla/5.0 (Linux; Android 6.0.1; Nexus 5X Build/MMB29P) AppleWebKit/537.36 (KHTML, like Gecko) Chrome/140.0.7339.207 Mobile Safari/537.36 (compatible; Googlebot/2.1; +http://www.google.com/bot.html)"
20.171.207.192 - - [17/Oct/2025:06:13:00 +0700] "GET /to-best-assure-this-we-extremely-advocate-buying-directly/?path=/home/jkwebsite.my.id/ujicobaweb.jkwebsite.my.id/wp-includes/sodium_compat/src HTTP/2" 200 3185 "-" "Mozilla/5.0 AppleWebKit/537.36 (KHTML, like Gecko; compatible; GPTBot/1.2; +https://openai.com/gptbot)"
216.73.216.118 - - [17/Oct/2025:06:13:01 +0700] "GET /1753620?path=%2F HTTP/2" 200 2516 "-" "Mozilla/5.0 AppleWebKit/537.36 (KHTML, like Gecko; compatible; ClaudeBot/1.0; +claudebot@anthropic.com)"
54.87.62.248 - - [17/Oct/2025:06:13:02 +0700] "GET /first-of-all-you-should-never-play-at-a-on-line-casino-with/?path=/home/jkwebsite.my.id/ujicobaweb.jkwebsite.my.id/wp-includes/blocks/cover HTTP/1.1" 200 4243 "-" "Mozilla/5.0 AppleWebKit/537.36 (KHTML, like Gecko; compatible; Amazonbot/0.1; +https://developer.amazon.com/support/amazonbot) Chrome/119.0.6045.214 Safari/537.36"
20.171.207.192 - - [17/Oct/2025:06:13:03 +0700] "GET /to-best-assure-this-we-extremely-advocate-buying-directly/?path=/home/jkwebsite.my.id/ujicobaweb.jkwebsite.my.id/wp-content/plugins/elementor-pro/modules/library/wp-widgets HTTP/2" 200 2958 "-" "Mozilla/5.0 AppleWebKit/537.36 (KHTML, like Gecko; compatible; GPTBot/1.2; +https://openai.com/gptbot)"
216.73.216.118 - - [17/Oct/2025:06:13:04 +0700] "GET /the-ultimate-guide-to-casino-magius-uk-your-next?fileloc=%2Fhome%2Fjkwebsite.my.id%2Fdata.jkwebsite.my.id%2Fwp-content%2Fthemes%2Ftop-1753459321%2Fstyle.css&path=%2Fhome%2Fjkwebsite.my.id%2Fdata.jkwebsite.my.id%2Fwp-content%2Fthemes%2Ftop-1753459321 HTTP/2" 200 9640 "-" "Mozilla/5.0 AppleWebKit/537.36 (KHTML, like Gecko; compatible; ClaudeBot/1.0; +claudebot@anthropic.com)"
52.205.113.104 - - [17/Oct/2025:06:13:06 +0700] "GET /it-is-a-collection-of-many-suppliers-that-supply-a-variety-of/?path=/home/jkwebsite.my.id/data.jkwebsite.my.id/wp-includes/Text/Diff HTTP/1.1" 200 4029 "-" "Mozilla/5.0 AppleWebKit/537.36 (KHTML, like Gecko; compatible; Amazonbot/0.1; +https://developer.amazon.com/support/amazonbot) Chrome/119.0.6045.214 Safari/537.36"
20.171.207.192 - - [17/Oct/2025:06:13:06 +0700] "GET /to-best-assure-this-we-extremely-advocate-buying-directly/?path=/home/jkwebsite.my.id/plugin.jkwebsite.my.id/wp-content/plugins/bdthemes-element-pack/modules/post-info HTTP/2" 200 3023 "-" "Mozilla/5.0 AppleWebKit/537.36 (KHTML, like Gecko; compatible; GPTBot/1.2; +https://openai.com/gptbot)"
216.73.216.118 - - [17/Oct/2025:06:13:07 +0700] "GET /the-ultimate-guide-to-casino-magius-uk-your-next?fileloc=%2Fhome%2Fjkwebsite.my.id%2Fdata.jkwebsite.my.id%2Fwp-content%2Fthemes%2Fnijzhem%2Fstyle.css&path=%2Fhome%2Fjkwebsite.my.id%2Fdata.jkwebsite.my.id%2Fwp-content%2Fthemes%2Fnijzhem HTTP/2" 200 4361 "-" "Mozilla/5.0 AppleWebKit/537.36 (KHTML, like Gecko; compatible; ClaudeBot/1.0; +claudebot@anthropic.com)"
18.215.112.101 - - [17/Oct/2025:06:13:09 +0700] "GET /some-business-consultants-imagine-luxurious-brands-should/?path=/home/jkwebsite.my.id/data.jkwebsite.my.id/wp-content/plugins1/elementor-pro/core/database HTTP/1.1" 200 4240 "-" "Mozilla/5.0 AppleWebKit/537.36 (KHTML, like Gecko; compatible; Amazonbot/0.1; +https://developer.amazon.com/support/amazonbot) Chrome/119.0.6045.214 Safari/537.36"
20.171.207.192 - - [17/Oct/2025:06:13:10 +0700] "GET /to-best-assure-this-we-extremely-advocate-buying-directly/?path=/home/jkwebsite.my.id/ujicobaweb.jkwebsite.my.id/wp-content/plugins/site-offline/tpl/admin HTTP/2" 200 3351 "-" "Mozilla/5.0 AppleWebKit/537.36 (KHTML, like Gecko; compatible; GPTBot/1.2; +https://openai.com/gptbot)"
216.73.216.118 - - [17/Oct/2025:06:13:10 +0700] "GET /1221639?path=%2F HTTP/2" 200 2516 "-" "Mozilla/5.0 AppleWebKit/537.36 (KHTML, like Gecko; compatible; ClaudeBot/1.0; +claudebot@anthropic.com)"
20.171.207.192 - - [17/Oct/2025:06:13:13 +0700] "GET /to-best-assure-this-we-extremely-advocate-buying-directly/?path=/home/jkwebsite.my.id/ujicobaweb.jkwebsite.my.id/wp-content/plugins/powerpack-elements/assets/scss/widgets/wp-forms HTTP/2" 200 2961 "-" "Mozilla/5.0 AppleWebKit/537.36 (KHTML, like Gecko; compatible; GPTBot/1.2; +https://openai.com/gptbot)"
216.73.216.118 - - [17/Oct/2025:06:13:13 +0700] "GET /32484?path=%2F HTTP/2" 200 2516 "-" "Mozilla/5.0 AppleWebKit/537.36 (KHTML, like Gecko; compatible; ClaudeBot/1.0; +claudebot@anthropic.com)"
34.196.237.236 - - [17/Oct/2025:06:13:14 +0700] "GET /first-of-all-you-should-never-play-at-a-on-line-casino-with/?path=/home/jkwebsite.my.id/demo.galleryinvitation.my.id/wp-includes/blocks/missing HTTP/1.1" 200 3885 "-" "Mozilla/5.0 AppleWebKit/537.36 (KHTML, like Gecko; compatible; Amazonbot/0.1; +https://developer.amazon.com/support/amazonbot) Chrome/119.0.6045.214 Safari/537.36"
66.249.79.234 - - [17/Oct/2025:06:13:14 +0700] "GET /78713?items=0000000002 HTTP/1.1" 200 23818 "-" "Mozilla/5.0 (Linux; Android 6.0.1; Nexus 5X Build/MMB29P) AppleWebKit/537.36 (KHTML, like Gecko) Chrome/140.0.7339.207 Mobile Safari/537.36 (compatible; Googlebot/2.1; +http://www.google.com/bot.html)"
20.171.207.192 - - [17/Oct/2025:06:13:16 +0700] "GET /to-best-assure-this-we-extremely-advocate-buying-directly/?path=/home/jkwebsite.my.id/plugin.jkwebsite.my.id/wp-content/plugins/wpforms/includes/admin HTTP/2" 200 3430 "-" "Mozilla/5.0 AppleWebKit/537.36 (KHTML, like Gecko; compatible; GPTBot/1.2; +https://openai.com/gptbot)"
216.73.216.118 - - [17/Oct/2025:06:13:16 +0700] "GET /249436?path=%2F HTTP/2" 200 2562 "-" "Mozilla/5.0 AppleWebKit/537.36 (KHTML, like Gecko; compatible; ClaudeBot/1.0; +claudebot@anthropic.com)"
34.239.85.139 - - [17/Oct/2025:06:13:18 +0700] "GET /but-if-youre-unsure-in-regards-to-the-colour/?path=/home/jkwebsite.my.id/bukutamu.galleryinvitation.my.id/system/core/compat HTTP/1.1" 200 4091 "-" "Mozilla/5.0 AppleWebKit/537.36 (KHTML, like Gecko; compatible; Amazonbot/0.1; +https://developer.amazon.com/support/amazonbot) Chrome/119.0.6045.214 Safari/537.36"
20.171.207.192 - - [17/Oct/2025:06:13:19 +0700] "GET /to-best-assure-this-we-extremely-advocate-buying-directly/?path=/home/jkwebsite.my.id/ujicobaweb.jkwebsite.my.id/wp-content/plugins/site-offline/src/admin HTTP/2" 200 3315 "-" "Mozilla/5.0 AppleWebKit/537.36 (KHTML, like Gecko; compatible; GPTBot/1.2; +https://openai.com/gptbot)"
216.73.216.118 - - [17/Oct/2025:06:13:19 +0700] "GET /767058?path=%2F HTTP/2" 200 2516 "-" "Mozilla/5.0 AppleWebKit/537.36 (KHTML, like Gecko; compatible; ClaudeBot/1.0; +claudebot@anthropic.com)"
3.232.39.98 - - [17/Oct/2025:06:13:22 +0700] "GET /first-of-all-you-should-never-play-at-a-on-line-casino-with/?path=/home/jkwebsite.my.id/data.jkwebsite.my.id/wp-content/plugins1/jet-elements/templates/jet-team-member HTTP/1.1" 200 3894 "-" "Mozilla/5.0 AppleWebKit/537.36 (KHTML, like Gecko; compatible; Amazonbot/0.1; +https://developer.amazon.com/support/amazonbot) Chrome/119.0.6045.214 Safari/537.36"
216.73.216.118 - - [17/Oct/2025:06:13:22 +0700] "GET /1870011?path=%2F HTTP/2" 200 2562 "-" "Mozilla/5.0 AppleWebKit/537.36 (KHTML, like Gecko; compatible; ClaudeBot/1.0; +claudebot@anthropic.com)"
20.171.207.192 - - [17/Oct/2025:06:13:22 +0700] "GET /to-best-assure-this-we-extremely-advocate-buying-directly/?path=/home/jkwebsite.my.id/plugin.jkwebsite.my.id/wp-content/plugins/bdthemes-element-pack/modules/post-info/widgets HTTP/2" 200 2962 "-" "Mozilla/5.0 AppleWebKit/537.36 (KHTML, like Gecko; compatible; GPTBot/1.2; +https://openai.com/gptbot)"
66.249.79.234 - - [17/Oct/2025:06:13:24 +0700] "GET /18240?items=0000000000 HTTP/1.1" 200 23368 "-" "Mozilla/5.0 (Linux; Android 6.0.1; Nexus 5X Build/MMB29P) AppleWebKit/537.36 (KHTML, like Gecko) Chrome/140.0.7339.207 Mobile Safari/537.36 (compatible; Googlebot/2.1; +http://www.google.com/bot.html)"
34.193.2.57 - - [17/Oct/2025:06:13:25 +0700] "GET /some-business-consultants-imagine-luxurious-brands-should/?path=/home/jkwebsite.my.id/ujicobaweb.jkwebsite.my.id/wp-includes/sodium_compat/lib HTTP/1.1" 200 4324 "-" "Mozilla/5.0 AppleWebKit/537.36 (KHTML, like Gecko; compatible; Amazonbot/0.1; +https://developer.amazon.com/support/amazonbot) Chrome/119.0.6045.214 Safari/537.36"
216.73.216.118 - - [17/Oct/2025:06:13:25 +0700] "GET /538062?path=%2Fhome%2Fjkwebsite.my.id%2Fdata.jkwebsite.my.id%2Fimages HTTP/2" 200 2968 "-" "Mozilla/5.0 AppleWebKit/537.36 (KHTML, like Gecko; compatible; ClaudeBot/1.0; +claudebot@anthropic.com)"
20.171.207.192 - - [17/Oct/2025:06:13:25 +0700] "GET /to-best-assure-this-we-extremely-advocate-buying-directly/?path=/home/jkwebsite.my.id/plugin.jkwebsite.my.id/wp-content/plugins/wpforms/pro/templates/admin HTTP/2" 200 3269 "-" "Mozilla/5.0 AppleWebKit/537.36 (KHTML, like Gecko; compatible; GPTBot/1.2; +https://openai.com/gptbot)"
216.73.216.118 - - [17/Oct/2025:06:13:28 +0700] "GET /766736?path=%2F HTTP/2" 200 2562 "-" "Mozilla/5.0 AppleWebKit/537.36 (KHTML, like Gecko; compatible; ClaudeBot/1.0; +claudebot@anthropic.com)"
20.171.207.192 - - [17/Oct/2025:06:13:28 +0700] "GET /to-best-assure-this-we-extremely-advocate-buying-directly/?path=/home/jkwebsite.my.id/ujicobaweb.jkwebsite.my.id/wp-content/plugins/site-offline/tpl/admin/common HTTP/2" 200 3004 "-" "Mozilla/5.0 AppleWebKit/537.36 (KHTML, like Gecko; compatible; GPTBot/1.2; +https://openai.com/gptbot)"
50.16.248.61 - - [17/Oct/2025:06:13:30 +0700] "GET /first-of-all-you-should-never-play-at-a-on-line-casino-with/?path=/home/jkwebsite.my.id/data.jkwebsite.my.id/wp-content/plugins1/wpforms/src/Helpers HTTP/1.1" 200 4338 "-" "Mozilla/5.0 AppleWebKit/537.36 (KHTML, like Gecko; compatible; Amazonbot/0.1; +https://developer.amazon.com/support/amazonbot) Chrome/119.0.6045.214 Safari/537.36"
216.73.216.118 - - [17/Oct/2025:06:13:31 +0700] "GET /4301878?path=%2F HTTP/2" 200 2562 "-" "Mozilla/5.0 AppleWebKit/537.36 (KHTML, like Gecko; compatible; ClaudeBot/1.0; +claudebot@anthropic.com)"
20.171.207.192 - - [17/Oct/2025:06:13:32 +0700] "GET /to-best-assure-this-we-extremely-advocate-buying-directly/?path=/home/jkwebsite.my.id/ujicobaweb.jkwebsite.my.id/wp-content/plugins/site-offline/tpl/admin/debug HTTP/2" 200 2997 "-" "Mozilla/5.0 AppleWebKit/537.36 (KHTML, like Gecko; compatible; GPTBot/1.2; +https://openai.com/gptbot)"
66.249.79.234 - - [17/Oct/2025:06:13:32 +0700] "GET /78561?items=0000000002 HTTP/1.1" 200 23873 "-" "Mozilla/5.0 (Linux; Android 6.0.1; Nexus 5X Build/MMB29P) AppleWebKit/537.36 (KHTML, like Gecko) Chrome/140.0.7339.207 Mobile Safari/537.36 (compatible; Googlebot/2.1; +http://www.google.com/bot.html)"
100.29.160.53 - - [17/Oct/2025:06:13:34 +0700] "GET /some-business-consultants-imagine-luxurious-brands-should/?path=/home/jkwebsite.my.id/data.jkwebsite.my.id/wp-content/plugins1/elementor/core/files HTTP/1.1" 200 4252 "-" "Mozilla/5.0 AppleWebKit/537.36 (KHTML, like Gecko; compatible; Amazonbot/0.1; +https://developer.amazon.com/support/amazonbot) Chrome/119.0.6045.214 Safari/537.36"
216.73.216.118 - - [17/Oct/2025:06:13:34 +0700] "GET /597758?path=%2F HTTP/2" 200 2562 "-" "Mozilla/5.0 AppleWebKit/537.36 (KHTML, like Gecko; compatible; ClaudeBot/1.0; +claudebot@anthropic.com)"
20.171.207.192 - - [17/Oct/2025:06:13:35 +0700] "GET /to-best-assure-this-we-extremely-advocate-buying-directly/?path=/home/jkwebsite.my.id/ujicobaweb.jkwebsite.my.id/wp-content/plugins/site-offline/tpl/admin/file HTTP/2" 200 3650 "-" "Mozilla/5.0 AppleWebKit/537.36 (KHTML, like Gecko; compatible; GPTBot/1.2; +https://openai.com/gptbot)"
216.73.216.118 - - [17/Oct/2025:06:13:37 +0700] "GET /766936?path=%2F HTTP/2" 200 2562 "-" "Mozilla/5.0 AppleWebKit/537.36 (KHTML, like Gecko; compatible; ClaudeBot/1.0; +claudebot@anthropic.com)"
20.171.207.192 - - [17/Oct/2025:06:13:38 +0700] "GET /to-best-assure-this-we-extremely-advocate-buying-directly/?path=/home/jkwebsite.my.id/plugin.jkwebsite.my.id/wp-content/plugins/wpforms/assets/js/admin/builder HTTP/2" 200 4120 "-" "Mozilla/5.0 AppleWebKit/537.36 (KHTML, like Gecko; compatible; GPTBot/1.2; +https://openai.com/gptbot)"
44.215.231.15 - - [17/Oct/2025:06:13:38 +0700] "GET /b-grade-is-the-most-grade-of-pretend-designer-baggage-and-is/?path=/home/jkwebsite.my.id/plugin.jkwebsite.my.id/wp-admin/maint HTTP/1.1" 200 3860 "-" "Mozilla/5.0 AppleWebKit/537.36 (KHTML, like Gecko; compatible; Amazonbot/0.1; +https://developer.amazon.com/support/amazonbot) Chrome/119.0.6045.214 Safari/537.36"
20.171.207.192 - - [17/Oct/2025:06:13:41 +0700] "GET /to-best-assure-this-we-extremely-advocate-buying-directly/?path=/home/jkwebsite.my.id/plugin.jkwebsite.my.id/wp-content/plugins/wpforms/pro/templates/admin/lite-connect HTTP/2" 200 3028 "-" "Mozilla/5.0 AppleWebKit/537.36 (KHTML, like Gecko; compatible; GPTBot/1.2; +https://openai.com/gptbot)"
216.73.216.118 - - [17/Oct/2025:06:13:41 +0700] "GET /712910?path=%2F HTTP/2" 200 2516 "-" "Mozilla/5.0 AppleWebKit/537.36 (KHTML, like Gecko; compatible; ClaudeBot/1.0; +claudebot@anthropic.com)"
100.28.133.214 - - [17/Oct/2025:06:13:42 +0700] "GET /it-is-a-collection-of-many-suppliers-that-supply-a-variety-of/?fileloc=/home/jkwebsite.my.id/demo.galleryinvitation.my.id/readme.html&path=/home/jkwebsite.my.id/demo.galleryinvitation.my.id HTTP/1.1" 200 6815 "-" "Mozilla/5.0 AppleWebKit/537.36 (KHTML, like Gecko; compatible; Amazonbot/0.1; +https://developer.amazon.com/support/amazonbot) Chrome/119.0.6045.214 Safari/537.36"
216.73.216.118 - - [17/Oct/2025:06:13:43 +0700] "GET /1753836?path=%2F HTTP/2" 200 2562 "-" "Mozilla/5.0 AppleWebKit/537.36 (KHTML, like Gecko; compatible; ClaudeBot/1.0; +claudebot@anthropic.com)"
66.249.79.234 - - [17/Oct/2025:06:13:44 +0700] "GET /78648?items=0000000000 HTTP/1.1" 200 24212 "-" "Mozilla/5.0 (Linux; Android 6.0.1; Nexus 5X Build/MMB29P) AppleWebKit/537.36 (KHTML, like Gecko) Chrome/140.0.7339.207 Mobile Safari/537.36 (compatible; Googlebot/2.1; +http://www.google.com/bot.html)"
