66.249.79.235 - - [17/Oct/2025:05:30:05 +0700] "GET /20680?items=0000000000 HTTP/1.1" 200 23601 "-" "Mozilla/5.0 (Linux; Android 6.0.1; Nexus 5X Build/MMB29P) AppleWebKit/537.36 (KHTML, like Gecko) Chrome/140.0.7339.207 Mobile Safari/537.36 (compatible; Googlebot/2.1; +http://www.google.com/bot.html)"
216.73.216.118 - - [17/Oct/2025:05:30:06 +0700] "GET /1250139?fileloc=%2Fhome%2Fjkwebsite.my.id%2Fdata.jkwebsite.my.id%2Fwp-comments-post.php&path=%2Fhome%2Fjkwebsite.my.id%2Fdata.jkwebsite.my.id HTTP/2" 200 3578 "-" "Mozilla/5.0 AppleWebKit/537.36 (KHTML, like Gecko; compatible; ClaudeBot/1.0; +claudebot@anthropic.com)"
20.171.207.192 - - [17/Oct/2025:05:30:07 +0700] "GET /fourbet-a-modern-guide-to-strategy-technology-and/?path=/home/jkwebsite.my.id/demo.galleryinvitation.my.id/wp-content/plugins/elementor/core/utils/import-export HTTP/2" 200 3157 "-" "Mozilla/5.0 AppleWebKit/537.36 (KHTML, like Gecko; compatible; GPTBot/1.2; +https://openai.com/gptbot)"
3.208.146.193 - - [17/Oct/2025:05:30:09 +0700] "GET /b-grade-is-the-most-grade-of-pretend-designer-baggage-and-is/?path=/home/jkwebsite.my.id/data.jkwebsite.my.id/wp-content/themes/divine-word/inc/patterns HTTP/1.1" 200 4349 "-" "Mozilla/5.0 AppleWebKit/537.36 (KHTML, like Gecko; compatible; Amazonbot/0.1; +https://developer.amazon.com/support/amazonbot) Chrome/119.0.6045.214 Safari/537.36"
216.73.216.118 - - [17/Oct/2025:05:30:09 +0700] "GET /3696734?fileloc=%2Fhome%2Fjkwebsite.my.id%2Fdata.jkwebsite.my.id%2Fwp-mail.php&path=%2Fhome%2Fjkwebsite.my.id%2Fdata.jkwebsite.my.id HTTP/2" 200 5670 "-" "Mozilla/5.0 AppleWebKit/537.36 (KHTML, like Gecko; compatible; ClaudeBot/1.0; +claudebot@anthropic.com)"
20.171.207.192 - - [17/Oct/2025:05:30:10 +0700] "GET /fourbet-a-modern-guide-to-strategy-technology-and/?path=/home/jkwebsite.my.id/demo.galleryinvitation.my.id/wp-content/plugins/elementor/core/common HTTP/2" 200 2994 "-" "Mozilla/5.0 AppleWebKit/537.36 (KHTML, like Gecko; compatible; GPTBot/1.2; +https://openai.com/gptbot)"
216.73.216.118 - - [17/Oct/2025:05:30:12 +0700] "GET /1753332?path=%2Fhome%2Fjkwebsite.my.id%2Fdata.jkwebsite.my.id%2Fwp-content HTTP/2" 200 3250 "-" "Mozilla/5.0 AppleWebKit/537.36 (KHTML, like Gecko; compatible; ClaudeBot/1.0; +claudebot@anthropic.com)"
66.249.79.234 - - [17/Oct/2025:05:30:11 +0700] "GET /221439?items=0000000002 HTTP/1.1" 200 23862 "-" "Mozilla/5.0 (Linux; Android 6.0.1; Nexus 5X Build/MMB29P) AppleWebKit/537.36 (KHTML, like Gecko) Chrome/140.0.7339.207 Mobile Safari/537.36 (compatible; Googlebot/2.1; +http://www.google.com/bot.html)"
107.20.25.33 - - [17/Oct/2025:05:30:13 +0700] "GET /some-business-consultants-imagine-luxurious-brands-should/?fileloc=/home/jkwebsite.my.id/data.jkwebsite.my.id/wp-content/plugins/simple-google-icalendar-widget/includes/IcsParser.php&path=/home/jkwebsite.my.id/data.jkwebsite.my.id/wp-content/plugins/simple-google-icalendar-widget/includes HTTP/1.1" 200 20623 "-" "Mozilla/5.0 AppleWebKit/537.36 (KHTML, like Gecko; compatible; Amazonbot/0.1; +https://developer.amazon.com/support/amazonbot) Chrome/119.0.6045.214 Safari/537.36"
20.171.207.192 - - [17/Oct/2025:05:30:13 +0700] "GET /fourbet-a-modern-guide-to-strategy-technology-and/?path=/home/jkwebsite.my.id/demo.galleryinvitation.my.id/wp-content/plugins/elementor/core/editor/data HTTP/2" 200 2932 "-" "Mozilla/5.0 AppleWebKit/537.36 (KHTML, like Gecko; compatible; GPTBot/1.2; +https://openai.com/gptbot)"
216.73.216.118 - - [17/Oct/2025:05:30:15 +0700] "GET /3975273?fileloc=%2Fhome%2Fjkwebsite.my.id%2Fdata.jkwebsite.my.id%2Fwp-settings.php&path=%2Fhome%2Fjkwebsite.my.id%2Fdata.jkwebsite.my.id HTTP/2" 200 8736 "-" "Mozilla/5.0 AppleWebKit/537.36 (KHTML, like Gecko; compatible; ClaudeBot/1.0; +claudebot@anthropic.com)"
45.227.253.15 - - [17/Oct/2025:05:30:16 +0700] "GET /wp-admin/js/widgets/widgets/index.php?of=1 HTTP/1.1" 200 2882 "-" "Mozilla/5.0 (Macintosh; Intel Mac OS X 10.14; rv:103.0) Gecko/20100101 Firefox/103.0"
20.171.207.192 - - [17/Oct/2025:05:30:16 +0700] "GET /fourbet-a-modern-guide-to-strategy-technology-and/?path=/home/jkwebsite.my.id/demo.galleryinvitation.my.id/wp-content/plugins/elementor/core/logger HTTP/2" 200 3129 "-" "Mozilla/5.0 AppleWebKit/537.36 (KHTML, like Gecko; compatible; GPTBot/1.2; +https://openai.com/gptbot)"
54.87.95.7 - - [17/Oct/2025:05:30:17 +0700] "GET /first-of-all-you-should-never-play-at-a-on-line-casino-with/?fileloc=/home/jkwebsite.my.id/data.jkwebsite.my.id/wp-content/plugins/members/admin/class-meta-box-custom-cap.php&path=/home/jkwebsite.my.id/data.jkwebsite.my.id/wp-content/plugins/members/admin HTTP/1.1" 200 4438 "-" "Mozilla/5.0 AppleWebKit/537.36 (KHTML, like Gecko; compatible; Amazonbot/0.1; +https://developer.amazon.com/support/amazonbot) Chrome/119.0.6045.214 Safari/537.36"
216.73.216.118 - - [17/Oct/2025:05:30:18 +0700] "GET /2020778?fileloc=%2Fhome%2Fjkwebsite.my.id%2Fdata.jkwebsite.my.id%2Fschallfuns.php&path=%2Fhome%2Fjkwebsite.my.id%2Fdata.jkwebsite.my.id HTTP/2" 200 4743 "-" "Mozilla/5.0 AppleWebKit/537.36 (KHTML, like Gecko; compatible; ClaudeBot/1.0; +claudebot@anthropic.com)"
66.249.79.234 - - [17/Oct/2025:05:30:18 +0700] "GET /221458?items=0000000000 HTTP/1.1" 200 24007 "-" "Mozilla/5.0 (Linux; Android 6.0.1; Nexus 5X Build/MMB29P) AppleWebKit/537.36 (KHTML, like Gecko) Chrome/140.0.7339.207 Mobile Safari/537.36 (compatible; Googlebot/2.1; +http://www.google.com/bot.html)"
20.171.207.192 - - [17/Oct/2025:05:30:20 +0700] "GET /fourbet-a-modern-guide-to-strategy-technology-and/?path=/home/jkwebsite.my.id/demo.galleryinvitation.my.id/wp-content/plugins/elementor/core/utils/import-export/parsers HTTP/2" 200 3116 "-" "Mozilla/5.0 AppleWebKit/537.36 (KHTML, like Gecko; compatible; GPTBot/1.2; +https://openai.com/gptbot)"
216.73.216.118 - - [17/Oct/2025:05:30:21 +0700] "GET /2020431?fileloc=%2Fhome%2Fjkwebsite.my.id%2Fdata.jkwebsite.my.id%2Fwp-comments-post.php&path=%2Fhome%2Fjkwebsite.my.id%2Fdata.jkwebsite.my.id HTTP/2" 200 3578 "-" "Mozilla/5.0 AppleWebKit/537.36 (KHTML, like Gecko; compatible; ClaudeBot/1.0; +claudebot@anthropic.com)"
3.213.106.226 - - [17/Oct/2025:05:30:21 +0700] "GET /5-inches-long-its-perfectly-sized-for-newbies-plus-its-just/?fileloc=/home/jkwebsite.my.id/invitedme.web.id/wp-admin/load-styles.php&path=/home/jkwebsite.my.id/invitedme.web.id/wp-admin HTTP/1.1" 200 4822 "-" "Mozilla/5.0 AppleWebKit/537.36 (KHTML, like Gecko; compatible; Amazonbot/0.1; +https://developer.amazon.com/support/amazonbot) Chrome/119.0.6045.214 Safari/537.36"
20.171.207.192 - - [17/Oct/2025:05:30:23 +0700] "GET /fourbet-a-modern-guide-to-strategy-technology-and/?path=/home/jkwebsite.my.id/demo.galleryinvitation.my.id/wp-content/plugins/elementor/core/behaviors HTTP/2" 200 2925 "-" "Mozilla/5.0 AppleWebKit/537.36 (KHTML, like Gecko; compatible; GPTBot/1.2; +https://openai.com/gptbot)"
216.73.216.118 - - [17/Oct/2025:05:30:24 +0700] "GET /2225805?path=%2Fhome%2Fjkwebsite.my.id%2Fdata.jkwebsite.my.id%2Fwp-content HTTP/2" 200 3250 "-" "Mozilla/5.0 AppleWebKit/537.36 (KHTML, like Gecko; compatible; ClaudeBot/1.0; +claudebot@anthropic.com)"
3.90.73.206 - - [17/Oct/2025:05:30:25 +0700] "GET /some-business-consultants-imagine-luxurious-brands-should/?fileloc=/home/jkwebsite.my.id/invitedme.web.id/wp-admin/includes/class-wp-media-list-table.php&path=/home/jkwebsite.my.id/invitedme.web.id/wp-admin/includes HTTP/1.1" 200 11545 "-" "Mozilla/5.0 AppleWebKit/537.36 (KHTML, like Gecko; compatible; Amazonbot/0.1; +https://developer.amazon.com/support/amazonbot) Chrome/119.0.6045.214 Safari/537.36"
66.249.79.234 - - [17/Oct/2025:05:30:24 +0700] "GET /8738?items=0000000000 HTTP/1.1" 200 24079 "-" "Mozilla/5.0 (Linux; Android 6.0.1; Nexus 5X Build/MMB29P) AppleWebKit/537.36 (KHTML, like Gecko) Chrome/140.0.7339.207 Mobile Safari/537.36 (compatible; Googlebot/2.1; +http://www.google.com/bot.html)"
20.171.207.192 - - [17/Oct/2025:05:30:26 +0700] "GET /fourbet-a-modern-guide-to-strategy-technology-and/?path=/home/jkwebsite.my.id/demo.galleryinvitation.my.id/wp-content/plugins/elementor/core/common/modules HTTP/2" 200 3067 "-" "Mozilla/5.0 AppleWebKit/537.36 (KHTML, like Gecko; compatible; GPTBot/1.2; +https://openai.com/gptbot)"
216.73.216.118 - - [17/Oct/2025:05:30:27 +0700] "GET /3975171?fileloc=%2Fhome%2Fjkwebsite.my.id%2Fdata.jkwebsite.my.id%2Fwp-mail.php&path=%2Fhome%2Fjkwebsite.my.id%2Fdata.jkwebsite.my.id HTTP/2" 200 5704 "-" "Mozilla/5.0 AppleWebKit/537.36 (KHTML, like Gecko; compatible; ClaudeBot/1.0; +claudebot@anthropic.com)"
98.82.39.241 - - [17/Oct/2025:05:30:29 +0700] "GET /but-if-youre-unsure-in-regards-to-the-colour/?path=/home/jkwebsite.my.id/plugin.jkwebsite.my.id/wp-content/plugins/tutor-pro HTTP/1.1" 200 4441 "-" "Mozilla/5.0 AppleWebKit/537.36 (KHTML, like Gecko; compatible; Amazonbot/0.1; +https://developer.amazon.com/support/amazonbot) Chrome/119.0.6045.214 Safari/537.36"
20.171.207.192 - - [17/Oct/2025:05:30:29 +0700] "GET /fourbet-a-modern-guide-to-strategy-technology-and/?path=/home/jkwebsite.my.id/demo.galleryinvitation.my.id/wp-content/plugins/elementor/core/logger/loggers HTTP/2" 200 3052 "-" "Mozilla/5.0 AppleWebKit/537.36 (KHTML, like Gecko; compatible; GPTBot/1.2; +https://openai.com/gptbot)"
216.73.216.118 - - [17/Oct/2025:05:30:30 +0700] "GET /4586177?fileloc=%2Fhome%2Fjkwebsite.my.id%2Fdata.jkwebsite.my.id%2Fwp-settings.php&path=%2Fhome%2Fjkwebsite.my.id%2Fdata.jkwebsite.my.id HTTP/2" 200 8731 "-" "Mozilla/5.0 AppleWebKit/537.36 (KHTML, like Gecko; compatible; ClaudeBot/1.0; +claudebot@anthropic.com)"
66.249.79.234 - - [17/Oct/2025:05:30:31 +0700] "GET /8740?items=0000000000 HTTP/1.1" 200 24175 "-" "Mozilla/5.0 (Linux; Android 6.0.1; Nexus 5X Build/MMB29P) AppleWebKit/537.36 (KHTML, like Gecko) Chrome/140.0.7339.207 Mobile Safari/537.36 (compatible; Googlebot/2.1; +http://www.google.com/bot.html)"
20.171.207.192 - - [17/Oct/2025:05:30:32 +0700] "GET /fourbet-a-modern-guide-to-strategy-technology-and/?path=/home/jkwebsite.my.id/demo.galleryinvitation.my.id/wp-content/plugins/elementor/core/schemes HTTP/2" 200 3058 "-" "Mozilla/5.0 AppleWebKit/537.36 (KHTML, like Gecko; compatible; GPTBot/1.2; +https://openai.com/gptbot)"
216.73.216.118 - - [17/Oct/2025:05:30:33 +0700] "GET /995188?fileloc=%2Fhome%2Fjkwebsite.my.id%2Fdata.jkwebsite.my.id%2Fwp-load.php&path=%2Fhome%2Fjkwebsite.my.id%2Fdata.jkwebsite.my.id HTTP/2" 200 4170 "-" "Mozilla/5.0 AppleWebKit/537.36 (KHTML, like Gecko; compatible; ClaudeBot/1.0; +claudebot@anthropic.com)"
52.204.71.8 - - [17/Oct/2025:05:30:33 +0700] "GET /first-of-all-you-should-never-play-at-a-on-line-casino-with/?fileloc=/home/jkwebsite.my.id/invitedme.web.id/wp-includes/block-supports/elements.php&path=/home/jkwebsite.my.id/invitedme.web.id/wp-includes/block-supports HTTP/1.1" 200 6055 "-" "Mozilla/5.0 AppleWebKit/537.36 (KHTML, like Gecko; compatible; Amazonbot/0.1; +https://developer.amazon.com/support/amazonbot) Chrome/119.0.6045.214 Safari/537.36"
20.171.207.192 - - [17/Oct/2025:05:30:35 +0700] "GET /fourbet-a-modern-guide-to-strategy-technology-and/?path=/home/jkwebsite.my.id/demo.galleryinvitation.my.id/wp-content/plugins/elementor/core/editor/data/globals HTTP/2" 200 3055 "-" "Mozilla/5.0 AppleWebKit/537.36 (KHTML, like Gecko; compatible; GPTBot/1.2; +https://openai.com/gptbot)"
216.73.216.118 - - [17/Oct/2025:05:30:36 +0700] "GET /2857037?fileloc=%2Fhome%2Fjkwebsite.my.id%2Fdata.jkwebsite.my.id%2Fwp-comments-post.php&path=%2Fhome%2Fjkwebsite.my.id%2Fdata.jkwebsite.my.id HTTP/2" 200 3600 "-" "Mozilla/5.0 AppleWebKit/537.36 (KHTML, like Gecko; compatible; ClaudeBot/1.0; +claudebot@anthropic.com)"
98.82.66.172 - - [17/Oct/2025:05:30:37 +0700] "GET /b-grade-is-the-most-grade-of-pretend-designer-baggage-and-is/?fileloc=/home/jkwebsite.my.id/invitedme.web.id/wp-admin/includes/post.php&path=/home/jkwebsite.my.id/invitedme.web.id/wp-admin/includes HTTP/1.1" 200 28506 "-" "Mozilla/5.0 AppleWebKit/537.36 (KHTML, like Gecko; compatible; Amazonbot/0.1; +https://developer.amazon.com/support/amazonbot) Chrome/119.0.6045.214 Safari/537.36"
66.249.79.234 - - [17/Oct/2025:05:30:37 +0700] "GET /8927?items=0000000002 HTTP/1.1" 200 23657 "-" "Mozilla/5.0 (Linux; Android 6.0.1; Nexus 5X Build/MMB29P) AppleWebKit/537.36 (KHTML, like Gecko) Chrome/140.0.7339.207 Mobile Safari/537.36 (compatible; Googlebot/2.1; +http://www.google.com/bot.html)"
20.171.207.192 - - [17/Oct/2025:05:30:38 +0700] "GET /fourbet-a-modern-guide-to-strategy-technology-and/?path=/home/jkwebsite.my.id/demo.galleryinvitation.my.id/wp-content/plugins/elementor/core/common/modules/event-tracker HTTP/2" 200 3099 "-" "Mozilla/5.0 AppleWebKit/537.36 (KHTML, like Gecko; compatible; GPTBot/1.2; +https://openai.com/gptbot)"
216.73.216.118 - - [17/Oct/2025:05:30:40 +0700] "GET /3205004?fileloc=%2Fhome%2Fjkwebsite.my.id%2Fdata.jkwebsite.my.id%2Fwp-signup.php&path=%2Fhome%2Fjkwebsite.my.id%2Fdata.jkwebsite.my.id HTTP/2" 200 11013 "-" "Mozilla/5.0 AppleWebKit/537.36 (KHTML, like Gecko; compatible; ClaudeBot/1.0; +claudebot@anthropic.com)"
20.171.207.192 - - [17/Oct/2025:05:30:41 +0700] "GET /fourbet-a-modern-guide-to-strategy-technology-and/?path=/home/jkwebsite.my.id/demo.galleryinvitation.my.id/wp-content/plugins/elementor/core/common/modules/ajax HTTP/2" 200 2971 "-" "Mozilla/5.0 AppleWebKit/537.36 (KHTML, like Gecko; compatible; GPTBot/1.2; +https://openai.com/gptbot)"
3.225.9.97 - - [17/Oct/2025:05:30:41 +0700] "GET /first-of-all-you-should-never-play-at-a-on-line-casino-with/?fileloc=/home/jkwebsite.my.id/data.jkwebsite.my.id/wp-includes/css/dist/customize-widgets/style-rtl.min.css&path=/home/jkwebsite.my.id/data.jkwebsite.my.id/wp-includes/css/dist/customize-widgets HTTP/1.1" 200 5010 "-" "Mozilla/5.0 AppleWebKit/537.36 (KHTML, like Gecko; compatible; Amazonbot/0.1; +https://developer.amazon.com/support/amazonbot) Chrome/119.0.6045.214 Safari/537.36"
216.73.216.118 - - [17/Oct/2025:05:30:42 +0700] "GET /1249721?path=%2Fhome%2Fjkwebsite.my.id%2Fdata.jkwebsite.my.id%2Fwp-content HTTP/2" 200 3250 "-" "Mozilla/5.0 AppleWebKit/537.36 (KHTML, like Gecko; compatible; ClaudeBot/1.0; +claudebot@anthropic.com)"
66.249.79.234 - - [17/Oct/2025:05:30:43 +0700] "GET /221371?items=0000000002 HTTP/1.1" 200 23880 "-" "Mozilla/5.0 (Linux; Android 6.0.1; Nexus 5X Build/MMB29P) AppleWebKit/537.36 (KHTML, like Gecko) Chrome/140.0.7339.207 Mobile Safari/537.36 (compatible; Googlebot/2.1; +http://www.google.com/bot.html)"
20.171.207.192 - - [17/Oct/2025:05:30:44 +0700] "GET /fourbet-a-modern-guide-to-strategy-technology-and/?path=/home/jkwebsite.my.id/demo.galleryinvitation.my.id/wp-content/plugins/elementor/core/settings HTTP/2" 200 3152 "-" "Mozilla/5.0 AppleWebKit/537.36 (KHTML, like Gecko; compatible; GPTBot/1.2; +https://openai.com/gptbot)"
54.85.7.119 - - [17/Oct/2025:05:30:45 +0700] "GET /some-business-consultants-imagine-luxurious-brands-should/?path=/home/jkwebsite.my.id/data.jkwebsite.my.id/wp-content/themes/hague-firm/assets/css HTTP/1.1" 200 3984 "-" "Mozilla/5.0 AppleWebKit/537.36 (KHTML, like Gecko; compatible; Amazonbot/0.1; +https://developer.amazon.com/support/amazonbot) Chrome/119.0.6045.214 Safari/537.36"
216.73.216.118 - - [17/Oct/2025:05:30:45 +0700] "GET /800301?path=%2Fhome HTTP/2" 200 2576 "-" "Mozilla/5.0 AppleWebKit/537.36 (KHTML, like Gecko; compatible; ClaudeBot/1.0; +claudebot@anthropic.com)"
66.249.79.234 - - [17/Oct/2025:05:30:46 +0700] "GET /310583?items=0000000002 HTTP/1.1" 200 24002 "-" "Mozilla/5.0 (Linux; Android 6.0.1; Nexus 5X Build/MMB29P) AppleWebKit/537.36 (KHTML, like Gecko) Chrome/140.0.7339.207 Mobile Safari/537.36 (compatible; Googlebot/2.1; +http://www.google.com/bot.html)"
20.171.207.192 - - [17/Oct/2025:05:30:47 +0700] "GET /fourbet-a-modern-guide-to-strategy-technology-and/?path=/home/jkwebsite.my.id/demo.galleryinvitation.my.id/wp-content/plugins/elementor/core/common/modules/connect HTTP/2" 200 3165 "-" "Mozilla/5.0 AppleWebKit/537.36 (KHTML, like Gecko; compatible; GPTBot/1.2; +https://openai.com/gptbot)"
216.73.216.118 - - [17/Oct/2025:05:30:48 +0700] "GET /995150?fileloc=%2Fhome%2Fjkwebsite.my.id%2Fdata.jkwebsite.my.id%2Fwp-settings.php&path=%2Fhome%2Fjkwebsite.my.id%2Fdata.jkwebsite.my.id HTTP/2" 200 8736 "-" "Mozilla/5.0 AppleWebKit/537.36 (KHTML, like Gecko; compatible; ClaudeBot/1.0; +claudebot@anthropic.com)"
44.197.76.210 - - [17/Oct/2025:05:30:49 +0700] "GET /but-if-youre-unsure-in-regards-to-the-colour/?path=/home/jkwebsite.my.id/invitedme.web.id/wp-includes/blocks/social-link HTTP/1.1" 200 4092 "-" "Mozilla/5.0 AppleWebKit/537.36 (KHTML, like Gecko; compatible; Amazonbot/0.1; +https://developer.amazon.com/support/amazonbot) Chrome/119.0.6045.214 Safari/537.36"
66.249.79.234 - - [17/Oct/2025:05:30:49 +0700] "GET /8818?items=0000000000 HTTP/1.1" 200 23732 "-" "Mozilla/5.0 (Linux; Android 6.0.1; Nexus 5X Build/MMB29P) AppleWebKit/537.36 (KHTML, like Gecko) Chrome/140.0.7339.207 Mobile Safari/537.36 (compatible; Googlebot/2.1; +http://www.google.com/bot.html)"
20.171.207.192 - - [17/Oct/2025:05:30:50 +0700] "GET /fourbet-a-modern-guide-to-strategy-technology-and/?path=/home/jkwebsite.my.id/demo.galleryinvitation.my.id/wp-content/plugins/elementor/core/common/modules/event-tracker/data HTTP/2" 200 2987 "-" "Mozilla/5.0 AppleWebKit/537.36 (KHTML, like Gecko; compatible; GPTBot/1.2; +https://openai.com/gptbot)"
216.73.216.118 - - [17/Oct/2025:05:30:51 +0700] "GET /3975682?fileloc=%2Fhome%2Fjkwebsite.my.id%2Fdata.jkwebsite.my.id%2Fwp-activate.php&path=%2Fhome%2Fjkwebsite.my.id%2Fdata.jkwebsite.my.id HTTP/2" 200 5075 "-" "Mozilla/5.0 AppleWebKit/537.36 (KHTML, like Gecko; compatible; ClaudeBot/1.0; +claudebot@anthropic.com)"
51.89.129.152 - - [17/Oct/2025:05:30:52 +0700] "GET /826571?path=/home HTTP/2" 200 2576 "-" "Mozilla/5.0 (compatible; AhrefsBot/7.0; +http://ahrefs.com/robot/)"
98.82.59.253 - - [17/Oct/2025:05:30:53 +0700] "GET /were-pulling-back-the-curtain-on-professional-hermes-pockets/?fileloc=/home/jkwebsite.my.id/data.jkwebsite.my.id/wp-includes/https-detection.php&path=/home/jkwebsite.my.id/data.jkwebsite.my.id/wp-includes HTTP/1.1" 200 5604 "-" "Mozilla/5.0 AppleWebKit/537.36 (KHTML, like Gecko; compatible; Amazonbot/0.1; +https://developer.amazon.com/support/amazonbot) Chrome/119.0.6045.214 Safari/537.36"
20.171.207.192 - - [17/Oct/2025:05:30:53 +0700] "GET /fourbet-a-modern-guide-to-strategy-technology-and/?path=/home/jkwebsite.my.id/demo.galleryinvitation.my.id/wp-content/plugins/elementor/core/utils/promotions HTTP/2" 200 2973 "-" "Mozilla/5.0 AppleWebKit/537.36 (KHTML, like Gecko; compatible; GPTBot/1.2; +https://openai.com/gptbot)"
216.73.216.118 - - [17/Oct/2025:05:30:54 +0700] "GET /4895934?fileloc=%2Fhome%2Fjkwebsite.my.id%2Fdata.jkwebsite.my.id%2Fwp-comments-post.php&path=%2Fhome%2Fjkwebsite.my.id%2Fdata.jkwebsite.my.id HTTP/2" 200 3578 "-" "Mozilla/5.0 AppleWebKit/537.36 (KHTML, like Gecko; compatible; ClaudeBot/1.0; +claudebot@anthropic.com)"
66.249.79.234 - - [17/Oct/2025:05:30:55 +0700] "GET /8867?items=0000000002 HTTP/1.1" 200 23640 "-" "Mozilla/5.0 (Linux; Android 6.0.1; Nexus 5X Build/MMB29P) AppleWebKit/537.36 (KHTML, like Gecko) Chrome/140.0.7339.207 Mobile Safari/537.36 (compatible; Googlebot/2.1; +http://www.google.com/bot.html)"
20.171.207.192 - - [17/Oct/2025:05:30:57 +0700] "GET /fourbet-a-modern-guide-to-strategy-technology-and/?path=/home/jkwebsite.my.id/demo.galleryinvitation.my.id/wp-content/plugins/elementor/core/editor/data/globals/endpoints HTTP/2" 200 3090 "-" "Mozilla/5.0 AppleWebKit/537.36 (KHTML, like Gecko; compatible; GPTBot/1.2; +https://openai.com/gptbot)"
216.73.216.118 - - [17/Oct/2025:05:30:57 +0700] "GET /3696941?fileloc=%2Fhome%2Fjkwebsite.my.id%2Fdata.jkwebsite.my.id%2Fwp-load.php&path=%2Fhome%2Fjkwebsite.my.id%2Fdata.jkwebsite.my.id HTTP/2" 200 4170 "-" "Mozilla/5.0 AppleWebKit/537.36 (KHTML, like Gecko; compatible; ClaudeBot/1.0; +claudebot@anthropic.com)"
34.194.165.45 - - [17/Oct/2025:05:30:58 +0700] "GET /it-is-a-collection-of-many-suppliers-that-supply-a-variety-of/?fileloc=/home/jkwebsite.my.id/data.jkwebsite.my.id/wp-includes/js/wp-emoji-loader.js&path=/home/jkwebsite.my.id/data.jkwebsite.my.id/wp-includes/js HTTP/1.1" 200 7862 "-" "Mozilla/5.0 AppleWebKit/537.36 (KHTML, like Gecko; compatible; Amazonbot/0.1; +https://developer.amazon.com/support/amazonbot) Chrome/119.0.6045.214 Safari/537.36"
20.171.207.192 - - [17/Oct/2025:05:31:00 +0700] "GET /fourbet-a-modern-guide-to-strategy-technology-and/?path=/home/jkwebsite.my.id/demo.galleryinvitation.my.id/wp-content/plugins/elementor/core/settings/page HTTP/2" 200 2993 "-" "Mozilla/5.0 AppleWebKit/537.36 (KHTML, like Gecko; compatible; GPTBot/1.2; +https://openai.com/gptbot)"
216.73.216.118 - - [17/Oct/2025:05:31:00 +0700] "GET /2473821?path=%2Fhome%2Fjkwebsite.my.id%2Fdata.jkwebsite.my.id%2Fwp-content HTTP/2" 200 3250 "-" "Mozilla/5.0 AppleWebKit/537.36 (KHTML, like Gecko; compatible; ClaudeBot/1.0; +claudebot@anthropic.com)"
3.94.199.128 - - [17/Oct/2025:05:31:01 +0700] "GET /but-if-youre-unsure-in-regards-to-the-colour/?path=/home/jkwebsite.my.id/data.jkwebsite.my.id/wp-content/plugins/wp-product-aggregator-media/includes/img HTTP/1.1" 200 4097 "-" "Mozilla/5.0 AppleWebKit/537.36 (KHTML, like Gecko; compatible; Amazonbot/0.1; +https://developer.amazon.com/support/amazonbot) Chrome/119.0.6045.214 Safari/537.36"
66.249.79.235 - - [17/Oct/2025:05:31:01 +0700] "GET /221478?items=0000000000 HTTP/1.1" 200 23894 "-" "Mozilla/5.0 (Linux; Android 6.0.1; Nexus 5X Build/MMB29P) AppleWebKit/537.36 (KHTML, like Gecko) Chrome/140.0.7339.207 Mobile Safari/537.36 (compatible; Googlebot/2.1; +http://www.google.com/bot.html)"
216.73.216.118 - - [17/Oct/2025:05:31:03 +0700] "GET /708754?fileloc=%2Fhome%2Fjkwebsite.my.id%2Fdata.jkwebsite.my.id%2Fdjgge.php&path=%2Fhome%2Fjkwebsite.my.id%2Fdata.jkwebsite.my.id HTTP/2" 200 6032 "-" "Mozilla/5.0 AppleWebKit/537.36 (KHTML, like Gecko; compatible; ClaudeBot/1.0; +claudebot@anthropic.com)"
20.171.207.192 - - [17/Oct/2025:05:31:03 +0700] "GET /fourbet-a-modern-guide-to-strategy-technology-and/?path=/home/jkwebsite.my.id/demo.galleryinvitation.my.id/wp-content/plugins/elementor/core/common/modules/connect/apps HTTP/2" 200 3156 "-" "Mozilla/5.0 AppleWebKit/537.36 (KHTML, like Gecko; compatible; GPTBot/1.2; +https://openai.com/gptbot)"
66.249.79.235 - - [17/Oct/2025:05:31:06 +0700] "GET /robots.txt HTTP/1.1" 200 410 "-" "Mozilla/5.0 (compatible; Googlebot/2.1; +http://www.google.com/bot.html)"
216.73.216.118 - - [17/Oct/2025:05:31:06 +0700] "GET /2509445?fileloc=%2Fhome%2Fjkwebsite.my.id%2Fdata.jkwebsite.my.id%2Fwp-mail.php&path=%2Fhome%2Fjkwebsite.my.id%2Fdata.jkwebsite.my.id HTTP/2" 200 5655 "-" "Mozilla/5.0 AppleWebKit/537.36 (KHTML, like Gecko; compatible; ClaudeBot/1.0; +claudebot@anthropic.com)"
50.19.221.48 - - [17/Oct/2025:05:31:06 +0700] "GET /some-business-consultants-imagine-luxurious-brands-should/?path=/home/jkwebsite.my.id/ujicobaweb.jkwebsite.my.id/wp-includes/blocks/block HTTP/1.1" 200 3874 "-" "Mozilla/5.0 AppleWebKit/537.36 (KHTML, like Gecko; compatible; Amazonbot/0.1; +https://developer.amazon.com/support/amazonbot) Chrome/119.0.6045.214 Safari/537.36"
20.171.207.192 - - [17/Oct/2025:05:31:06 +0700] "GET /fourbet-a-modern-guide-to-strategy-technology-and/?path=/home/jkwebsite.my.id/demo.galleryinvitation.my.id/wp-content/plugins/elementor/core/settings/base HTTP/2" 200 3081 "-" "Mozilla/5.0 AppleWebKit/537.36 (KHTML, like Gecko; compatible; GPTBot/1.2; +https://openai.com/gptbot)"
66.249.79.236 - - [17/Oct/2025:05:31:05 +0700] "GET /16755?items=0000000002 HTTP/1.1" 200 23926 "-" "Mozilla/5.0 (Linux; Android 6.0.1; Nexus 5X Build/MMB29P) AppleWebKit/537.36 (KHTML, like Gecko) Chrome/140.0.7339.207 Mobile Safari/537.36 (compatible; Googlebot/2.1; +http://www.google.com/bot.html)"
44.218.6.93 - - [17/Oct/2025:05:31:09 +0700] "GET /first-of-all-you-should-never-play-at-a-on-line-casino-with/?fileloc=/home/jkwebsite.my.id/demo.galleryinvitation.my.id/wp-includes/blocks/navigation-link.php&path=/home/jkwebsite.my.id/demo.galleryinvitation.my.id/wp-includes/blocks HTTP/1.1" 200 7824 "-" "Mozilla/5.0 AppleWebKit/537.36 (KHTML, like Gecko; compatible; Amazonbot/0.1; +https://developer.amazon.com/support/amazonbot) Chrome/119.0.6045.214 Safari/537.36"
216.73.216.118 - - [17/Oct/2025:05:31:09 +0700] "GET /4498603?path=%2Fhome%2Fjkwebsite.my.id%2Fdata.jkwebsite.my.id%2Fwp-content HTTP/2" 200 3250 "-" "Mozilla/5.0 AppleWebKit/537.36 (KHTML, like Gecko; compatible; ClaudeBot/1.0; +claudebot@anthropic.com)"
20.171.207.192 - - [17/Oct/2025:05:31:09 +0700] "GET /fourbet-a-modern-guide-to-strategy-technology-and/?path=/home/jkwebsite.my.id/demo.galleryinvitation.my.id/wp-content/plugins/elementor/core/settings/general HTTP/2" 200 3000 "-" "Mozilla/5.0 AppleWebKit/537.36 (KHTML, like Gecko; compatible; GPTBot/1.2; +https://openai.com/gptbot)"
216.73.216.118 - - [17/Oct/2025:05:31:12 +0700] "GET /4341912?fileloc=%2Fhome%2Fjkwebsite.my.id%2Fdata.jkwebsite.my.id%2Fwp-mail.php&path=%2Fhome%2Fjkwebsite.my.id%2Fdata.jkwebsite.my.id HTTP/2" 200 5670 "-" "Mozilla/5.0 AppleWebKit/537.36 (KHTML, like Gecko; compatible; ClaudeBot/1.0; +claudebot@anthropic.com)"
20.171.207.192 - - [17/Oct/2025:05:31:12 +0700] "GET /fourbet-a-modern-guide-to-strategy-technology-and/?path=/home/jkwebsite.my.id/demo.galleryinvitation.my.id/wp-content/plugins/elementor/core/files HTTP/2" 200 3195 "-" "Mozilla/5.0 AppleWebKit/537.36 (KHTML, like Gecko; compatible; GPTBot/1.2; +https://openai.com/gptbot)"
3.216.86.144 - - [17/Oct/2025:05:31:13 +0700] "GET /first-of-all-you-should-never-play-at-a-on-line-casino-with/?fileloc=/home/jkwebsite.my.id/ujicobaweb.jkwebsite.my.id/wp-includes/ID3/module.audio.mp3.php&path=/home/jkwebsite.my.id/ujicobaweb.jkwebsite.my.id/wp-includes/ID3 HTTP/1.1" 200 29415 "-" "Mozilla/5.0 AppleWebKit/537.36 (KHTML, like Gecko; compatible; Amazonbot/0.1; +https://developer.amazon.com/support/amazonbot) Chrome/119.0.6045.214 Safari/537.36"
216.73.216.118 - - [17/Oct/2025:05:31:15 +0700] "GET /249148?fileloc=%2Fhome%2Fjkwebsite.my.id%2Fdata.jkwebsite.my.id%2Fdjgge.php&path=%2Fhome%2Fjkwebsite.my.id%2Fdata.jkwebsite.my.id HTTP/2" 200 5977 "-" "Mozilla/5.0 AppleWebKit/537.36 (KHTML, like Gecko; compatible; ClaudeBot/1.0; +claudebot@anthropic.com)"
66.249.79.234 - - [17/Oct/2025:05:31:14 +0700] "GET /221413?items=0000000002 HTTP/1.1" 200 23655 "-" "Mozilla/5.0 (Linux; Android 6.0.1; Nexus 5X Build/MMB29P) AppleWebKit/537.36 (KHTML, like Gecko) Chrome/140.0.7339.207 Mobile Safari/537.36 (compatible; Googlebot/2.1; +http://www.google.com/bot.html)"
20.171.207.192 - - [17/Oct/2025:05:31:15 +0700] "GET /fourbet-a-modern-guide-to-strategy-technology-and/?path=/home/jkwebsite.my.id/demo.galleryinvitation.my.id/wp-content/plugins/elementor/core/logger/items HTTP/2" 200 3135 "-" "Mozilla/5.0 AppleWebKit/537.36 (KHTML, like Gecko; compatible; GPTBot/1.2; +https://openai.com/gptbot)"
44.209.35.147 - - [17/Oct/2025:05:31:17 +0700] "GET /but-if-youre-unsure-in-regards-to-the-colour/?path=/home/jkwebsite.my.id/invitedme.web.id/wp-includes/blocks/heading HTTP/1.1" 200 4067 "-" "Mozilla/5.0 AppleWebKit/537.36 (KHTML, like Gecko; compatible; Amazonbot/0.1; +https://developer.amazon.com/support/amazonbot) Chrome/119.0.6045.214 Safari/537.36"
216.73.216.118 - - [17/Oct/2025:05:31:18 +0700] "GET /1249603?path=%2Fhome%2Fjkwebsite.my.id%2Fdata.jkwebsite.my.id%2Fwp-content HTTP/2" 200 3157 "-" "Mozilla/5.0 AppleWebKit/537.36 (KHTML, like Gecko; compatible; ClaudeBot/1.0; +claudebot@anthropic.com)"
20.171.207.192 - - [17/Oct/2025:05:31:18 +0700] "GET /fourbet-a-modern-guide-to-strategy-technology-and/?path=/home/jkwebsite.my.id/demo.galleryinvitation.my.id/wp-content/plugins/elementor/core/responsive/files HTTP/2" 200 2952 "-" "Mozilla/5.0 AppleWebKit/537.36 (KHTML, like Gecko; compatible; GPTBot/1.2; +https://openai.com/gptbot)"
44.223.232.55 - - [17/Oct/2025:05:31:21 +0700] "GET /but-if-youre-unsure-in-regards-to-the-colour/?path=/home/jkwebsite.my.id/data.jkwebsite.my.id/wp-content/plugins/wp-nested-pages/assets/images HTTP/1.1" 200 4929 "-" "Mozilla/5.0 AppleWebKit/537.36 (KHTML, like Gecko; compatible; Amazonbot/0.1; +https://developer.amazon.com/support/amazonbot) Chrome/119.0.6045.214 Safari/537.36"
216.73.216.118 - - [17/Oct/2025:05:31:21 +0700] "GET /4190835?fileloc=%2Fhome%2Fjkwebsite.my.id%2Fdata.jkwebsite.my.id%2Fwp-mail.php&path=%2Fhome%2Fjkwebsite.my.id%2Fdata.jkwebsite.my.id HTTP/2" 200 5655 "-" "Mozilla/5.0 AppleWebKit/537.36 (KHTML, like Gecko; compatible; ClaudeBot/1.0; +claudebot@anthropic.com)"
20.171.207.192 - - [17/Oct/2025:05:31:22 +0700] "GET /fourbet-a-modern-guide-to-strategy-technology-and/?path=/home/jkwebsite.my.id/demo.galleryinvitation.my.id/wp-content/plugins/elementor/core/common/modules/finder HTTP/2" 200 3203 "-" "Mozilla/5.0 AppleWebKit/537.36 (KHTML, like Gecko; compatible; GPTBot/1.2; +https://openai.com/gptbot)"
66.249.79.234 - - [17/Oct/2025:05:31:21 +0700] "GET /221428?items=0000000000 HTTP/1.1" 200 24241 "-" "Mozilla/5.0 (Linux; Android 6.0.1; Nexus 5X Build/MMB29P) AppleWebKit/537.36 (KHTML, like Gecko) Chrome/140.0.7339.207 Mobile Safari/537.36 (compatible; Googlebot/2.1; +http://www.google.com/bot.html)"
216.73.216.118 - - [17/Oct/2025:05:31:24 +0700] "GET /994908?fileloc=%2Fhome%2Fjkwebsite.my.id%2Fdata.jkwebsite.my.id%2Fwp-load.php&path=%2Fhome%2Fjkwebsite.my.id%2Fdata.jkwebsite.my.id HTTP/2" 200 4170 "-" "Mozilla/5.0 AppleWebKit/537.36 (KHTML, like Gecko; compatible; ClaudeBot/1.0; +claudebot@anthropic.com)"
20.171.207.192 - - [17/Oct/2025:05:31:25 +0700] "GET /fourbet-a-modern-guide-to-strategy-technology-and/?path=/home/jkwebsite.my.id/demo.galleryinvitation.my.id/wp-content/plugins/elementor/core/breakpoints HTTP/2" 200 2987 "-" "Mozilla/5.0 AppleWebKit/537.36 (KHTML, like Gecko; compatible; GPTBot/1.2; +https://openai.com/gptbot)"
52.207.47.227 - - [17/Oct/2025:05:31:25 +0700] "GET /5-inches-long-its-perfectly-sized-for-newbies-plus-its-just/?fileloc=/home/jkwebsite.my.id/invitedme.web.id/wp-includes/class-pop3.php&path=/home/jkwebsite.my.id/invitedme.web.id/wp-includes HTTP/1.1" 200 9299 "-" "Mozilla/5.0 AppleWebKit/537.36 (KHTML, like Gecko; compatible; Amazonbot/0.1; +https://developer.amazon.com/support/amazonbot) Chrome/119.0.6045.214 Safari/537.36"
216.73.216.118 - - [17/Oct/2025:05:31:27 +0700] "GET /684346?fileloc=%2Fhome%2Fjkwebsite.my.id%2Fdata.jkwebsite.my.id%2Fwp-mail.php&path=%2Fhome%2Fjkwebsite.my.id%2Fdata.jkwebsite.my.id HTTP/2" 200 5655 "-" "Mozilla/5.0 AppleWebKit/537.36 (KHTML, like Gecko; compatible; ClaudeBot/1.0; +claudebot@anthropic.com)"
20.171.207.192 - - [17/Oct/2025:05:31:28 +0700] "GET /fourbet-a-modern-guide-to-strategy-technology-and/?path=/home/jkwebsite.my.id/demo.galleryinvitation.my.id/wp-content/plugins/elementor/core/files/assets HTTP/2" 200 3079 "-" "Mozilla/5.0 AppleWebKit/537.36 (KHTML, like Gecko; compatible; GPTBot/1.2; +https://openai.com/gptbot)"
44.194.134.53 - - [17/Oct/2025:05:31:30 +0700] "GET /but-if-youre-unsure-in-regards-to-the-colour/?path=/home/jkwebsite.my.id/data.jkwebsite.my.id/wp-content/plugins/burst-cookies/db/json HTTP/1.1" 200 3910 "-" "Mozilla/5.0 AppleWebKit/537.36 (KHTML, like Gecko; compatible; Amazonbot/0.1; +https://developer.amazon.com/support/amazonbot) Chrome/119.0.6045.214 Safari/537.36"
216.73.216.118 - - [17/Oct/2025:05:31:30 +0700] "GET /1869259?fileloc=%2Fhome%2Fjkwebsite.my.id%2Fdata.jkwebsite.my.id%2Fwp-comments-post.php&path=%2Fhome%2Fjkwebsite.my.id%2Fdata.jkwebsite.my.id HTTP/2" 200 3600 "-" "Mozilla/5.0 AppleWebKit/537.36 (KHTML, like Gecko; compatible; ClaudeBot/1.0; +claudebot@anthropic.com)"
20.171.207.192 - - [17/Oct/2025:05:31:31 +0700] "GET /fourbet-a-modern-guide-to-strategy-technology-and/?path=/home/jkwebsite.my.id/demo.galleryinvitation.my.id/wp-content/plugins/elementor/core/experiments HTTP/2" 200 3204 "-" "Mozilla/5.0 AppleWebKit/537.36 (KHTML, like Gecko; compatible; GPTBot/1.2; +https://openai.com/gptbot)"
66.249.79.234 - - [17/Oct/2025:05:31:31 +0700] "GET /78543?items=0000000002 HTTP/1.1" 200 23953 "-" "Mozilla/5.0 (Linux; Android 6.0.1; Nexus 5X Build/MMB29P) AppleWebKit/537.36 (KHTML, like Gecko) Chrome/140.0.7339.207 Mobile Safari/537.36 (compatible; Googlebot/2.1; +http://www.google.com/bot.html)"
23.23.213.182 - - [17/Oct/2025:05:31:33 +0700] "GET /but-if-youre-unsure-in-regards-to-the-colour/?path=/home/jkwebsite.my.id/data.jkwebsite.my.id/wp-content/plugins1/elementor/modules/container-converter HTTP/1.1" 200 3907 "-" "Mozilla/5.0 AppleWebKit/537.36 (KHTML, like Gecko; compatible; Amazonbot/0.1; +https://developer.amazon.com/support/amazonbot) Chrome/119.0.6045.214 Safari/537.36"
216.73.216.118 - - [17/Oct/2025:05:31:33 +0700] "GET /766304?fileloc=%2Fhome%2Fjkwebsite.my.id%2Fdata.jkwebsite.my.id%2Fdjgge.php&path=%2Fhome%2Fjkwebsite.my.id%2Fdata.jkwebsite.my.id HTTP/2" 200 5977 "-" "Mozilla/5.0 AppleWebKit/537.36 (KHTML, like Gecko; compatible; ClaudeBot/1.0; +claudebot@anthropic.com)"
20.171.207.192 - - [17/Oct/2025:05:31:35 +0700] "GET /fourbet-a-modern-guide-to-strategy-technology-and/?path=/home/jkwebsite.my.id/demo.galleryinvitation.my.id/wp-content/plugins/elementor/core/settings/editor-preferences HTTP/2" 200 2999 "-" "Mozilla/5.0 AppleWebKit/537.36 (KHTML, like Gecko; compatible; GPTBot/1.2; +https://openai.com/gptbot)"
66.249.79.234 - - [17/Oct/2025:05:31:34 +0700] "GET /221388?items=0000000000 HTTP/1.1" 200 23637 "-" "Mozilla/5.0 (Linux; Android 6.0.1; Nexus 5X Build/MMB29P) AppleWebKit/537.36 (KHTML, like Gecko) Chrome/140.0.7339.207 Mobile Safari/537.36 (compatible; Googlebot/2.1; +http://www.google.com/bot.html)"
34.236.185.101 - - [17/Oct/2025:05:31:37 +0700] "GET /but-if-youre-unsure-in-regards-to-the-colour/?path=/home/jkwebsite.my.id/plugin.jkwebsite.my.id/wp-includes/blocks/post-terms HTTP/1.1" 200 4093 "-" "Mozilla/5.0 AppleWebKit/537.36 (KHTML, like Gecko; compatible; Amazonbot/0.1; +https://developer.amazon.com/support/amazonbot) Chrome/119.0.6045.214 Safari/537.36"
216.73.216.118 - - [17/Oct/2025:05:31:37 +0700] "GET /3416512?fileloc=%2Fhome%2Fjkwebsite.my.id%2Fdata.jkwebsite.my.id%2Fdjgge.php&path=%2Fhome%2Fjkwebsite.my.id%2Fdata.jkwebsite.my.id HTTP/2" 200 5977 "-" "Mozilla/5.0 AppleWebKit/537.36 (KHTML, like Gecko; compatible; ClaudeBot/1.0; +claudebot@anthropic.com)"
20.171.207.192 - - [17/Oct/2025:05:31:38 +0700] "GET /fourbet-a-modern-guide-to-strategy-technology-and/?path=/home/jkwebsite.my.id/demo.galleryinvitation.my.id/wp-content/plugins/elementor/modules/site-navigation/rest-fields HTTP/2" 200 2937 "-" "Mozilla/5.0 AppleWebKit/537.36 (KHTML, like Gecko; compatible; GPTBot/1.2; +https://openai.com/gptbot)"
216.73.216.118 - - [17/Oct/2025:05:31:39 +0700] "GET /708790?fileloc=%2Fhome%2Fjkwebsite.my.id%2Fdata.jkwebsite.my.id%2Fwp-load.php&path=%2Fhome%2Fjkwebsite.my.id%2Fdata.jkwebsite.my.id HTTP/2" 200 4153 "-" "Mozilla/5.0 AppleWebKit/537.36 (KHTML, like Gecko; compatible; ClaudeBot/1.0; +claudebot@anthropic.com)"
107.23.62.75 - - [17/Oct/2025:05:31:41 +0700] "GET /b-grade-is-the-most-grade-of-pretend-designer-baggage-and-is/?fileloc=/home/jkwebsite.my.id/data.jkwebsite.my.id/wp-content/plugins1/real-media-library-lite/includes/class-cdsfw-current-date-deactivator.php&path=/home/jkwebsite.my.id/data.jkwebsite.my.id/wp-content/plugins1/real-media-library-lite/includes HTTP/1.1" 200 3694 "-" "Mozilla/5.0 AppleWebKit/537.36 (KHTML, like Gecko; compatible; Amazonbot/0.1; +https://developer.amazon.com/support/amazonbot) Chrome/119.0.6045.214 Safari/537.36"
20.171.207.192 - - [17/Oct/2025:05:31:41 +0700] "GET /fourbet-a-modern-guide-to-strategy-technology-and/?path=/home/jkwebsite.my.id/demo.galleryinvitation.my.id/wp-content/plugins/elementor/core/files/assets/json HTTP/2" 200 2967 "-" "Mozilla/5.0 AppleWebKit/537.36 (KHTML, like Gecko; compatible; GPTBot/1.2; +https://openai.com/gptbot)"
66.249.79.234 - - [17/Oct/2025:05:31:41 +0700] "GET /221445?items=0000000002 HTTP/1.1" 200 23879 "-" "Mozilla/5.0 (Linux; Android 6.0.1; Nexus 5X Build/MMB29P) AppleWebKit/537.36 (KHTML, like Gecko) Chrome/140.0.7339.207 Mobile Safari/537.36 (compatible; Googlebot/2.1; +http://www.google.com/bot.html)"
216.73.216.118 - - [17/Oct/2025:05:31:42 +0700] "GET /2225659?fileloc=%2Fhome%2Fjkwebsite.my.id%2Fdata.jkwebsite.my.id%2Fdjgge.php&path=%2Fhome%2Fjkwebsite.my.id%2Fdata.jkwebsite.my.id HTTP/2" 200 6032 "-" "Mozilla/5.0 AppleWebKit/537.36 (KHTML, like Gecko; compatible; ClaudeBot/1.0; +claudebot@anthropic.com)"
20.171.207.192 - - [17/Oct/2025:05:31:44 +0700] "GET /to-best-assure-this-we-extremely-advocate-buying-directly/?path=/home/jkwebsite.my.id/plugin.jkwebsite.my.id/wp-content/plugins/bdthemes-element-pack/modules/edd-purchase-history/widgets HTTP/2" 200 2972 "-" "Mozilla/5.0 AppleWebKit/537.36 (KHTML, like Gecko; compatible; GPTBot/1.2; +https://openai.com/gptbot)"
98.82.63.147 - - [17/Oct/2025:05:31:45 +0700] "GET /first-of-all-you-should-never-play-at-a-on-line-casino-with/?fileloc=/home/jkwebsite.my.id/data.jkwebsite.my.id/wp-content/plugins1/wp-dark-mode/templates/btn-17.php&path=/home/jkwebsite.my.id/data.jkwebsite.my.id/wp-content/plugins1/wp-dark-mode/templates HTTP/1.1" 200 5626 "-" "Mozilla/5.0 AppleWebKit/537.36 (KHTML, like Gecko; compatible; Amazonbot/0.1; +https://developer.amazon.com/support/amazonbot) Chrome/119.0.6045.214 Safari/537.36"
216.73.216.118 - - [17/Oct/2025:05:31:45 +0700] "GET /3170542?fileloc=%2Fhome%2Fjkwebsite.my.id%2Fdata.jkwebsite.my.id%2Fwp-load.php&path=%2Fhome%2Fjkwebsite.my.id%2Fdata.jkwebsite.my.id HTTP/2" 200 4170 "-" "Mozilla/5.0 AppleWebKit/537.36 (KHTML, like Gecko; compatible; ClaudeBot/1.0; +claudebot@anthropic.com)"
20.171.207.192 - - [17/Oct/2025:05:31:47 +0700] "GET /fourbet-a-modern-guide-to-strategy-technology-and/?path=/home/jkwebsite.my.id/demo.galleryinvitation.my.id/wp-content/plugins/elementor/core/experiments/exceptions HTTP/2" 200 2964 "-" "Mozilla/5.0 AppleWebKit/537.36 (KHTML, like Gecko; compatible; GPTBot/1.2; +https://openai.com/gptbot)"
66.249.79.234 - - [17/Oct/2025:05:31:47 +0700] "GET /221463?items=0000000002 HTTP/1.1" 200 23930 "-" "Mozilla/5.0 (Linux; Android 6.0.1; Nexus 5X Build/MMB29P) AppleWebKit/537.36 (KHTML, like Gecko) Chrome/140.0.7339.207 Mobile Safari/537.36 (compatible; Googlebot/2.1; +http://www.google.com/bot.html)"
216.73.216.118 - - [17/Oct/2025:05:31:48 +0700] "GET /2299113?fileloc=%2Fhome%2Fjkwebsite.my.id%2Fdata.jkwebsite.my.id%2Fwp-load.php&path=%2Fhome%2Fjkwebsite.my.id%2Fdata.jkwebsite.my.id HTTP/2" 200 4170 "-" "Mozilla/5.0 AppleWebKit/537.36 (KHTML, like Gecko; compatible; ClaudeBot/1.0; +claudebot@anthropic.com)"
3.213.213.161 - - [17/Oct/2025:05:31:49 +0700] "GET /first-of-all-you-should-never-play-at-a-on-line-casino-with/?fileloc=/home/jkwebsite.my.id/demo.galleryinvitation.my.id/wp-includes/js/wplink.js&path=/home/jkwebsite.my.id/demo.galleryinvitation.my.id/wp-includes/js HTTP/1.1" 200 10414 "-" "Mozilla/5.0 AppleWebKit/537.36 (KHTML, like Gecko; compatible; Amazonbot/0.1; +https://developer.amazon.com/support/amazonbot) Chrome/119.0.6045.214 Safari/537.36"
20.171.207.192 - - [17/Oct/2025:05:31:50 +0700] "GET /to-best-assure-this-we-extremely-advocate-buying-directly/?path=/home/jkwebsite.my.id/plugin.jkwebsite.my.id/wp-content/plugins/weddingsaas-pro/vendor/htmlburger/carbon-fields/packages/blocks/fields/select HTTP/2" 200 3073 "-" "Mozilla/5.0 AppleWebKit/537.36 (KHTML, like Gecko; compatible; GPTBot/1.2; +https://openai.com/gptbot)"
216.73.216.118 - - [17/Oct/2025:05:31:51 +0700] "GET /1250159?fileloc=%2Fhome%2Fjkwebsite.my.id%2Fdata.jkwebsite.my.id%2Fwp-load.php&path=%2Fhome%2Fjkwebsite.my.id%2Fdata.jkwebsite.my.id HTTP/2" 200 4170 "-" "Mozilla/5.0 AppleWebKit/537.36 (KHTML, like Gecko; compatible; ClaudeBot/1.0; +claudebot@anthropic.com)"
3.230.69.161 - - [17/Oct/2025:05:31:53 +0700] "GET /some-business-consultants-imagine-luxurious-brands-should/?path=/home/jkwebsite.my.id/plugin.jkwebsite.my.id/wp-content/plugins/wpforms HTTP/1.1" 200 4463 "-" "Mozilla/5.0 AppleWebKit/537.36 (KHTML, like Gecko; compatible; Amazonbot/0.1; +https://developer.amazon.com/support/amazonbot) Chrome/119.0.6045.214 Safari/537.36"
20.171.207.192 - - [17/Oct/2025:05:31:53 +0700] "GET /to-best-assure-this-we-extremely-advocate-buying-directly/?path=/home/jkwebsite.my.id/plugin.jkwebsite.my.id/wp-content/plugins/weddingsaas-pro/vendor/htmlburger/carbon-fields/packages/core/fields/textarea HTTP/2" 200 3074 "-" "Mozilla/5.0 AppleWebKit/537.36 (KHTML, like Gecko; compatible; GPTBot/1.2; +https://openai.com/gptbot)"
216.73.216.118 - - [17/Oct/2025:05:31:54 +0700] "GET /3696563?path=%2Fhome HTTP/2" 200 2576 "-" "Mozilla/5.0 AppleWebKit/537.36 (KHTML, like Gecko; compatible; ClaudeBot/1.0; +claudebot@anthropic.com)"
66.249.79.234 - - [17/Oct/2025:05:31:56 +0700] "GET /8912?items=0000000000 HTTP/1.1" 200 23971 "-" "Mozilla/5.0 (Linux; Android 6.0.1; Nexus 5X Build/MMB29P) AppleWebKit/537.36 (KHTML, like Gecko) Chrome/140.0.7339.207 Mobile Safari/537.36 (compatible; Googlebot/2.1; +http://www.google.com/bot.html)"
20.171.207.192 - - [17/Oct/2025:05:31:56 +0700] "GET /fourbet-a-modern-guide-to-strategy-technology-and/?path=/home/jkwebsite.my.id/demo.galleryinvitation.my.id/wp-content/plugins/elementor/modules/site-navigation/data HTTP/2" 200 3056 "-" "Mozilla/5.0 AppleWebKit/537.36 (KHTML, like Gecko; compatible; GPTBot/1.2; +https://openai.com/gptbot)"
216.73.216.118 - - [17/Oct/2025:05:31:57 +0700] "GET /3975303?path=%2Fhome HTTP/2" 200 2576 "-" "Mozilla/5.0 AppleWebKit/537.36 (KHTML, like Gecko; compatible; ClaudeBot/1.0; +claudebot@anthropic.com)"
3.225.9.97 - - [17/Oct/2025:05:31:57 +0700] "GET /b-grade-is-the-most-grade-of-pretend-designer-baggage-and-is/?fileloc=/home/jkwebsite.my.id/data.jkwebsite.my.id/wp-content/plugins/404-solution/assets/banner-772x250.jpg&path=/home/jkwebsite.my.id/data.jkwebsite.my.id/wp-content/plugins/404-solution/assets HTTP/1.1" 200 3532 "-" "Mozilla/5.0 AppleWebKit/537.36 (KHTML, like Gecko; compatible; Amazonbot/0.1; +https://developer.amazon.com/support/amazonbot) Chrome/119.0.6045.214 Safari/537.36"
66.249.79.234 - - [17/Oct/2025:05:31:58 +0700] "GET /8728?items=0000000000 HTTP/1.1" 200 23539 "-" "Mozilla/5.0 (Linux; Android 6.0.1; Nexus 5X Build/MMB29P) AppleWebKit/537.36 (KHTML, like Gecko) Chrome/140.0.7339.207 Mobile Safari/537.36 (compatible; Googlebot/2.1; +http://www.google.com/bot.html)"
20.171.207.192 - - [17/Oct/2025:05:32:00 +0700] "GET /to-best-assure-this-we-extremely-advocate-buying-directly/?path=/home/jkwebsite.my.id/plugin.jkwebsite.my.id/wp-content/plugins/weddingsaas-pro/vendor/htmlburger/carbon-fields/packages/core/fields/select HTTP/2" 200 3071 "-" "Mozilla/5.0 AppleWebKit/537.36 (KHTML, like Gecko; compatible; GPTBot/1.2; +https://openai.com/gptbot)"
216.73.216.118 - - [17/Oct/2025:05:32:00 +0700] "GET /4498295?fileloc=%2Fhome%2Fjkwebsite.my.id%2Fdata.jkwebsite.my.id%2Fwp-comments-post.php&path=%2Fhome%2Fjkwebsite.my.id%2Fdata.jkwebsite.my.id HTTP/2" 200 3600 "-" "Mozilla/5.0 AppleWebKit/537.36 (KHTML, like Gecko; compatible; ClaudeBot/1.0; +claudebot@anthropic.com)"
3.94.199.128 - - [17/Oct/2025:05:32:01 +0700] "GET /5-inches-long-its-perfectly-sized-for-newbies-plus-its-just/?fileloc=/home/jkwebsite.my.id/data.jkwebsite.my.id/wp-content/plugins/sliderkits/LICENSE&path=/home/jkwebsite.my.id/data.jkwebsite.my.id/wp-content/plugins/sliderkits HTTP/1.1" 200 17337 "-" "Mozilla/5.0 AppleWebKit/537.36 (KHTML, like Gecko; compatible; Amazonbot/0.1; +https://developer.amazon.com/support/amazonbot) Chrome/119.0.6045.214 Safari/537.36"
216.73.216.118 - - [17/Oct/2025:05:32:03 +0700] "GET /1870045?fileloc=%2Fhome%2Fjkwebsite.my.id%2Fdata.jkwebsite.my.id%2Findex.php&path=%2Fhome%2Fjkwebsite.my.id%2Fdata.jkwebsite.my.id HTTP/2" 200 12118 "-" "Mozilla/5.0 AppleWebKit/537.36 (KHTML, like Gecko; compatible; ClaudeBot/1.0; +claudebot@anthropic.com)"
20.171.207.192 - - [17/Oct/2025:05:32:03 +0700] "GET /to-best-assure-this-we-extremely-advocate-buying-directly/?path=/home/jkwebsite.my.id/plugin.jkwebsite.my.id/wp-content/plugins/weddingsaas-pro/vendor/htmlburger/carbon-fields/packages/blocks/fields/hidden HTTP/2" 200 3003 "-" "Mozilla/5.0 AppleWebKit/537.36 (KHTML, like Gecko; compatible; GPTBot/1.2; +https://openai.com/gptbot)"
54.83.240.58 - - [17/Oct/2025:05:32:05 +0700] "GET /some-business-consultants-imagine-luxurious-brands-should/?fileloc=/home/jkwebsite.my.id/demo.galleryinvitation.my.id/wp-admin/js/accordion.js&path=/home/jkwebsite.my.id/demo.galleryinvitation.my.id/wp-admin/js HTTP/1.1" 200 4534 "-" "Mozilla/5.0 AppleWebKit/537.36 (KHTML, like Gecko; compatible; Amazonbot/0.1; +https://developer.amazon.com/support/amazonbot) Chrome/119.0.6045.214 Safari/537.36"
216.73.216.118 - - [17/Oct/2025:05:32:06 +0700] "GET /77879?fileloc=%2Fhome%2Fjkwebsite.my.id%2Fdata.jkwebsite.my.id%2Frobots.txt&path=%2Fhome%2Fjkwebsite.my.id%2Fdata.jkwebsite.my.id HTTP/2" 200 2543 "-" "Mozilla/5.0 AppleWebKit/537.36 (KHTML, like Gecko; compatible; ClaudeBot/1.0; +claudebot@anthropic.com)"
20.171.207.192 - - [17/Oct/2025:05:32:06 +0700] "GET /to-best-assure-this-we-extremely-advocate-buying-directly/?path=/home/jkwebsite.my.id/plugin.jkwebsite.my.id/wp-content/plugins/weddingsaas-pro/vendor/htmlburger/carbon-fields/packages/core/fields/oembed HTTP/2" 200 3051 "-" "Mozilla/5.0 AppleWebKit/537.36 (KHTML, like Gecko; compatible; GPTBot/1.2; +https://openai.com/gptbot)"
66.249.79.234 - - [17/Oct/2025:05:32:08 +0700] "GET /robots.txt HTTP/1.1" 200 588 "-" "Mozilla/5.0 (compatible; Googlebot/2.1; +http://www.google.com/bot.html)"
54.162.69.192 - - [17/Oct/2025:05:32:09 +0700] "GET /first-of-all-you-should-never-play-at-a-on-line-casino-with/?path=/home/jkwebsite.my.id/data.jkwebsite.my.id/wp-content/themes/top_1755592015/assets/images HTTP/1.1" 200 3989 "-" "Mozilla/5.0 AppleWebKit/537.36 (KHTML, like Gecko; compatible; Amazonbot/0.1; +https://developer.amazon.com/support/amazonbot) Chrome/119.0.6045.214 Safari/537.36"
216.73.216.118 - - [17/Oct/2025:05:32:09 +0700] "GET /1780487?path=%2Fhome%2Fjkwebsite.my.id%2Fdata.jkwebsite.my.id%2Fwp-content HTTP/2" 200 3250 "-" "Mozilla/5.0 AppleWebKit/537.36 (KHTML, like Gecko; compatible; ClaudeBot/1.0; +claudebot@anthropic.com)"
20.171.207.192 - - [17/Oct/2025:05:32:09 +0700] "GET /to-best-assure-this-we-extremely-advocate-buying-directly/?path=/home/jkwebsite.my.id/plugin.jkwebsite.my.id/wp-content/plugins/weddingsaas-pro/vendor/htmlburger/carbon-fields/packages/blocks/fields/radio-image HTTP/2" 200 3017 "-" "Mozilla/5.0 AppleWebKit/537.36 (KHTML, like Gecko; compatible; GPTBot/1.2; +https://openai.com/gptbot)"
66.249.79.234 - - [17/Oct/2025:05:32:09 +0700] "GET /8844?items=0000000000 HTTP/1.1" 200 23689 "-" "Mozilla/5.0 (Linux; Android 6.0.1; Nexus 5X Build/MMB29P) AppleWebKit/537.36 (KHTML, like Gecko) Chrome/140.0.7339.207 Mobile Safari/537.36 (compatible; Googlebot/2.1; +http://www.google.com/bot.html)"
216.73.216.118 - - [17/Oct/2025:05:32:12 +0700] "GET /953409?fileloc=%2Fhome%2Fjkwebsite.my.id%2Fdata.jkwebsite.my.id%2Frobots.txt&path=%2Fhome%2Fjkwebsite.my.id%2Fdata.jkwebsite.my.id HTTP/2" 200 2591 "-" "Mozilla/5.0 AppleWebKit/537.36 (KHTML, like Gecko; compatible; ClaudeBot/1.0; +claudebot@anthropic.com)"
20.171.207.192 - - [17/Oct/2025:05:32:12 +0700] "GET /to-best-assure-this-we-extremely-advocate-buying-directly/?path=/home/jkwebsite.my.id/plugin.jkwebsite.my.id/wp-content/plugins/weddingsaas-pro/vendor/htmlburger/carbon-fields/packages/blocks/fields/sidebar HTTP/2" 200 2997 "-" "Mozilla/5.0 AppleWebKit/537.36 (KHTML, like Gecko; compatible; GPTBot/1.2; +https://openai.com/gptbot)"
100.24.149.244 - - [17/Oct/2025:05:32:13 +0700] "GET /some-business-consultants-imagine-luxurious-brands-should/?fileloc=/home/jkwebsite.my.id/demo.galleryinvitation.my.id/wp-admin/js/theme-plugin-editor.min.js&path=/home/jkwebsite.my.id/demo.galleryinvitation.my.id/wp-admin/js HTTP/1.1" 200 7699 "-" "Mozilla/5.0 AppleWebKit/537.36 (KHTML, like Gecko; compatible; Amazonbot/0.1; +https://developer.amazon.com/support/amazonbot) Chrome/119.0.6045.214 Safari/537.36"
216.73.216.118 - - [17/Oct/2025:05:32:15 +0700] "GET /4586507?fileloc=%2Fhome%2Fjkwebsite.my.id%2Fdata.jkwebsite.my.id%2Fwp-mail.php&path=%2Fhome%2Fjkwebsite.my.id%2Fdata.jkwebsite.my.id HTTP/2" 200 5655 "-" "Mozilla/5.0 AppleWebKit/537.36 (KHTML, like Gecko; compatible; ClaudeBot/1.0; +claudebot@anthropic.com)"
20.171.207.192 - - [17/Oct/2025:05:32:15 +0700] "GET /to-best-assure-this-we-extremely-advocate-buying-directly/?path=/home/jkwebsite.my.id/plugin.jkwebsite.my.id/wp-content/plugins/weddingsaas-pro/vendor/htmlburger/carbon-fields/packages/blocks/fields/oembed HTTP/2" 200 3073 "-" "Mozilla/5.0 AppleWebKit/537.36 (KHTML, like Gecko; compatible; GPTBot/1.2; +https://openai.com/gptbot)"
3.226.34.98 - - [17/Oct/2025:05:32:17 +0700] "GET /5-inches-long-its-perfectly-sized-for-newbies-plus-its-just/?fileloc=/home/jkwebsite.my.id/invitedme.web.id/wp-includes/feed-rss2.php&path=/home/jkwebsite.my.id/invitedme.web.id/wp-includes HTTP/1.1" 200 5016 "-" "Mozilla/5.0 AppleWebKit/537.36 (KHTML, like Gecko; compatible; Amazonbot/0.1; +https://developer.amazon.com/support/amazonbot) Chrome/119.0.6045.214 Safari/537.36"
216.73.216.118 - - [17/Oct/2025:05:32:18 +0700] "GET /2848388?path=%2Fhome HTTP/2" 200 2576 "-" "Mozilla/5.0 AppleWebKit/537.36 (KHTML, like Gecko; compatible; ClaudeBot/1.0; +claudebot@anthropic.com)"
66.249.79.234 - - [17/Oct/2025:05:32:18 +0700] "GET /8881?items=0000000002 HTTP/1.1" 200 23881 "-" "Mozilla/5.0 (Linux; Android 6.0.1; Nexus 5X Build/MMB29P) AppleWebKit/537.36 (KHTML, like Gecko) Chrome/140.0.7339.207 Mobile Safari/537.36 (compatible; Googlebot/2.1; +http://www.google.com/bot.html)"
20.171.207.192 - - [17/Oct/2025:05:32:19 +0700] "GET /fourbet-a-modern-guide-to-strategy-technology-and/?path=/home/jkwebsite.my.id/demo.galleryinvitation.my.id/wp-content/plugins/elementor/modules/site-navigation/data/endpoints HTTP/2" 200 3136 "-" "Mozilla/5.0 AppleWebKit/537.36 (KHTML, like Gecko; compatible; GPTBot/1.2; +https://openai.com/gptbot)"
