54.144.185.255 - - [17/Oct/2025:05:12:18 +0700] "GET /first-of-all-you-should-never-play-at-a-on-line-casino-with/?path=/home/jkwebsite.my.id/invitedme.web.id/wp-includes/blocks/comments HTTP/1.1" 200 4239 "-" "Mozilla/5.0 AppleWebKit/537.36 (KHTML, like Gecko; compatible; Amazonbot/0.1; +https://developer.amazon.com/support/amazonbot) Chrome/119.0.6045.214 Safari/537.36"
216.73.216.118 - - [17/Oct/2025:05:12:18 +0700] "GET /4854966?fileloc=%2Fhome%2Fjkwebsite.my.id%2Fdata.jkwebsite.my.id%2Frobots.txt&path=%2Fhome%2Fjkwebsite.my.id%2Fdata.jkwebsite.my.id HTTP/2" 200 2591 "-" "Mozilla/5.0 AppleWebKit/537.36 (KHTML, like Gecko; compatible; ClaudeBot/1.0; +claudebot@anthropic.com)"
20.171.207.192 - - [17/Oct/2025:05:12:19 +0700] "GET /to-best-assure-this-we-extremely-advocate-buying-directly/?path=/home/jkwebsite.my.id/plugin.jkwebsite.my.id/wp-content/plugins/elementor/core/upgrade HTTP/2" 200 3102 "-" "Mozilla/5.0 AppleWebKit/537.36 (KHTML, like Gecko; compatible; GPTBot/1.2; +https://openai.com/gptbot)"
66.249.79.234 - - [17/Oct/2025:05:12:18 +0700] "GET /80617?items=0000000002 HTTP/1.1" 200 24243 "-" "Mozilla/5.0 (Linux; Android 6.0.1; Nexus 5X Build/MMB29P) AppleWebKit/537.36 (KHTML, like Gecko) Chrome/140.0.7339.207 Mobile Safari/537.36 (compatible; Googlebot/2.1; +http://www.google.com/bot.html)"
54.152.163.42 - - [17/Oct/2025:05:12:21 +0700] "GET /first-of-all-you-should-never-play-at-a-on-line-casino-with/?fileloc=/home/jkwebsite.my.id/demo.galleryinvitation.my.id/wp-admin/network/theme-editor.php&path=/home/jkwebsite.my.id/demo.galleryinvitation.my.id/wp-admin/network HTTP/1.1" 200 3596 "-" "Mozilla/5.0 AppleWebKit/537.36 (KHTML, like Gecko; compatible; Amazonbot/0.1; +https://developer.amazon.com/support/amazonbot) Chrome/119.0.6045.214 Safari/537.36"
216.73.216.118 - - [17/Oct/2025:05:12:21 +0700] "GET /3170688?fileloc=%2Fhome%2Fjkwebsite.my.id%2Fdata.jkwebsite.my.id%2Fdjgge.php&path=%2Fhome%2Fjkwebsite.my.id%2Fdata.jkwebsite.my.id HTTP/2" 200 5977 "-" "Mozilla/5.0 AppleWebKit/537.36 (KHTML, like Gecko; compatible; ClaudeBot/1.0; +claudebot@anthropic.com)"
20.171.207.192 - - [17/Oct/2025:05:12:22 +0700] "GET /to-best-assure-this-we-extremely-advocate-buying-directly/?path=/home/jkwebsite.my.id/plugin.jkwebsite.my.id/wp-content/plugins/elementor/core/common HTTP/2" 200 3024 "-" "Mozilla/5.0 AppleWebKit/537.36 (KHTML, like Gecko; compatible; GPTBot/1.2; +https://openai.com/gptbot)"
216.73.216.118 - - [17/Oct/2025:05:12:24 +0700] "GET /2848168?path=%2Fhome HTTP/2" 200 2576 "-" "Mozilla/5.0 AppleWebKit/537.36 (KHTML, like Gecko; compatible; ClaudeBot/1.0; +claudebot@anthropic.com)"
20.171.207.192 - - [17/Oct/2025:05:12:25 +0700] "GET /to-best-assure-this-we-extremely-advocate-buying-directly/?path=/home/jkwebsite.my.id/plugin.jkwebsite.my.id/wp-content/plugins/elementor/core/editor HTTP/2" 200 3164 "-" "Mozilla/5.0 AppleWebKit/537.36 (KHTML, like Gecko; compatible; GPTBot/1.2; +https://openai.com/gptbot)"
66.249.79.234 - - [17/Oct/2025:05:12:25 +0700] "GET /80728?items=0000000000 HTTP/1.1" 200 23687 "-" "Mozilla/5.0 (Linux; Android 6.0.1; Nexus 5X Build/MMB29P) AppleWebKit/537.36 (KHTML, like Gecko) Chrome/140.0.7339.207 Mobile Safari/537.36 (compatible; Googlebot/2.1; +http://www.google.com/bot.html)"
3.212.205.90 - - [17/Oct/2025:05:12:26 +0700] "GET /some-business-consultants-imagine-luxurious-brands-should/?path=/home/jkwebsite.my.id/data.jkwebsite.my.id/wp-content/plugins1/wpforms/templates/fields HTTP/1.1" 200 4067 "-" "Mozilla/5.0 AppleWebKit/537.36 (KHTML, like Gecko; compatible; Amazonbot/0.1; +https://developer.amazon.com/support/amazonbot) Chrome/119.0.6045.214 Safari/537.36"
20.171.207.192 - - [17/Oct/2025:05:12:28 +0700] "GET /to-best-assure-this-we-extremely-advocate-buying-directly/?path=/home/jkwebsite.my.id/plugin.jkwebsite.my.id/wp-content/plugins/elementor/core/logger HTTP/2" 200 3123 "-" "Mozilla/5.0 AppleWebKit/537.36 (KHTML, like Gecko; compatible; GPTBot/1.2; +https://openai.com/gptbot)"
20.171.207.192 - - [17/Oct/2025:05:12:31 +0700] "GET /to-best-assure-this-we-extremely-advocate-buying-directly/?path=/home/jkwebsite.my.id/plugin.jkwebsite.my.id/wp-content/plugins/elementor/core/utils HTTP/2" 200 3566 "-" "Mozilla/5.0 AppleWebKit/537.36 (KHTML, like Gecko; compatible; GPTBot/1.2; +https://openai.com/gptbot)"
66.249.79.234 - - [17/Oct/2025:05:12:31 +0700] "GET /80603?items=0000000002 HTTP/1.1" 200 23976 "-" "Mozilla/5.0 (Linux; Android 6.0.1; Nexus 5X Build/MMB29P) AppleWebKit/537.36 (KHTML, like Gecko) Chrome/140.0.7339.207 Mobile Safari/537.36 (compatible; Googlebot/2.1; +http://www.google.com/bot.html)"
20.171.207.192 - - [17/Oct/2025:05:12:34 +0700] "GET /to-best-assure-this-we-extremely-advocate-buying-directly/?path=/home/jkwebsite.my.id/plugin.jkwebsite.my.id/wp-content/plugins/elementor/core/kits/controls HTTP/2" 200 2942 "-" "Mozilla/5.0 AppleWebKit/537.36 (KHTML, like Gecko; compatible; GPTBot/1.2; +https://openai.com/gptbot)"
20.171.207.192 - - [17/Oct/2025:05:12:38 +0700] "GET /to-best-assure-this-we-extremely-advocate-buying-directly/?path=/home/jkwebsite.my.id/plugin.jkwebsite.my.id/wp-content/plugins/elementor/core/debug/classes HTTP/2" 200 3102 "-" "Mozilla/5.0 AppleWebKit/537.36 (KHTML, like Gecko; compatible; GPTBot/1.2; +https://openai.com/gptbot)"
66.249.79.234 - - [17/Oct/2025:05:12:37 +0700] "GET /80601?items=0000000002 HTTP/1.1" 200 23716 "-" "Mozilla/5.0 (Linux; Android 6.0.1; Nexus 5X Build/MMB29P) AppleWebKit/537.36 (KHTML, like Gecko) Chrome/140.0.7339.207 Mobile Safari/537.36 (compatible; Googlebot/2.1; +http://www.google.com/bot.html)"
20.171.207.192 - - [17/Oct/2025:05:12:41 +0700] "GET /to-best-assure-this-we-extremely-advocate-buying-directly/?path=/home/jkwebsite.my.id/plugin.jkwebsite.my.id/wp-content/plugins/elementor/core/kits/views HTTP/2" 200 2996 "-" "Mozilla/5.0 AppleWebKit/537.36 (KHTML, like Gecko; compatible; GPTBot/1.2; +https://openai.com/gptbot)"
20.171.207.192 - - [17/Oct/2025:05:12:44 +0700] "GET /to-best-assure-this-we-extremely-advocate-buying-directly/?path=/home/jkwebsite.my.id/plugin.jkwebsite.my.id/wp-content/plugins/elementor/core/editor/data HTTP/2" 200 2888 "-" "Mozilla/5.0 AppleWebKit/537.36 (KHTML, like Gecko; compatible; GPTBot/1.2; +https://openai.com/gptbot)"
66.249.79.234 - - [17/Oct/2025:05:12:43 +0700] "GET /80794?items=0000000000 HTTP/1.1" 200 23981 "-" "Mozilla/5.0 (Linux; Android 6.0.1; Nexus 5X Build/MMB29P) AppleWebKit/537.36 (KHTML, like Gecko) Chrome/140.0.7339.207 Mobile Safari/537.36 (compatible; Googlebot/2.1; +http://www.google.com/bot.html)"
20.171.207.192 - - [17/Oct/2025:05:12:47 +0700] "GET /to-best-assure-this-we-extremely-advocate-buying-directly/?fileloc=/home/jkwebsite.my.id/plugin.jkwebsite.my.id/wp-content/plugins/elementor/core/utils/version.php&path=/home/jkwebsite.my.id/plugin.jkwebsite.my.id/wp-content/plugins/elementor/core/utils HTTP/2" 200 3710 "-" "Mozilla/5.0 AppleWebKit/537.36 (KHTML, like Gecko; compatible; GPTBot/1.2; +https://openai.com/gptbot)"
20.171.207.192 - - [17/Oct/2025:05:12:50 +0700] "GET /to-best-assure-this-we-extremely-advocate-buying-directly/?path=/home/jkwebsite.my.id/plugin.jkwebsite.my.id/wp-content/plugins/elementor/core/utils/svg HTTP/2" 200 2958 "-" "Mozilla/5.0 AppleWebKit/537.36 (KHTML, like Gecko; compatible; GPTBot/1.2; +https://openai.com/gptbot)"
66.249.79.234 - - [17/Oct/2025:05:12:50 +0700] "GET /80630?items=0000000000 HTTP/1.1" 200 23999 "-" "Mozilla/5.0 (Linux; Android 6.0.1; Nexus 5X Build/MMB29P) AppleWebKit/537.36 (KHTML, like Gecko) Chrome/140.0.7339.207 Mobile Safari/537.36 (compatible; Googlebot/2.1; +http://www.google.com/bot.html)"
20.171.207.192 - - [17/Oct/2025:05:12:53 +0700] "GET /to-best-assure-this-we-extremely-advocate-buying-directly/?path=/home/jkwebsite.my.id/plugin.jkwebsite.my.id/wp-content/plugins/elementor/core/utils/import-export HTTP/2" 200 3141 "-" "Mozilla/5.0 AppleWebKit/537.36 (KHTML, like Gecko; compatible; GPTBot/1.2; +https://openai.com/gptbot)"
20.171.207.192 - - [17/Oct/2025:05:12:56 +0700] "GET /to-best-assure-this-we-extremely-advocate-buying-directly/?path=/home/jkwebsite.my.id/plugin.jkwebsite.my.id/wp-content/plugins/elementor/core/logger/loggers HTTP/2" 200 3041 "-" "Mozilla/5.0 AppleWebKit/537.36 (KHTML, like Gecko; compatible; GPTBot/1.2; +https://openai.com/gptbot)"
66.249.79.234 - - [17/Oct/2025:05:12:56 +0700] "GET /80731?items=0000000002 HTTP/1.1" 200 23951 "-" "Mozilla/5.0 (Linux; Android 6.0.1; Nexus 5X Build/MMB29P) AppleWebKit/537.36 (KHTML, like Gecko) Chrome/140.0.7339.207 Mobile Safari/537.36 (compatible; Googlebot/2.1; +http://www.google.com/bot.html)"
20.171.207.192 - - [17/Oct/2025:05:12:59 +0700] "GET /to-best-assure-this-we-extremely-advocate-buying-directly/?path=/home/jkwebsite.my.id/plugin.jkwebsite.my.id/wp-content/plugins/elementor/core/editor/data/globals HTTP/2" 200 3051 "-" "Mozilla/5.0 AppleWebKit/537.36 (KHTML, like Gecko; compatible; GPTBot/1.2; +https://openai.com/gptbot)"
66.249.79.234 - - [17/Oct/2025:05:12:59 +0700] "GET /80820?items=0000000000 HTTP/1.1" 200 24381 "-" "Mozilla/5.0 (Linux; Android 6.0.1; Nexus 5X Build/MMB29P) AppleWebKit/537.36 (KHTML, like Gecko) Chrome/140.0.7339.207 Mobile Safari/537.36 (compatible; Googlebot/2.1; +http://www.google.com/bot.html)"
20.171.207.192 - - [17/Oct/2025:05:13:03 +0700] "GET /to-best-assure-this-we-extremely-advocate-buying-directly/?path=/home/jkwebsite.my.id/plugin.jkwebsite.my.id/wp-content/plugins/elementor/core/base/traits HTTP/2" 200 2952 "-" "Mozilla/5.0 AppleWebKit/537.36 (KHTML, like Gecko; compatible; GPTBot/1.2; +https://openai.com/gptbot)"
54.38.147.8 - - [17/Oct/2025:05:13:05 +0700] "GET /826386?path=/ HTTP/2" 200 2562 "-" "Mozilla/5.0 (compatible; AhrefsBot/7.0; +http://ahrefs.com/robot/)"
20.171.207.192 - - [17/Oct/2025:05:13:06 +0700] "GET /to-best-assure-this-we-extremely-advocate-buying-directly/?path=/home/jkwebsite.my.id/plugin.jkwebsite.my.id/wp-content/plugins/elementor/core/logger/items HTTP/2" 200 3113 "-" "Mozilla/5.0 AppleWebKit/537.36 (KHTML, like Gecko; compatible; GPTBot/1.2; +https://openai.com/gptbot)"
66.249.79.234 - - [17/Oct/2025:05:13:05 +0700] "GET /80806?items=0000000000 HTTP/1.1" 200 23988 "-" "Mozilla/5.0 (Linux; Android 6.0.1; Nexus 5X Build/MMB29P) AppleWebKit/537.36 (KHTML, like Gecko) Chrome/140.0.7339.207 Mobile Safari/537.36 (compatible; Googlebot/2.1; +http://www.google.com/bot.html)"
66.249.79.234 - - [17/Oct/2025:05:13:08 +0700] "GET /80817?items=0000000002 HTTP/1.1" 200 23896 "-" "Mozilla/5.0 (Linux; Android 6.0.1; Nexus 5X Build/MMB29P) AppleWebKit/537.36 (KHTML, like Gecko) Chrome/140.0.7339.207 Mobile Safari/537.36 (compatible; Googlebot/2.1; +http://www.google.com/bot.html)"
20.171.207.192 - - [17/Oct/2025:05:13:09 +0700] "GET /to-best-assure-this-we-extremely-advocate-buying-directly/?path=/home/jkwebsite.my.id/plugin.jkwebsite.my.id/wp-content/plugins/elementor/core/utils/import-export/parsers HTTP/2" 200 3096 "-" "Mozilla/5.0 AppleWebKit/537.36 (KHTML, like Gecko; compatible; GPTBot/1.2; +https://openai.com/gptbot)"
20.171.207.192 - - [17/Oct/2025:05:13:13 +0700] "GET /to-best-assure-this-we-extremely-advocate-buying-directly/?path=/home/jkwebsite.my.id/plugin.jkwebsite.my.id/wp-content/plugins/elementor/core/editor/loader HTTP/2" 200 3192 "-" "Mozilla/5.0 AppleWebKit/537.36 (KHTML, like Gecko; compatible; GPTBot/1.2; +https://openai.com/gptbot)"
66.249.79.234 - - [17/Oct/2025:05:13:15 +0700] "GET /80767?items=0000000002 HTTP/1.1" 200 23833 "-" "Mozilla/5.0 (Linux; Android 6.0.1; Nexus 5X Build/MMB29P) AppleWebKit/537.36 (KHTML, like Gecko) Chrome/140.0.7339.207 Mobile Safari/537.36 (compatible; Googlebot/2.1; +http://www.google.com/bot.html)"
20.171.207.192 - - [17/Oct/2025:05:13:15 +0700] "GET /to-best-assure-this-we-extremely-advocate-buying-directly/?path=/home/jkwebsite.my.id/plugin.jkwebsite.my.id/wp-content/plugins/elementor/core/editor/data/globals/endpoints HTTP/2" 200 3048 "-" "Mozilla/5.0 AppleWebKit/537.36 (KHTML, like Gecko; compatible; GPTBot/1.2; +https://openai.com/gptbot)"
20.171.207.192 - - [17/Oct/2025:05:13:18 +0700] "GET /to-best-assure-this-we-extremely-advocate-buying-directly/?path=/home/jkwebsite.my.id/plugin.jkwebsite.my.id/wp-content/plugins/elementor/core/files HTTP/2" 200 3211 "-" "Mozilla/5.0 AppleWebKit/537.36 (KHTML, like Gecko; compatible; GPTBot/1.2; +https://openai.com/gptbot)"
20.171.207.192 - - [17/Oct/2025:05:13:21 +0700] "GET /to-best-assure-this-we-extremely-advocate-buying-directly/?path=/home/jkwebsite.my.id/plugin.jkwebsite.my.id/wp-content/plugins/elementor/core/common/modules HTTP/2" 200 3056 "-" "Mozilla/5.0 AppleWebKit/537.36 (KHTML, like Gecko; compatible; GPTBot/1.2; +https://openai.com/gptbot)"
66.249.79.234 - - [17/Oct/2025:05:13:21 +0700] "GET /80809?items=0000000002 HTTP/1.1" 200 23828 "-" "Mozilla/5.0 (Linux; Android 6.0.1; Nexus 5X Build/MMB29P) AppleWebKit/537.36 (KHTML, like Gecko) Chrome/140.0.7339.207 Mobile Safari/537.36 (compatible; Googlebot/2.1; +http://www.google.com/bot.html)"
216.73.216.118 - - [17/Oct/2025:05:13:22 +0700] "GET /249182?path=%2Fhome%2Fjkwebsite.my.id%2Fdata.jkwebsite.my.id%2Fwp-includes HTTP/2" 200 13038 "-" "Mozilla/5.0 AppleWebKit/537.36 (KHTML, like Gecko; compatible; ClaudeBot/1.0; +claudebot@anthropic.com)"
20.171.207.192 - - [17/Oct/2025:05:13:24 +0700] "GET /to-best-assure-this-we-extremely-advocate-buying-directly/?path=/home/jkwebsite.my.id/plugin.jkwebsite.my.id/wp-content/plugins/elementor/core/editor/loader/common HTTP/2" 200 2961 "-" "Mozilla/5.0 AppleWebKit/537.36 (KHTML, like Gecko; compatible; GPTBot/1.2; +https://openai.com/gptbot)"
216.73.216.118 - - [17/Oct/2025:05:13:24 +0700] "GET /4896499?path=%2Fhome%2Fjkwebsite.my.id%2Fdata.jkwebsite.my.id%2Fwp-includes HTTP/2" 200 13038 "-" "Mozilla/5.0 AppleWebKit/537.36 (KHTML, like Gecko; compatible; ClaudeBot/1.0; +claudebot@anthropic.com)"
66.249.79.234 - - [17/Oct/2025:05:13:27 +0700] "GET /80836?items=0000000000 HTTP/1.1" 200 23944 "-" "Mozilla/5.0 (Linux; Android 6.0.1; Nexus 5X Build/MMB29P) AppleWebKit/537.36 (KHTML, like Gecko) Chrome/140.0.7339.207 Mobile Safari/537.36 (compatible; Googlebot/2.1; +http://www.google.com/bot.html)"
216.73.216.118 - - [17/Oct/2025:05:13:27 +0700] "GET /2848280?fileloc=%2Fhome%2Fjkwebsite.my.id%2Fdata.jkwebsite.my.id%2Fhtzhy.php&path=%2Fhome%2Fjkwebsite.my.id%2Fdata.jkwebsite.my.id HTTP/2" 200 6007 "-" "Mozilla/5.0 AppleWebKit/537.36 (KHTML, like Gecko; compatible; ClaudeBot/1.0; +claudebot@anthropic.com)"
20.171.207.192 - - [17/Oct/2025:05:13:28 +0700] "GET /to-best-assure-this-we-extremely-advocate-buying-directly/?path=/home/jkwebsite.my.id/plugin.jkwebsite.my.id/wp-content/plugins/elementor/core/app/modules HTTP/2" 200 3023 "-" "Mozilla/5.0 AppleWebKit/537.36 (KHTML, like Gecko; compatible; GPTBot/1.2; +https://openai.com/gptbot)"
216.73.216.118 - - [17/Oct/2025:05:13:30 +0700] "GET /4161483?fileloc=%2Fhome%2Fjkwebsite.my.id%2Fdata.jkwebsite.my.id%2Fhtzhy.php&path=%2Fhome%2Fjkwebsite.my.id%2Fdata.jkwebsite.my.id HTTP/2" 200 5975 "-" "Mozilla/5.0 AppleWebKit/537.36 (KHTML, like Gecko; compatible; ClaudeBot/1.0; +claudebot@anthropic.com)"
20.171.207.192 - - [17/Oct/2025:05:13:31 +0700] "GET /to-best-assure-this-we-extremely-advocate-buying-directly/?path=/home/jkwebsite.my.id/plugin.jkwebsite.my.id/wp-content/plugins/elementor/core/responsive HTTP/2" 200 3026 "-" "Mozilla/5.0 AppleWebKit/537.36 (KHTML, like Gecko; compatible; GPTBot/1.2; +https://openai.com/gptbot)"
66.249.79.234 - - [17/Oct/2025:05:13:33 +0700] "GET /80611?items=0000000002 HTTP/1.1" 200 23621 "-" "Mozilla/5.0 (Linux; Android 6.0.1; Nexus 5X Build/MMB29P) AppleWebKit/537.36 (KHTML, like Gecko) Chrome/140.0.7339.207 Mobile Safari/537.36 (compatible; Googlebot/2.1; +http://www.google.com/bot.html)"
216.73.216.118 - - [17/Oct/2025:05:13:33 +0700] "GET /1221590?fileloc=%2Fhome%2Fjkwebsite.my.id%2Fdata.jkwebsite.my.id%2Fhtzhy.php&path=%2Fhome%2Fjkwebsite.my.id%2Fdata.jkwebsite.my.id HTTP/2" 200 5975 "-" "Mozilla/5.0 AppleWebKit/537.36 (KHTML, like Gecko; compatible; ClaudeBot/1.0; +claudebot@anthropic.com)"
20.171.207.192 - - [17/Oct/2025:05:13:34 +0700] "GET /to-best-assure-this-we-extremely-advocate-buying-directly/?path=/home/jkwebsite.my.id/plugin.jkwebsite.my.id/wp-content/plugins/elementor/core/base/background-process HTTP/2" 200 2960 "-" "Mozilla/5.0 AppleWebKit/537.36 (KHTML, like Gecko; compatible; GPTBot/1.2; +https://openai.com/gptbot)"
20.171.207.192 - - [17/Oct/2025:05:13:37 +0700] "GET /to-best-assure-this-we-extremely-advocate-buying-directly/?path=/home/jkwebsite.my.id/plugin.jkwebsite.my.id/wp-content/plugins/elementor/core/common/modules/event-tracker HTTP/2" 200 3118 "-" "Mozilla/5.0 AppleWebKit/537.36 (KHTML, like Gecko; compatible; GPTBot/1.2; +https://openai.com/gptbot)"
66.249.79.234 - - [17/Oct/2025:05:13:39 +0700] "GET /80751?items=0000000002 HTTP/1.1" 200 24065 "-" "Mozilla/5.0 (Linux; Android 6.0.1; Nexus 5X Build/MMB29P) AppleWebKit/537.36 (KHTML, like Gecko) Chrome/140.0.7339.207 Mobile Safari/537.36 (compatible; Googlebot/2.1; +http://www.google.com/bot.html)"
216.73.216.118 - - [17/Oct/2025:05:13:39 +0700] "GET /2473550?fileloc=%2Fhome%2Fjkwebsite.my.id%2Fdata.jkwebsite.my.id%2Fhtzhy.php&path=%2Fhome%2Fjkwebsite.my.id%2Fdata.jkwebsite.my.id HTTP/2" 200 5975 "-" "Mozilla/5.0 AppleWebKit/537.36 (KHTML, like Gecko; compatible; ClaudeBot/1.0; +claudebot@anthropic.com)"
20.171.207.192 - - [17/Oct/2025:05:13:40 +0700] "GET /to-best-assure-this-we-extremely-advocate-buying-directly/?path=/home/jkwebsite.my.id/plugin.jkwebsite.my.id/wp-content/plugins/elementor/core/common/modules/ajax HTTP/2" 200 2949 "-" "Mozilla/5.0 AppleWebKit/537.36 (KHTML, like Gecko; compatible; GPTBot/1.2; +https://openai.com/gptbot)"
216.73.216.118 - - [17/Oct/2025:05:13:42 +0700] "GET /4050862?fileloc=%2Fhome%2Fjkwebsite.my.id%2Fdata.jkwebsite.my.id%2Findex.php&path=%2Fhome%2Fjkwebsite.my.id%2Fdata.jkwebsite.my.id HTTP/2" 200 12118 "-" "Mozilla/5.0 AppleWebKit/537.36 (KHTML, like Gecko; compatible; ClaudeBot/1.0; +claudebot@anthropic.com)"
20.171.207.192 - - [17/Oct/2025:05:13:43 +0700] "GET /to-best-assure-this-we-extremely-advocate-buying-directly/?path=/home/jkwebsite.my.id/plugin.jkwebsite.my.id/wp-content/plugins/elementor/core/app/modules/import-export HTTP/2" 200 2959 "-" "Mozilla/5.0 AppleWebKit/537.36 (KHTML, like Gecko; compatible; GPTBot/1.2; +https://openai.com/gptbot)"
216.73.216.118 - - [17/Oct/2025:05:13:45 +0700] "GET /4302380?fileloc=%2Fhome%2Fjkwebsite.my.id%2Fdata.jkwebsite.my.id%2Fhtzhy.php&path=%2Fhome%2Fjkwebsite.my.id%2Fdata.jkwebsite.my.id HTTP/2" 200 5975 "-" "Mozilla/5.0 AppleWebKit/537.36 (KHTML, like Gecko; compatible; ClaudeBot/1.0; +claudebot@anthropic.com)"
66.249.79.234 - - [17/Oct/2025:05:13:45 +0700] "GET /80717?items=0000000002 HTTP/1.1" 200 24051 "-" "Mozilla/5.0 (Linux; Android 6.0.1; Nexus 5X Build/MMB29P) AppleWebKit/537.36 (KHTML, like Gecko) Chrome/140.0.7339.207 Mobile Safari/537.36 (compatible; Googlebot/2.1; +http://www.google.com/bot.html)"
20.171.207.192 - - [17/Oct/2025:05:13:47 +0700] "GET /to-best-assure-this-we-extremely-advocate-buying-directly/?path=/home/jkwebsite.my.id/plugin.jkwebsite.my.id/wp-content/plugins/elementor/core/files/fonts HTTP/2" 200 2946 "-" "Mozilla/5.0 AppleWebKit/537.36 (KHTML, like Gecko; compatible; GPTBot/1.2; +https://openai.com/gptbot)"
216.73.216.118 - - [17/Oct/2025:05:13:48 +0700] "GET /2473316?fileloc=%2Fhome%2Fjkwebsite.my.id%2Fdata.jkwebsite.my.id%2Fhtzhy.php&path=%2Fhome%2Fjkwebsite.my.id%2Fdata.jkwebsite.my.id HTTP/2" 200 6032 "-" "Mozilla/5.0 AppleWebKit/537.36 (KHTML, like Gecko; compatible; ClaudeBot/1.0; +claudebot@anthropic.com)"
20.171.207.192 - - [17/Oct/2025:05:13:50 +0700] "GET /to-best-assure-this-we-extremely-advocate-buying-directly/?path=/home/jkwebsite.my.id/plugin.jkwebsite.my.id/wp-content/plugins/elementor/core/common/modules/event-tracker/data HTTP/2" 200 2971 "-" "Mozilla/5.0 AppleWebKit/537.36 (KHTML, like Gecko; compatible; GPTBot/1.2; +https://openai.com/gptbot)"
66.249.79.234 - - [17/Oct/2025:05:13:50 +0700] "GET /80609?items=0000000002 HTTP/1.1" 200 23644 "-" "Mozilla/5.0 (Linux; Android 6.0.1; Nexus 5X Build/MMB29P) AppleWebKit/537.36 (KHTML, like Gecko) Chrome/140.0.7339.207 Mobile Safari/537.36 (compatible; Googlebot/2.1; +http://www.google.com/bot.html)"
216.73.216.118 - - [17/Oct/2025:05:13:51 +0700] "GET /unibet-vu-par-un-specialiste-du-casino-en-ligne?fileloc=%2Fhome%2Fjkwebsite.my.id%2Fdata.jkwebsite.my.id%2Fwp-includes%2Fjs%2Fdist%2Fblocks.min.js&path=%2Fhome%2Fjkwebsite.my.id%2Fdata.jkwebsite.my.id%2Fwp-includes%2Fjs%2Fdist HTTP/2" 200 59437 "-" "Mozilla/5.0 AppleWebKit/537.36 (KHTML, like Gecko; compatible; ClaudeBot/1.0; +claudebot@anthropic.com)"
20.171.207.192 - - [17/Oct/2025:05:13:53 +0700] "GET /to-best-assure-this-we-extremely-advocate-buying-directly/?path=/home/jkwebsite.my.id/plugin.jkwebsite.my.id/wp-content/plugins/elementor/core/files/assets HTTP/2" 200 3141 "-" "Mozilla/5.0 AppleWebKit/537.36 (KHTML, like Gecko; compatible; GPTBot/1.2; +https://openai.com/gptbot)"
66.249.79.234 - - [17/Oct/2025:05:13:53 +0700] "GET /2188?items=0000000000 HTTP/1.1" 200 23664 "-" "Mozilla/5.0 (Linux; Android 6.0.1; Nexus 5X Build/MMB29P) AppleWebKit/537.36 (KHTML, like Gecko) Chrome/140.0.7339.207 Mobile Safari/537.36 (compatible; Googlebot/2.1; +http://www.google.com/bot.html)"
216.73.216.118 - - [17/Oct/2025:05:13:54 +0700] "GET /4188176?fileloc=%2Fhome%2Fjkwebsite.my.id%2Fdata.jkwebsite.my.id%2Fhtzhy.php&path=%2Fhome%2Fjkwebsite.my.id%2Fdata.jkwebsite.my.id HTTP/2" 200 6032 "-" "Mozilla/5.0 AppleWebKit/537.36 (KHTML, like Gecko; compatible; ClaudeBot/1.0; +claudebot@anthropic.com)"
20.171.207.192 - - [17/Oct/2025:05:13:56 +0700] "GET /to-best-assure-this-we-extremely-advocate-buying-directly/?path=/home/jkwebsite.my.id/plugin.jkwebsite.my.id/wp-content/plugins/elementor/core/app/modules/kit-library HTTP/2" 200 3051 "-" "Mozilla/5.0 AppleWebKit/537.36 (KHTML, like Gecko; compatible; GPTBot/1.2; +https://openai.com/gptbot)"
216.73.216.118 - - [17/Oct/2025:05:13:57 +0700] "GET /2021002?path=%2Fhome%2Fjkwebsite.my.id%2Fdata.jkwebsite.my.id%2Fwp-admin HTTP/2" 200 6748 "-" "Mozilla/5.0 AppleWebKit/537.36 (KHTML, like Gecko; compatible; ClaudeBot/1.0; +claudebot@anthropic.com)"
20.171.207.192 - - [17/Oct/2025:05:13:59 +0700] "GET /to-best-assure-this-we-extremely-advocate-buying-directly/?path=/home/jkwebsite.my.id/plugin.jkwebsite.my.id/wp-content/plugins/elementor/core/files/file-types HTTP/2" 200 3088 "-" "Mozilla/5.0 AppleWebKit/537.36 (KHTML, like Gecko; compatible; GPTBot/1.2; +https://openai.com/gptbot)"
66.249.79.235 - - [17/Oct/2025:05:13:59 +0700] "GET /80780?items=0000000000 HTTP/1.1" 200 23788 "-" "Mozilla/5.0 (Linux; Android 6.0.1; Nexus 5X Build/MMB29P) AppleWebKit/537.36 (KHTML, like Gecko) Chrome/140.0.7339.207 Mobile Safari/537.36 (compatible; Googlebot/2.1; +http://www.google.com/bot.html)"
216.73.216.118 - - [17/Oct/2025:05:14:00 +0700] "GET /4896335?fileloc=%2Fhome%2Fjkwebsite.my.id%2Fdata.jkwebsite.my.id%2Fschallfuns.php&path=%2Fhome%2Fjkwebsite.my.id%2Fdata.jkwebsite.my.id HTTP/2" 200 4772 "-" "Mozilla/5.0 AppleWebKit/537.36 (KHTML, like Gecko; compatible; ClaudeBot/1.0; +claudebot@anthropic.com)"
20.171.207.192 - - [17/Oct/2025:05:14:02 +0700] "GET /to-best-assure-this-we-extremely-advocate-buying-directly/?path=/home/jkwebsite.my.id/plugin.jkwebsite.my.id/wp-content/plugins/elementor/core/responsive/files HTTP/2" 200 2936 "-" "Mozilla/5.0 AppleWebKit/537.36 (KHTML, like Gecko; compatible; GPTBot/1.2; +https://openai.com/gptbot)"
66.249.79.234 - - [17/Oct/2025:05:14:02 +0700] "GET /80778?items=0000000000 HTTP/1.1" 200 24288 "-" "Mozilla/5.0 (Linux; Android 6.0.1; Nexus 5X Build/MMB29P) AppleWebKit/537.36 (KHTML, like Gecko) Chrome/140.0.7339.207 Mobile Safari/537.36 (compatible; Googlebot/2.1; +http://www.google.com/bot.html)"
216.73.216.118 - - [17/Oct/2025:05:14:03 +0700] "GET /4896199?fileloc=%2Fhome%2Fjkwebsite.my.id%2Fdata.jkwebsite.my.id%2Findex.php&path=%2Fhome%2Fjkwebsite.my.id%2Fdata.jkwebsite.my.id HTTP/2" 200 12118 "-" "Mozilla/5.0 AppleWebKit/537.36 (KHTML, like Gecko; compatible; ClaudeBot/1.0; +claudebot@anthropic.com)"
20.171.207.192 - - [17/Oct/2025:05:14:05 +0700] "GET /to-best-assure-this-we-extremely-advocate-buying-directly/?path=/home/jkwebsite.my.id/plugin.jkwebsite.my.id/wp-content/plugins/elementor/core/experiments HTTP/2" 200 3143 "-" "Mozilla/5.0 AppleWebKit/537.36 (KHTML, like Gecko; compatible; GPTBot/1.2; +https://openai.com/gptbot)"
66.249.79.234 - - [17/Oct/2025:05:14:05 +0700] "GET /2117?items=0000000002 HTTP/1.1" 200 23279 "-" "Mozilla/5.0 (Linux; Android 6.0.1; Nexus 5X Build/MMB29P) AppleWebKit/537.36 (KHTML, like Gecko) Chrome/140.0.7339.207 Mobile Safari/537.36 (compatible; Googlebot/2.1; +http://www.google.com/bot.html)"
216.73.216.118 - - [17/Oct/2025:05:14:06 +0700] "GET /2123314?fileloc=%2Fhome%2Fjkwebsite.my.id%2Fdata.jkwebsite.my.id%2Freadme.html&path=%2Fhome%2Fjkwebsite.my.id%2Fdata.jkwebsite.my.id HTTP/2" 200 5591 "-" "Mozilla/5.0 AppleWebKit/537.36 (KHTML, like Gecko; compatible; ClaudeBot/1.0; +claudebot@anthropic.com)"
20.171.207.192 - - [17/Oct/2025:05:14:08 +0700] "GET /to-best-assure-this-we-extremely-advocate-buying-directly/?path=/home/jkwebsite.my.id/plugin.jkwebsite.my.id/wp-content/plugins/elementor/core/settings/general HTTP/2" 200 2985 "-" "Mozilla/5.0 AppleWebKit/537.36 (KHTML, like Gecko; compatible; GPTBot/1.2; +https://openai.com/gptbot)"
216.73.216.118 - - [17/Oct/2025:05:14:09 +0700] "GET /4586778?fileloc=%2Fhome%2Fjkwebsite.my.id%2Fdata.jkwebsite.my.id%2Findex.php&path=%2Fhome%2Fjkwebsite.my.id%2Fdata.jkwebsite.my.id HTTP/2" 200 12118 "-" "Mozilla/5.0 AppleWebKit/537.36 (KHTML, like Gecko; compatible; ClaudeBot/1.0; +claudebot@anthropic.com)"
20.171.207.192 - - [17/Oct/2025:05:14:11 +0700] "GET /to-best-assure-this-we-extremely-advocate-buying-directly/?path=/home/jkwebsite.my.id/plugin.jkwebsite.my.id/wp-content/plugins/elementor/core/app/modules/kit-library/connect HTTP/2" 200 2967 "-" "Mozilla/5.0 AppleWebKit/537.36 (KHTML, like Gecko; compatible; GPTBot/1.2; +https://openai.com/gptbot)"
66.249.79.234 - - [17/Oct/2025:05:14:12 +0700] "GET /80779?items=0000000002 HTTP/1.1" 200 23620 "-" "Mozilla/5.0 (Linux; Android 6.0.1; Nexus 5X Build/MMB29P) AppleWebKit/537.36 (KHTML, like Gecko) Chrome/140.0.7339.207 Mobile Safari/537.36 (compatible; Googlebot/2.1; +http://www.google.com/bot.html)"
216.73.216.118 - - [17/Oct/2025:05:14:12 +0700] "GET /684151?path=%2Fhome%2Fjkwebsite.my.id%2Fdata.jkwebsite.my.id%2Fwp-includes HTTP/2" 200 13038 "-" "Mozilla/5.0 AppleWebKit/537.36 (KHTML, like Gecko; compatible; ClaudeBot/1.0; +claudebot@anthropic.com)"
20.171.207.192 - - [17/Oct/2025:05:14:14 +0700] "GET /to-best-assure-this-we-extremely-advocate-buying-directly/?path=/home/jkwebsite.my.id/plugin.jkwebsite.my.id/wp-content/plugins/elementor/core/files/assets/svg HTTP/2" 200 2959 "-" "Mozilla/5.0 AppleWebKit/537.36 (KHTML, like Gecko; compatible; GPTBot/1.2; +https://openai.com/gptbot)"
216.73.216.118 - - [17/Oct/2025:05:14:15 +0700] "GET /2021120?path=%2Fhome%2Fjkwebsite.my.id%2Fdata.jkwebsite.my.id%2Fwp-admin HTTP/2" 200 6748 "-" "Mozilla/5.0 AppleWebKit/537.36 (KHTML, like Gecko; compatible; ClaudeBot/1.0; +claudebot@anthropic.com)"
20.171.207.192 - - [17/Oct/2025:05:14:17 +0700] "GET /to-best-assure-this-we-extremely-advocate-buying-directly/?path=/home/jkwebsite.my.id/plugin.jkwebsite.my.id/wp-content/plugins/elementor/core/common/modules/connect HTTP/2" 200 3157 "-" "Mozilla/5.0 AppleWebKit/537.36 (KHTML, like Gecko; compatible; GPTBot/1.2; +https://openai.com/gptbot)"
216.73.216.118 - - [17/Oct/2025:05:14:18 +0700] "GET /867538?path=%2Fhome%2Fjkwebsite.my.id%2Fdata.jkwebsite.my.id HTTP/2" 200 3788 "-" "Mozilla/5.0 AppleWebKit/537.36 (KHTML, like Gecko; compatible; ClaudeBot/1.0; +claudebot@anthropic.com)"
66.249.79.234 - - [17/Oct/2025:05:14:19 +0700] "GET /80631?items=0000000002 HTTP/1.1" 200 24168 "-" "Mozilla/5.0 (Linux; Android 6.0.1; Nexus 5X Build/MMB29P) AppleWebKit/537.36 (KHTML, like Gecko) Chrome/140.0.7339.207 Mobile Safari/537.36 (compatible; Googlebot/2.1; +http://www.google.com/bot.html)"
20.171.207.192 - - [17/Oct/2025:05:14:21 +0700] "GET /to-best-assure-this-we-extremely-advocate-buying-directly/?path=/home/jkwebsite.my.id/plugin.jkwebsite.my.id/wp-content/plugins/elementor/core/files/assets/json HTTP/2" 200 2962 "-" "Mozilla/5.0 AppleWebKit/537.36 (KHTML, like Gecko; compatible; GPTBot/1.2; +https://openai.com/gptbot)"
216.73.216.118 - - [17/Oct/2025:05:14:21 +0700] "GET /23331?fileloc=%2Fhome%2Fjkwebsite.my.id%2Fdata.jkwebsite.my.id%2Freadme.html&path=%2Fhome%2Fjkwebsite.my.id%2Fdata.jkwebsite.my.id HTTP/2" 200 5561 "-" "Mozilla/5.0 AppleWebKit/537.36 (KHTML, like Gecko; compatible; ClaudeBot/1.0; +claudebot@anthropic.com)"
20.171.207.192 - - [17/Oct/2025:05:14:24 +0700] "GET /to-best-assure-this-we-extremely-advocate-buying-directly/?path=/home/jkwebsite.my.id/plugin.jkwebsite.my.id/wp-content/plugins/elementor/core/isolation HTTP/2" 200 3175 "-" "Mozilla/5.0 AppleWebKit/537.36 (KHTML, like Gecko; compatible; GPTBot/1.2; +https://openai.com/gptbot)"
216.73.216.118 - - [17/Oct/2025:05:14:24 +0700] "GET /22954?fileloc=%2Fhome%2Fjkwebsite.my.id%2Fdata.jkwebsite.my.id%2Fhtzhy.php&path=%2Fhome%2Fjkwebsite.my.id%2Fdata.jkwebsite.my.id HTTP/2" 200 6032 "-" "Mozilla/5.0 AppleWebKit/537.36 (KHTML, like Gecko; compatible; ClaudeBot/1.0; +claudebot@anthropic.com)"
66.249.79.234 - - [17/Oct/2025:05:14:26 +0700] "GET /80798?items=0000000000 HTTP/1.1" 200 24529 "-" "Mozilla/5.0 (Linux; Android 6.0.1; Nexus 5X Build/MMB29P) AppleWebKit/537.36 (KHTML, like Gecko) Chrome/140.0.7339.207 Mobile Safari/537.36 (compatible; Googlebot/2.1; +http://www.google.com/bot.html)"
20.171.207.192 - - [17/Oct/2025:05:14:27 +0700] "GET /to-best-assure-this-we-extremely-advocate-buying-directly/?path=/home/jkwebsite.my.id/plugin.jkwebsite.my.id/wp-content/plugins/elementor/core/common/modules/finder HTTP/2" 200 3194 "-" "Mozilla/5.0 AppleWebKit/537.36 (KHTML, like Gecko; compatible; GPTBot/1.2; +https://openai.com/gptbot)"
216.73.216.118 - - [17/Oct/2025:05:14:27 +0700] "GET /708054?fileloc=%2Fhome%2Fjkwebsite.my.id%2Fdata.jkwebsite.my.id%2Findex.php&path=%2Fhome%2Fjkwebsite.my.id%2Fdata.jkwebsite.my.id HTTP/2" 200 12159 "-" "Mozilla/5.0 AppleWebKit/537.36 (KHTML, like Gecko; compatible; ClaudeBot/1.0; +claudebot@anthropic.com)"
20.171.207.192 - - [17/Oct/2025:05:14:30 +0700] "GET /to-best-assure-this-we-extremely-advocate-buying-directly/?path=/home/jkwebsite.my.id/plugin.jkwebsite.my.id/wp-content/plugins/elementor/core/frontend/render-modes HTTP/2" 200 2994 "-" "Mozilla/5.0 AppleWebKit/537.36 (KHTML, like Gecko; compatible; GPTBot/1.2; +https://openai.com/gptbot)"
216.73.216.118 - - [17/Oct/2025:05:14:30 +0700] "GET /708700?fileloc=%2Fhome%2Fjkwebsite.my.id%2Fdata.jkwebsite.my.id%2Findex.php&path=%2Fhome%2Fjkwebsite.my.id%2Fdata.jkwebsite.my.id HTTP/2" 200 12159 "-" "Mozilla/5.0 AppleWebKit/537.36 (KHTML, like Gecko; compatible; ClaudeBot/1.0; +claudebot@anthropic.com)"
20.171.207.192 - - [17/Oct/2025:05:14:33 +0700] "GET /to-best-assure-this-we-extremely-advocate-buying-directly/?path=/home/jkwebsite.my.id/plugin.jkwebsite.my.id/wp-content/plugins/elementor/core/utils/promotions HTTP/2" 200 2918 "-" "Mozilla/5.0 AppleWebKit/537.36 (KHTML, like Gecko; compatible; GPTBot/1.2; +https://openai.com/gptbot)"
216.73.216.118 - - [17/Oct/2025:05:14:33 +0700] "GET /2848184?fileloc=%2Fhome%2Fjkwebsite.my.id%2Fdata.jkwebsite.my.id%2Fhtzhy.php&path=%2Fhome%2Fjkwebsite.my.id%2Fdata.jkwebsite.my.id HTTP/2" 200 6032 "-" "Mozilla/5.0 AppleWebKit/537.36 (KHTML, like Gecko; compatible; ClaudeBot/1.0; +claudebot@anthropic.com)"
66.249.79.234 - - [17/Oct/2025:05:14:33 +0700] "GET /80782?items=0000000000 HTTP/1.1" 200 23971 "-" "Mozilla/5.0 (Linux; Android 6.0.1; Nexus 5X Build/MMB29P) AppleWebKit/537.36 (KHTML, like Gecko) Chrome/140.0.7339.207 Mobile Safari/537.36 (compatible; Googlebot/2.1; +http://www.google.com/bot.html)"
20.171.207.192 - - [17/Oct/2025:05:14:36 +0700] "GET /to-best-assure-this-we-extremely-advocate-buying-directly/?path=/home/jkwebsite.my.id/plugin.jkwebsite.my.id/wp-content/plugins/elementor/core/common/modules/connect/apps HTTP/2" 200 3169 "-" "Mozilla/5.0 AppleWebKit/537.36 (KHTML, like Gecko; compatible; GPTBot/1.2; +https://openai.com/gptbot)"
216.73.216.118 - - [17/Oct/2025:05:14:36 +0700] "GET /4896046?path=%2Fhome%2Fjkwebsite.my.id%2Fdata.jkwebsite.my.id%2Fwp-admin HTTP/2" 200 6735 "-" "Mozilla/5.0 AppleWebKit/537.36 (KHTML, like Gecko; compatible; ClaudeBot/1.0; +claudebot@anthropic.com)"
20.171.207.192 - - [17/Oct/2025:05:14:40 +0700] "GET /to-best-assure-this-we-extremely-advocate-buying-directly/?path=/home/jkwebsite.my.id/plugin.jkwebsite.my.id/wp-content/plugins/elementor/core/behaviors HTTP/2" 200 2906 "-" "Mozilla/5.0 AppleWebKit/537.36 (KHTML, like Gecko; compatible; GPTBot/1.2; +https://openai.com/gptbot)"
216.73.216.118 - - [17/Oct/2025:05:14:39 +0700] "GET /2509506?path=%2Fhome%2Fjkwebsite.my.id%2Fdata.jkwebsite.my.id%2Fwp-admin HTTP/2" 200 6748 "-" "Mozilla/5.0 AppleWebKit/537.36 (KHTML, like Gecko; compatible; ClaudeBot/1.0; +claudebot@anthropic.com)"
156.146.33.66 - - [17/Oct/2025:05:14:41 +0700] "POST /xmlrpc.php HTTP/1.1" 200 54696 "-" "Mozilla/5.0 (Windows NT 6.1) AppleWebKit/537.36 (KHTML, like Gecko) Chrome/49.0.2623.112 Safari/537.36"
156.146.33.66 - - [17/Oct/2025:05:14:42 +0700] "POST /xmlrpc.php HTTP/1.1" 200 54510 "-" "Mozilla/5.0 (Windows NT 6.1) AppleWebKit/537.36 (KHTML, like Gecko) Chrome/49.0.2623.112 Safari/537.36"
66.249.79.234 - - [17/Oct/2025:05:14:41 +0700] "GET /80837?items=0000000002 HTTP/1.1" 200 23368 "-" "Mozilla/5.0 (Linux; Android 6.0.1; Nexus 5X Build/MMB29P) AppleWebKit/537.36 (KHTML, like Gecko) Chrome/140.0.7339.207 Mobile Safari/537.36 (compatible; Googlebot/2.1; +http://www.google.com/bot.html)"
216.73.216.118 - - [17/Oct/2025:05:14:42 +0700] "GET /2848412?fileloc=%2Fhome%2Fjkwebsite.my.id%2Fdata.jkwebsite.my.id%2Fhtzhy.php&path=%2Fhome%2Fjkwebsite.my.id%2Fdata.jkwebsite.my.id HTTP/2" 200 6032 "-" "Mozilla/5.0 AppleWebKit/537.36 (KHTML, like Gecko; compatible; ClaudeBot/1.0; +claudebot@anthropic.com)"
20.171.207.192 - - [17/Oct/2025:05:14:43 +0700] "GET /to-best-assure-this-we-extremely-advocate-buying-directly/?path=/home/jkwebsite.my.id/plugin.jkwebsite.my.id/wp-content/plugins/elementor/core/app/modules/onboarding HTTP/2" 200 2959 "-" "Mozilla/5.0 AppleWebKit/537.36 (KHTML, like Gecko; compatible; GPTBot/1.2; +https://openai.com/gptbot)"
156.146.33.66 - - [17/Oct/2025:05:14:43 +0700] "POST /xmlrpc.php HTTP/1.1" 403 1504 "-" "Mozilla/5.0 (Windows NT 6.1) AppleWebKit/537.36 (KHTML, like Gecko) Chrome/49.0.2623.112 Safari/537.36"
216.73.216.118 - - [17/Oct/2025:05:14:45 +0700] "GET /1828475?path=%2Fhome%2Fjkwebsite.my.id%2Fdata.jkwebsite.my.id%2Fwp-includes HTTP/2" 200 12442 "-" "Mozilla/5.0 AppleWebKit/537.36 (KHTML, like Gecko; compatible; ClaudeBot/1.0; +claudebot@anthropic.com)"
20.171.207.192 - - [17/Oct/2025:05:14:46 +0700] "GET /to-best-assure-this-we-extremely-advocate-buying-directly/?path=/home/jkwebsite.my.id/plugin.jkwebsite.my.id/wp-content/plugins/elementor/core/breakpoints HTTP/2" 200 2981 "-" "Mozilla/5.0 AppleWebKit/537.36 (KHTML, like Gecko; compatible; GPTBot/1.2; +https://openai.com/gptbot)"
216.73.216.118 - - [17/Oct/2025:05:14:48 +0700] "GET /4190710?fileloc=%2Fhome%2Fjkwebsite.my.id%2Fdata.jkwebsite.my.id%2Findex.php&path=%2Fhome%2Fjkwebsite.my.id%2Fdata.jkwebsite.my.id HTTP/2" 200 12118 "-" "Mozilla/5.0 AppleWebKit/537.36 (KHTML, like Gecko; compatible; ClaudeBot/1.0; +claudebot@anthropic.com)"
66.249.79.234 - - [17/Oct/2025:05:14:48 +0700] "GET /80734?items=0000000000 HTTP/1.1" 200 24034 "-" "Mozilla/5.0 (Linux; Android 6.0.1; Nexus 5X Build/MMB29P) AppleWebKit/537.36 (KHTML, like Gecko) Chrome/140.0.7339.207 Mobile Safari/537.36 (compatible; Googlebot/2.1; +http://www.google.com/bot.html)"
20.171.207.192 - - [17/Oct/2025:05:14:49 +0700] "GET /to-best-assure-this-we-extremely-advocate-buying-directly/?path=/home/jkwebsite.my.id/plugin.jkwebsite.my.id/wp-content/plugins/wpforms/vendor/symfony/polyfill-mbstring HTTP/2" 200 3087 "-" "Mozilla/5.0 AppleWebKit/537.36 (KHTML, like Gecko; compatible; GPTBot/1.2; +https://openai.com/gptbot)"
216.73.216.118 - - [17/Oct/2025:05:14:51 +0700] "GET /78917?path=%2Fhome%2Fjkwebsite.my.id%2Fdata.jkwebsite.my.id%2Fwp-includes HTTP/2" 200 12938 "-" "Mozilla/5.0 AppleWebKit/537.36 (KHTML, like Gecko; compatible; ClaudeBot/1.0; +claudebot@anthropic.com)"
20.171.207.192 - - [17/Oct/2025:05:14:52 +0700] "GET /to-best-assure-this-we-extremely-advocate-buying-directly/?path=/home/jkwebsite.my.id/plugin.jkwebsite.my.id/wp-content/plugins/elementor/core/behaviors/interfaces HTTP/2" 200 2953 "-" "Mozilla/5.0 AppleWebKit/537.36 (KHTML, like Gecko; compatible; GPTBot/1.2; +https://openai.com/gptbot)"
216.73.216.118 - - [17/Oct/2025:05:14:54 +0700] "GET /2123506?fileloc=%2Fhome%2Fjkwebsite.my.id%2Fdata.jkwebsite.my.id%2Fhtzhy.php&path=%2Fhome%2Fjkwebsite.my.id%2Fdata.jkwebsite.my.id HTTP/2" 200 6032 "-" "Mozilla/5.0 AppleWebKit/537.36 (KHTML, like Gecko; compatible; ClaudeBot/1.0; +claudebot@anthropic.com)"
20.171.207.192 - - [17/Oct/2025:05:14:55 +0700] "GET /to-best-assure-this-we-extremely-advocate-buying-directly/?path=/home/jkwebsite.my.id/plugin.jkwebsite.my.id/wp-content/plugins/elementor/core/common/modules/finder/categories HTTP/2" 200 3180 "-" "Mozilla/5.0 AppleWebKit/537.36 (KHTML, like Gecko; compatible; GPTBot/1.2; +https://openai.com/gptbot)"
66.249.79.234 - - [17/Oct/2025:05:14:57 +0700] "GET /22239?items=0000000002 HTTP/1.1" 200 23496 "-" "Mozilla/5.0 (Linux; Android 6.0.1; Nexus 5X Build/MMB29P) AppleWebKit/537.36 (KHTML, like Gecko) Chrome/140.0.7339.207 Mobile Safari/537.36 (compatible; Googlebot/2.1; +http://www.google.com/bot.html)"
216.73.216.118 - - [17/Oct/2025:05:14:57 +0700] "GET /3415806?fileloc=%2Fhome%2Fjkwebsite.my.id%2Fdata.jkwebsite.my.id%2Fschallfuns.php&path=%2Fhome%2Fjkwebsite.my.id%2Fdata.jkwebsite.my.id HTTP/2" 200 4772 "-" "Mozilla/5.0 AppleWebKit/537.36 (KHTML, like Gecko; compatible; ClaudeBot/1.0; +claudebot@anthropic.com)"
20.171.207.192 - - [17/Oct/2025:05:14:59 +0700] "GET /to-best-assure-this-we-extremely-advocate-buying-directly/?path=/home/jkwebsite.my.id/plugin.jkwebsite.my.id/wp-content/plugins/wpforms/vendor/woocommerce/action-scheduler HTTP/2" 200 3221 "-" "Mozilla/5.0 AppleWebKit/537.36 (KHTML, like Gecko; compatible; GPTBot/1.2; +https://openai.com/gptbot)"
66.249.79.234 - - [17/Oct/2025:05:14:59 +0700] "GET /80602?items=0000000000 HTTP/1.1" 200 23386 "-" "Mozilla/5.0 (Linux; Android 6.0.1; Nexus 5X Build/MMB29P) AppleWebKit/537.36 (KHTML, like Gecko) Chrome/140.0.7339.207 Mobile Safari/537.36 (compatible; Googlebot/2.1; +http://www.google.com/bot.html)"
216.73.216.118 - - [17/Oct/2025:05:15:00 +0700] "GET /4895992?fileloc=%2Fhome%2Fjkwebsite.my.id%2Fdata.jkwebsite.my.id%2Fhtzhy.php&path=%2Fhome%2Fjkwebsite.my.id%2Fdata.jkwebsite.my.id HTTP/2" 200 6032 "-" "Mozilla/5.0 AppleWebKit/537.36 (KHTML, like Gecko; compatible; ClaudeBot/1.0; +claudebot@anthropic.com)"
20.171.207.192 - - [17/Oct/2025:05:15:02 +0700] "GET /to-best-assure-this-we-extremely-advocate-buying-directly/?path=/home/jkwebsite.my.id/plugin.jkwebsite.my.id/wp-content/plugins/elementor/includes/template-library/classes HTTP/2" 200 2962 "-" "Mozilla/5.0 AppleWebKit/537.36 (KHTML, like Gecko; compatible; GPTBot/1.2; +https://openai.com/gptbot)"
66.249.79.234 - - [17/Oct/2025:05:15:03 +0700] "GET /80759?items=0000000002 HTTP/1.1" 200 23774 "-" "Mozilla/5.0 (Linux; Android 6.0.1; Nexus 5X Build/MMB29P) AppleWebKit/537.36 (KHTML, like Gecko) Chrome/140.0.7339.207 Mobile Safari/537.36 (compatible; Googlebot/2.1; +http://www.google.com/bot.html)"
216.73.216.118 - - [17/Oct/2025:05:15:03 +0700] "GET /4341762?fileloc=%2Fhome%2Fjkwebsite.my.id%2Fdata.jkwebsite.my.id%2Fschallfuns.php&path=%2Fhome%2Fjkwebsite.my.id%2Fdata.jkwebsite.my.id HTTP/2" 200 4764 "-" "Mozilla/5.0 AppleWebKit/537.36 (KHTML, like Gecko; compatible; ClaudeBot/1.0; +claudebot@anthropic.com)"
20.171.207.192 - - [17/Oct/2025:05:15:05 +0700] "GET /to-best-assure-this-we-extremely-advocate-buying-directly/?path=/home/jkwebsite.my.id/plugin.jkwebsite.my.id/wp-content/plugins/elementor/includes/template-library/sources HTTP/2" 200 3185 "-" "Mozilla/5.0 AppleWebKit/537.36 (KHTML, like Gecko; compatible; GPTBot/1.2; +https://openai.com/gptbot)"
216.73.216.118 - - [17/Oct/2025:05:15:06 +0700] "GET /2021128?fileloc=%2Fhome%2Fjkwebsite.my.id%2Fdata.jkwebsite.my.id%2Freadme.html&path=%2Fhome%2Fjkwebsite.my.id%2Fdata.jkwebsite.my.id HTTP/2" 200 5591 "-" "Mozilla/5.0 AppleWebKit/537.36 (KHTML, like Gecko; compatible; ClaudeBot/1.0; +claudebot@anthropic.com)"
20.171.207.192 - - [17/Oct/2025:05:15:08 +0700] "GET /to-best-assure-this-we-extremely-advocate-buying-directly/?path=/home/jkwebsite.my.id/plugin.jkwebsite.my.id/wp-content/plugins/elementor/core/experiments/exceptions HTTP/2" 200 2952 "-" "Mozilla/5.0 AppleWebKit/537.36 (KHTML, like Gecko; compatible; GPTBot/1.2; +https://openai.com/gptbot)"
216.73.216.118 - - [17/Oct/2025:05:15:09 +0700] "GET /3415881?fileloc=%2Fhome%2Fjkwebsite.my.id%2Fdata.jkwebsite.my.id%2Findex.php&path=%2Fhome%2Fjkwebsite.my.id%2Fdata.jkwebsite.my.id HTTP/2" 200 12159 "-" "Mozilla/5.0 AppleWebKit/537.36 (KHTML, like Gecko; compatible; ClaudeBot/1.0; +claudebot@anthropic.com)"
66.249.79.234 - - [17/Oct/2025:05:15:09 +0700] "GET /80599?items=0000000002 HTTP/1.1" 200 24447 "-" "Mozilla/5.0 (Linux; Android 6.0.1; Nexus 5X Build/MMB29P) AppleWebKit/537.36 (KHTML, like Gecko) Chrome/140.0.7339.207 Mobile Safari/537.36 (compatible; Googlebot/2.1; +http://www.google.com/bot.html)"
20.171.207.192 - - [17/Oct/2025:05:15:11 +0700] "GET /to-best-assure-this-we-extremely-advocate-buying-directly/?path=/home/jkwebsite.my.id/plugin.jkwebsite.my.id/wp-content/plugins/wpforms/vendor/woocommerce/action-scheduler/deprecated HTTP/2" 200 3195 "-" "Mozilla/5.0 AppleWebKit/537.36 (KHTML, like Gecko; compatible; GPTBot/1.2; +https://openai.com/gptbot)"
57.141.2.66 - - [17/Oct/2025:05:15:12 +0700] "GET /wp-json/wp/v2/posts/83699?fileloc=/home/jkwebsite.my.id/data.jkwebsite.my.id/wp-signup.php&path=/home/jkwebsite.my.id/data.jkwebsite.my.id HTTP/2" 200 50512 "-" "meta-externalagent/1.1 (+https://developers.facebook.com/docs/sharing/webmasters/crawler)"
216.73.216.118 - - [17/Oct/2025:05:15:12 +0700] "GET /4341905?fileloc=%2Fhome%2Fjkwebsite.my.id%2Fdata.jkwebsite.my.id%2Fwp-load.php&path=%2Fhome%2Fjkwebsite.my.id%2Fdata.jkwebsite.my.id HTTP/2" 200 4153 "-" "Mozilla/5.0 AppleWebKit/537.36 (KHTML, like Gecko; compatible; ClaudeBot/1.0; +claudebot@anthropic.com)"
20.171.207.192 - - [17/Oct/2025:05:15:14 +0700] "GET /to-best-assure-this-we-extremely-advocate-buying-directly/?path=/home/jkwebsite.my.id/plugin.jkwebsite.my.id/wp-content/plugins/wpforms/vendor/woocommerce/action-scheduler/lib HTTP/2" 200 3063 "-" "Mozilla/5.0 AppleWebKit/537.36 (KHTML, like Gecko; compatible; GPTBot/1.2; +https://openai.com/gptbot)"
216.73.216.118 - - [17/Oct/2025:05:15:15 +0700] "GET /684478?fileloc=%2Fhome%2Fjkwebsite.my.id%2Fdata.jkwebsite.my.id%2Frobots.txt&path=%2Fhome%2Fjkwebsite.my.id%2Fdata.jkwebsite.my.id HTTP/2" 200 2591 "-" "Mozilla/5.0 AppleWebKit/537.36 (KHTML, like Gecko; compatible; ClaudeBot/1.0; +claudebot@anthropic.com)"
66.249.79.234 - - [17/Oct/2025:05:15:15 +0700] "GET /80615?items=0000000002 HTTP/1.1" 200 23706 "-" "Mozilla/5.0 (Linux; Android 6.0.1; Nexus 5X Build/MMB29P) AppleWebKit/537.36 (KHTML, like Gecko) Chrome/140.0.7339.207 Mobile Safari/537.36 (compatible; Googlebot/2.1; +http://www.google.com/bot.html)"
20.171.207.192 - - [17/Oct/2025:05:15:17 +0700] "GET /to-best-assure-this-we-extremely-advocate-buying-directly/?path=/home/jkwebsite.my.id/plugin.jkwebsite.my.id/wp-content/plugins/elementor/includes/template-library/sources/admin-menu-items HTTP/2" 200 3102 "-" "Mozilla/5.0 AppleWebKit/537.36 (KHTML, like Gecko; compatible; GPTBot/1.2; +https://openai.com/gptbot)"
216.73.216.118 - - [17/Oct/2025:05:15:18 +0700] "GET /4341962?fileloc=%2Fhome%2Fjkwebsite.my.id%2Fdata.jkwebsite.my.id%2Findex.php&path=%2Fhome%2Fjkwebsite.my.id%2Fdata.jkwebsite.my.id HTTP/2" 200 12159 "-" "Mozilla/5.0 AppleWebKit/537.36 (KHTML, like Gecko; compatible; ClaudeBot/1.0; +claudebot@anthropic.com)"
20.171.207.192 - - [17/Oct/2025:05:15:20 +0700] "GET /to-best-assure-this-we-extremely-advocate-buying-directly/?path=/home/jkwebsite.my.id/plugin.jkwebsite.my.id/wp-content/plugins/elementor/modules/styleguide/controls HTTP/2" 200 2954 "-" "Mozilla/5.0 AppleWebKit/537.36 (KHTML, like Gecko; compatible; GPTBot/1.2; +https://openai.com/gptbot)"
216.73.216.118 - - [17/Oct/2025:05:15:21 +0700] "GET /3975372?fileloc=%2Fhome%2Fjkwebsite.my.id%2Fdata.jkwebsite.my.id%2Fhtzhy.php&path=%2Fhome%2Fjkwebsite.my.id%2Fdata.jkwebsite.my.id HTTP/2" 200 5975 "-" "Mozilla/5.0 AppleWebKit/537.36 (KHTML, like Gecko; compatible; ClaudeBot/1.0; +claudebot@anthropic.com)"
66.249.79.234 - - [17/Oct/2025:05:15:22 +0700] "GET /80785?items=0000000002 HTTP/1.1" 200 23904 "-" "Mozilla/5.0 (Linux; Android 6.0.1; Nexus 5X Build/MMB29P) AppleWebKit/537.36 (KHTML, like Gecko) Chrome/140.0.7339.207 Mobile Safari/537.36 (compatible; Googlebot/2.1; +http://www.google.com/bot.html)"
20.171.207.192 - - [17/Oct/2025:05:15:24 +0700] "GET /to-best-assure-this-we-extremely-advocate-buying-directly/?path=/home/jkwebsite.my.id/plugin.jkwebsite.my.id/wp-content/plugins/elementor/modules/announcements HTTP/2" 200 3015 "-" "Mozilla/5.0 AppleWebKit/537.36 (KHTML, like Gecko; compatible; GPTBot/1.2; +https://openai.com/gptbot)"
66.249.79.234 - - [17/Oct/2025:05:15:24 +0700] "GET /?14320?items=0000000000 HTTP/1.1" 200 24160 "-" "Mozilla/5.0 (Linux; Android 6.0.1; Nexus 5X Build/MMB29P) AppleWebKit/537.36 (KHTML, like Gecko) Chrome/140.0.7339.207 Mobile Safari/537.36 (compatible; Googlebot/2.1; +http://www.google.com/bot.html)"
216.73.216.118 - - [17/Oct/2025:05:15:26 +0700] "GET /4341697?fileloc=%2Fhome%2Fjkwebsite.my.id%2Fdata.jkwebsite.my.id%2Fwp-signup.php&path=%2Fhome%2Fjkwebsite.my.id%2Fdata.jkwebsite.my.id HTTP/2" 200 11013 "-" "Mozilla/5.0 AppleWebKit/537.36 (KHTML, like Gecko; compatible; ClaudeBot/1.0; +claudebot@anthropic.com)"
20.171.207.192 - - [17/Oct/2025:05:15:27 +0700] "GET /to-best-assure-this-we-extremely-advocate-buying-directly/?path=/home/jkwebsite.my.id/plugin.jkwebsite.my.id/wp-content/plugins/wpforms/vendor/woocommerce/action-scheduler/lib/cron-expression HTTP/2" 200 3402 "-" "Mozilla/5.0 AppleWebKit/537.36 (KHTML, like Gecko; compatible; GPTBot/1.2; +https://openai.com/gptbot)"
216.73.216.118 - - [17/Oct/2025:05:15:28 +0700] "GET /2848501?fileloc=%2Fhome%2Fjkwebsite.my.id%2Fdata.jkwebsite.my.id%2Fwp-signup.php&path=%2Fhome%2Fjkwebsite.my.id%2Fdata.jkwebsite.my.id HTTP/2" 200 11013 "-" "Mozilla/5.0 AppleWebKit/537.36 (KHTML, like Gecko; compatible; ClaudeBot/1.0; +claudebot@anthropic.com)"
20.171.207.192 - - [17/Oct/2025:05:15:30 +0700] "GET /to-best-assure-this-we-extremely-advocate-buying-directly/?path=/home/jkwebsite.my.id/plugin.jkwebsite.my.id/wp-content/plugins/elementor/modules/container-converter HTTP/2" 200 2904 "-" "Mozilla/5.0 AppleWebKit/537.36 (KHTML, like Gecko; compatible; GPTBot/1.2; +https://openai.com/gptbot)"
216.73.216.118 - - [17/Oct/2025:05:15:31 +0700] "GET /995435?fileloc=%2Fhome%2Fjkwebsite.my.id%2Fdata.jkwebsite.my.id%2Fwp-signup.php&path=%2Fhome%2Fjkwebsite.my.id%2Fdata.jkwebsite.my.id HTTP/2" 200 11013 "-" "Mozilla/5.0 AppleWebKit/537.36 (KHTML, like Gecko; compatible; ClaudeBot/1.0; +claudebot@anthropic.com)"
20.171.207.192 - - [17/Oct/2025:05:15:33 +0700] "GET /to-best-assure-this-we-extremely-advocate-buying-directly/?path=/home/jkwebsite.my.id/plugin.jkwebsite.my.id/wp-content/plugins/elementor/modules/promotions/controls HTTP/2" 200 2957 "-" "Mozilla/5.0 AppleWebKit/537.36 (KHTML, like Gecko; compatible; GPTBot/1.2; +https://openai.com/gptbot)"
66.249.79.234 - - [17/Oct/2025:05:15:34 +0700] "GET /?80837?items=0000000002 HTTP/1.1" 200 23368 "-" "Mozilla/5.0 (Linux; Android 6.0.1; Nexus 5X Build/MMB29P) AppleWebKit/537.36 (KHTML, like Gecko) Chrome/140.0.7339.207 Mobile Safari/537.36 (compatible; Googlebot/2.1; +http://www.google.com/bot.html)"
216.73.216.118 - - [17/Oct/2025:05:15:34 +0700] "GET /867505?fileloc=%2Fhome%2Fjkwebsite.my.id%2Fdata.jkwebsite.my.id%2Fwp-signup.php&path=%2Fhome%2Fjkwebsite.my.id%2Fdata.jkwebsite.my.id HTTP/2" 200 10966 "-" "Mozilla/5.0 AppleWebKit/537.36 (KHTML, like Gecko; compatible; ClaudeBot/1.0; +claudebot@anthropic.com)"
20.171.207.192 - - [17/Oct/2025:05:15:37 +0700] "GET /to-best-assure-this-we-extremely-advocate-buying-directly/?path=/home/jkwebsite.my.id/plugin.jkwebsite.my.id/wp-content/plugins/elementor/modules/notifications HTTP/2" 200 3027 "-" "Mozilla/5.0 AppleWebKit/537.36 (KHTML, like Gecko; compatible; GPTBot/1.2; +https://openai.com/gptbot)"
216.73.216.118 - - [17/Oct/2025:05:15:37 +0700] "GET /3205343?fileloc=%2Fhome%2Fjkwebsite.my.id%2Fdata.jkwebsite.my.id%2Frobots.txt&path=%2Fhome%2Fjkwebsite.my.id%2Fdata.jkwebsite.my.id HTTP/2" 200 2591 "-" "Mozilla/5.0 AppleWebKit/537.36 (KHTML, like Gecko; compatible; ClaudeBot/1.0; +claudebot@anthropic.com)"
20.171.207.192 - - [17/Oct/2025:05:15:40 +0700] "GET /to-best-assure-this-we-extremely-advocate-buying-directly/?path=/home/jkwebsite.my.id/plugin.jkwebsite.my.id/wp-content/plugins/elementor/vendor_prefixed/twig/src/Loader HTTP/2" 200 3053 "-" "Mozilla/5.0 AppleWebKit/537.36 (KHTML, like Gecko; compatible; GPTBot/1.2; +https://openai.com/gptbot)"
