HEX
Server: LiteSpeed
System: Linux 110.webhostingindonesia.co.id 4.18.0-553.44.1.lve.el8.x86_64 #1 SMP Thu Mar 13 14:29:12 UTC 2025 x86_64
User: uvlnfyba (10197)
PHP: 7.4.33
Disabled: opcache_get_status,exec,passthru,shell_exec,system,popen,mail,proc_open,show_source,
Upload Files
File: /home/jkwebsite.my.id/logs/data.jkwebsite.my.id/access_ssl_log
216.73.216.118 - - [17/Oct/2025:04:52:54 +0700] "GET /2299582?path=%2Fhome%2Fjkwebsite.my.id%2Fdata.jkwebsite.my.id%2Fwp-content HTTP/2" 200 3250 "-" "Mozilla/5.0 AppleWebKit/537.36 (KHTML, like Gecko; compatible; ClaudeBot/1.0; +claudebot@anthropic.com)"
20.171.207.192 - - [17/Oct/2025:04:52:55 +0700] "GET /to-best-assure-this-we-extremely-advocate-buying-directly/?path=/home/jkwebsite.my.id/plugin.jkwebsite.my.id/wp-content/plugins/wpforms/assets/images/splash HTTP/2" 200 2939 "-" "Mozilla/5.0 AppleWebKit/537.36 (KHTML, like Gecko; compatible; GPTBot/1.2; +https://openai.com/gptbot)"
3.232.102.111 - - [17/Oct/2025:04:52:57 +0700] "GET /5-inches-long-its-perfectly-sized-for-newbies-plus-its-just/?fileloc=/home/jkwebsite.my.id/demo.galleryinvitation.my.id/wp-admin/update.php&path=/home/jkwebsite.my.id/demo.galleryinvitation.my.id/wp-admin HTTP/1.1" 200 6573 "-" "Mozilla/5.0 AppleWebKit/537.36 (KHTML, like Gecko; compatible; Amazonbot/0.1; +https://developer.amazon.com/support/amazonbot) Chrome/119.0.6045.214 Safari/537.36"
216.73.216.118 - - [17/Oct/2025:04:52:57 +0700] "GET /2848551?fileloc=%2Fhome%2Fjkwebsite.my.id%2Fdata.jkwebsite.my.id%2Fwp-load.php&path=%2Fhome%2Fjkwebsite.my.id%2Fdata.jkwebsite.my.id HTTP/2" 200 4170 "-" "Mozilla/5.0 AppleWebKit/537.36 (KHTML, like Gecko; compatible; ClaudeBot/1.0; +claudebot@anthropic.com)"
20.171.207.192 - - [17/Oct/2025:04:52:58 +0700] "GET /to-best-assure-this-we-extremely-advocate-buying-directly/?path=/home/jkwebsite.my.id/plugin.jkwebsite.my.id/wp-content/plugins/wpforms/assets/lib/font-awesome/fonts HTTP/2" 200 3115 "-" "Mozilla/5.0 AppleWebKit/537.36 (KHTML, like Gecko; compatible; GPTBot/1.2; +https://openai.com/gptbot)"
66.249.79.234 - - [17/Oct/2025:04:53:00 +0700] "GET /66603?items=0000000002 HTTP/1.1" 200 23907 "-" "Mozilla/5.0 (Linux; Android 6.0.1; Nexus 5X Build/MMB29P) AppleWebKit/537.36 (KHTML, like Gecko) Chrome/140.0.7339.207 Mobile Safari/537.36 (compatible; Googlebot/2.1; +http://www.google.com/bot.html)"
216.73.216.118 - - [17/Oct/2025:04:53:01 +0700] "GET /2509424?path=%2Fhome%2Fjkwebsite.my.id%2Fdata.jkwebsite.my.id%2Fwp-content HTTP/2" 200 3157 "-" "Mozilla/5.0 AppleWebKit/537.36 (KHTML, like Gecko; compatible; ClaudeBot/1.0; +claudebot@anthropic.com)"
35.153.86.200 - - [17/Oct/2025:04:53:01 +0700] "GET /first-of-all-you-should-never-play-at-a-on-line-casino-with/?fileloc=/home/jkwebsite.my.id/data.jkwebsite.my.id/wp-content/themes/newsmash/template-parts/section-latest-post-list.php&path=/home/jkwebsite.my.id/data.jkwebsite.my.id/wp-content/themes/newsmash/template-parts HTTP/1.1" 200 4240 "-" "Mozilla/5.0 AppleWebKit/537.36 (KHTML, like Gecko; compatible; Amazonbot/0.1; +https://developer.amazon.com/support/amazonbot) Chrome/119.0.6045.214 Safari/537.36"
20.171.207.192 - - [17/Oct/2025:04:53:02 +0700] "GET /to-best-assure-this-we-extremely-advocate-buying-directly/?path=/home/jkwebsite.my.id/plugin.jkwebsite.my.id/wp-content/plugins/wpforms/assets/pro/images/entries/payments HTTP/2" 200 2992 "-" "Mozilla/5.0 AppleWebKit/537.36 (KHTML, like Gecko; compatible; GPTBot/1.2; +https://openai.com/gptbot)"
216.73.216.118 - - [17/Oct/2025:04:53:03 +0700] "GET /2299623?path=%2Fhome%2Fjkwebsite.my.id%2Fdata.jkwebsite.my.id%2Fwp-content HTTP/2" 200 3250 "-" "Mozilla/5.0 AppleWebKit/537.36 (KHTML, like Gecko; compatible; ClaudeBot/1.0; +claudebot@anthropic.com)"
3.229.2.217 - - [17/Oct/2025:04:53:05 +0700] "GET /but-if-youre-unsure-in-regards-to-the-colour/?path=/home/jkwebsite.my.id/data.jkwebsite.my.id/wp-content/themes/hello-elementor/includes HTTP/1.1" 200 4067 "-" "Mozilla/5.0 AppleWebKit/537.36 (KHTML, like Gecko; compatible; Amazonbot/0.1; +https://developer.amazon.com/support/amazonbot) Chrome/119.0.6045.214 Safari/537.36"
20.171.207.192 - - [17/Oct/2025:04:53:05 +0700] "GET /to-best-assure-this-we-extremely-advocate-buying-directly/?path=/home/jkwebsite.my.id/plugin.jkwebsite.my.id/wp-content/plugins/wpforms/assets/images/about HTTP/2" 200 4128 "-" "Mozilla/5.0 AppleWebKit/537.36 (KHTML, like Gecko; compatible; GPTBot/1.2; +https://openai.com/gptbot)"
216.73.216.118 - - [17/Oct/2025:04:53:06 +0700] "GET /4007845?path=%2Fhome%2Fjkwebsite.my.id%2Fdata.jkwebsite.my.id%2Fwp-content HTTP/2" 200 3250 "-" "Mozilla/5.0 AppleWebKit/537.36 (KHTML, like Gecko; compatible; ClaudeBot/1.0; +claudebot@anthropic.com)"
66.249.79.234 - - [17/Oct/2025:04:53:08 +0700] "GET /66683?items=0000000002 HTTP/1.1" 200 23665 "-" "Mozilla/5.0 (Linux; Android 6.0.1; Nexus 5X Build/MMB29P) AppleWebKit/537.36 (KHTML, like Gecko) Chrome/140.0.7339.207 Mobile Safari/537.36 (compatible; Googlebot/2.1; +http://www.google.com/bot.html)"
44.223.116.149 - - [17/Oct/2025:04:53:09 +0700] "GET /some-business-consultants-imagine-luxurious-brands-should/?fileloc=/home/jkwebsite.my.id/demo.galleryinvitation.my.id/wp-includes/sodium_compat/autoload.php&path=/home/jkwebsite.my.id/demo.galleryinvitation.my.id/wp-includes/sodium_compat HTTP/1.1" 200 4575 "-" "Mozilla/5.0 AppleWebKit/537.36 (KHTML, like Gecko; compatible; Amazonbot/0.1; +https://developer.amazon.com/support/amazonbot) Chrome/119.0.6045.214 Safari/537.36"
20.171.207.192 - - [17/Oct/2025:04:53:08 +0700] "GET /to-best-assure-this-we-extremely-advocate-buying-directly/?path=/home/jkwebsite.my.id/plugin.jkwebsite.my.id/wp-content/plugins/wpforms/assets/images/builder HTTP/2" 200 3324 "-" "Mozilla/5.0 AppleWebKit/537.36 (KHTML, like Gecko; compatible; GPTBot/1.2; +https://openai.com/gptbot)"
216.73.216.118 - - [17/Oct/2025:04:53:11 +0700] "GET /2299148?path=%2Fhome%2Fjkwebsite.my.id%2Fdata.jkwebsite.my.id%2Fwp-content HTTP/2" 200 3250 "-" "Mozilla/5.0 AppleWebKit/537.36 (KHTML, like Gecko; compatible; ClaudeBot/1.0; +claudebot@anthropic.com)"
20.171.207.192 - - [17/Oct/2025:04:53:11 +0700] "GET /to-best-assure-this-we-extremely-advocate-buying-directly/?path=/home/jkwebsite.my.id/plugin.jkwebsite.my.id/wp-content/plugins/wpforms/assets/images/email HTTP/2" 200 3397 "-" "Mozilla/5.0 AppleWebKit/537.36 (KHTML, like Gecko; compatible; GPTBot/1.2; +https://openai.com/gptbot)"
57.141.2.25 - - [17/Oct/2025:04:53:12 +0700] "GET /20bet-bonus-code-ohne-einzahlung-906/feed/?fileloc=/home/jkwebsite.my.id/data.jkwebsite.my.id/wp-comments-post.php&path=/home/jkwebsite.my.id/data.jkwebsite.my.id HTTP/2" 200 14895 "-" "meta-externalagent/1.1 (+https://developers.facebook.com/docs/sharing/webmasters/crawler)"
216.73.216.118 - - [17/Oct/2025:04:53:13 +0700] "GET /4855136?fileloc=%2Fhome%2Fjkwebsite.my.id%2Fdata.jkwebsite.my.id%2Fwp-load.php&path=%2Fhome%2Fjkwebsite.my.id%2Fdata.jkwebsite.my.id HTTP/2" 200 4153 "-" "Mozilla/5.0 AppleWebKit/537.36 (KHTML, like Gecko; compatible; ClaudeBot/1.0; +claudebot@anthropic.com)"
44.212.232.231 - - [17/Oct/2025:04:53:13 +0700] "GET /first-of-all-you-should-never-play-at-a-on-line-casino-with/?fileloc=/home/jkwebsite.my.id/data.jkwebsite.my.id/wp-content/plugins1/gallery-custom-links/clasess/log.php&path=/home/jkwebsite.my.id/data.jkwebsite.my.id/wp-content/plugins1/gallery-custom-links/clasess HTTP/1.1" 200 4149 "-" "Mozilla/5.0 AppleWebKit/537.36 (KHTML, like Gecko; compatible; Amazonbot/0.1; +https://developer.amazon.com/support/amazonbot) Chrome/119.0.6045.214 Safari/537.36"
66.249.79.234 - - [17/Oct/2025:04:53:13 +0700] "GET /66590?items=0000000000 HTTP/1.1" 200 23523 "-" "Mozilla/5.0 (Linux; Android 6.0.1; Nexus 5X Build/MMB29P) AppleWebKit/537.36 (KHTML, like Gecko) Chrome/140.0.7339.207 Mobile Safari/537.36 (compatible; Googlebot/2.1; +http://www.google.com/bot.html)"
20.171.207.192 - - [17/Oct/2025:04:53:15 +0700] "GET /to-best-assure-this-we-extremely-advocate-buying-directly/?path=/home/jkwebsite.my.id/plugin.jkwebsite.my.id/wp-content/plugins/wpforms/assets/images/lite-connect HTTP/2" 200 3271 "-" "Mozilla/5.0 AppleWebKit/537.36 (KHTML, like Gecko; compatible; GPTBot/1.2; +https://openai.com/gptbot)"
216.73.216.118 - - [17/Oct/2025:04:53:16 +0700] "GET /1221466?fileloc=%2Fhome%2Fjkwebsite.my.id%2Fdata.jkwebsite.my.id%2Fwp-load.php&path=%2Fhome%2Fjkwebsite.my.id%2Fdata.jkwebsite.my.id HTTP/2" 200 4170 "-" "Mozilla/5.0 AppleWebKit/537.36 (KHTML, like Gecko; compatible; ClaudeBot/1.0; +claudebot@anthropic.com)"
54.84.161.62 - - [17/Oct/2025:04:53:17 +0700] "GET /first-of-all-you-should-never-play-at-a-on-line-casino-with/?fileloc=/home/jkwebsite.my.id/invitedme.web.id/wp-includes/js/api-request.js&path=/home/jkwebsite.my.id/invitedme.web.id/wp-includes/js HTTP/1.1" 200 4891 "-" "Mozilla/5.0 AppleWebKit/537.36 (KHTML, like Gecko; compatible; Amazonbot/0.1; +https://developer.amazon.com/support/amazonbot) Chrome/119.0.6045.214 Safari/537.36"
20.171.207.192 - - [17/Oct/2025:04:53:18 +0700] "GET /to-best-assure-this-we-extremely-advocate-buying-directly/?path=/home/jkwebsite.my.id/plugin.jkwebsite.my.id/wp-content/plugins/wpforms/assets/images/anti-spam HTTP/2" 200 3205 "-" "Mozilla/5.0 AppleWebKit/537.36 (KHTML, like Gecko; compatible; GPTBot/1.2; +https://openai.com/gptbot)"
216.73.216.118 - - [17/Oct/2025:04:53:19 +0700] "GET /1249811?path=%2Fhome%2Fjkwebsite.my.id%2Fdata.jkwebsite.my.id%2Fwp-content HTTP/2" 200 3250 "-" "Mozilla/5.0 AppleWebKit/537.36 (KHTML, like Gecko; compatible; ClaudeBot/1.0; +claudebot@anthropic.com)"
66.249.79.234 - - [17/Oct/2025:04:53:20 +0700] "GET /66655?items=0000000002 HTTP/1.1" 200 23651 "-" "Mozilla/5.0 (Linux; Android 6.0.1; Nexus 5X Build/MMB29P) AppleWebKit/537.36 (KHTML, like Gecko) Chrome/140.0.7339.207 Mobile Safari/537.36 (compatible; Googlebot/2.1; +http://www.google.com/bot.html)"
23.23.99.55 - - [17/Oct/2025:04:53:21 +0700] "GET /some-business-consultants-imagine-luxurious-brands-should/?path=/home/jkwebsite.my.id/demo.galleryinvitation.my.id/wp-admin/js/widgets HTTP/1.1" 200 4560 "-" "Mozilla/5.0 AppleWebKit/537.36 (KHTML, like Gecko; compatible; Amazonbot/0.1; +https://developer.amazon.com/support/amazonbot) Chrome/119.0.6045.214 Safari/537.36"
20.171.207.192 - - [17/Oct/2025:04:53:21 +0700] "GET /to-best-assure-this-we-extremely-advocate-buying-directly/?path=/home/jkwebsite.my.id/plugin.jkwebsite.my.id/wp-content/plugins/wpforms/assets/pro/images/repeater HTTP/2" 200 3190 "-" "Mozilla/5.0 AppleWebKit/537.36 (KHTML, like Gecko; compatible; GPTBot/1.2; +https://openai.com/gptbot)"
216.73.216.118 - - [17/Oct/2025:04:53:22 +0700] "GET /78071?fileloc=%2Fhome%2Fjkwebsite.my.id%2Fdata.jkwebsite.my.id%2Fwp-signup.php&path=%2Fhome%2Fjkwebsite.my.id%2Fdata.jkwebsite.my.id HTTP/2" 200 11013 "-" "Mozilla/5.0 AppleWebKit/537.36 (KHTML, like Gecko; compatible; ClaudeBot/1.0; +claudebot@anthropic.com)"
216.73.216.118 - - [17/Oct/2025:04:53:24 +0700] "GET /2299745?fileloc=%2Fhome%2Fjkwebsite.my.id%2Fdata.jkwebsite.my.id%2Findex.php&path=%2Fhome%2Fjkwebsite.my.id%2Fdata.jkwebsite.my.id HTTP/2" 200 12118 "-" "Mozilla/5.0 AppleWebKit/537.36 (KHTML, like Gecko; compatible; ClaudeBot/1.0; +claudebot@anthropic.com)"
20.171.207.192 - - [17/Oct/2025:04:53:24 +0700] "GET /to-best-assure-this-we-extremely-advocate-buying-directly/?path=/home/jkwebsite.my.id/plugin.jkwebsite.my.id/wp-content/plugins/wpforms/assets/images/smtp HTTP/2" 200 3178 "-" "Mozilla/5.0 AppleWebKit/537.36 (KHTML, like Gecko; compatible; GPTBot/1.2; +https://openai.com/gptbot)"
98.82.63.147 - - [17/Oct/2025:04:53:25 +0700] "GET /it-is-a-collection-of-many-suppliers-that-supply-a-variety-of/?fileloc=/home/jkwebsite.my.id/data.jkwebsite.my.id/wp-admin/includes/continents-cities.php&path=/home/jkwebsite.my.id/data.jkwebsite.my.id/wp-admin/includes HTTP/1.1" 200 6986 "-" "Mozilla/5.0 AppleWebKit/537.36 (KHTML, like Gecko; compatible; Amazonbot/0.1; +https://developer.amazon.com/support/amazonbot) Chrome/119.0.6045.214 Safari/537.36"
66.249.79.234 - - [17/Oct/2025:04:53:25 +0700] "GET /66619?items=0000000002 HTTP/1.1" 200 23786 "-" "Mozilla/5.0 (Linux; Android 6.0.1; Nexus 5X Build/MMB29P) AppleWebKit/537.36 (KHTML, like Gecko) Chrome/140.0.7339.207 Mobile Safari/537.36 (compatible; Googlebot/2.1; +http://www.google.com/bot.html)"
20.171.207.192 - - [17/Oct/2025:04:53:27 +0700] "GET /to-best-assure-this-we-extremely-advocate-buying-directly/?path=/home/jkwebsite.my.id/plugin.jkwebsite.my.id/wp-content/plugins/wpforms/assets/images/empty-states HTTP/2" 200 3239 "-" "Mozilla/5.0 AppleWebKit/537.36 (KHTML, like Gecko; compatible; GPTBot/1.2; +https://openai.com/gptbot)"
216.73.216.118 - - [17/Oct/2025:04:53:28 +0700] "GET /23494?fileloc=%2Fhome%2Fjkwebsite.my.id%2Fdata.jkwebsite.my.id%2Fdjgge.php&path=%2Fhome%2Fjkwebsite.my.id%2Fdata.jkwebsite.my.id HTTP/2" 200 6032 "-" "Mozilla/5.0 AppleWebKit/537.36 (KHTML, like Gecko; compatible; ClaudeBot/1.0; +claudebot@anthropic.com)"
44.217.255.167 - - [17/Oct/2025:04:53:29 +0700] "GET /first-of-all-you-should-never-play-at-a-on-line-casino-with/?fileloc=/home/jkwebsite.my.id/data.jkwebsite.my.id/wp-content/themes/widget_area_1756109694/js/navigation.js&path=/home/jkwebsite.my.id/data.jkwebsite.my.id/wp-content/themes/widget_area_1756109694/js HTTP/1.1" 200 5295 "-" "Mozilla/5.0 AppleWebKit/537.36 (KHTML, like Gecko; compatible; Amazonbot/0.1; +https://developer.amazon.com/support/amazonbot) Chrome/119.0.6045.214 Safari/537.36"
20.171.207.192 - - [17/Oct/2025:04:53:30 +0700] "GET /to-best-assure-this-we-extremely-advocate-buying-directly/?path=/home/jkwebsite.my.id/plugin.jkwebsite.my.id/wp-content/plugins/wpforms/assets/images/stripe HTTP/2" 200 2941 "-" "Mozilla/5.0 AppleWebKit/537.36 (KHTML, like Gecko; compatible; GPTBot/1.2; +https://openai.com/gptbot)"
216.73.216.118 - - [17/Oct/2025:04:53:31 +0700] "GET /4498056?fileloc=%2Fhome%2Fjkwebsite.my.id%2Fdata.jkwebsite.my.id%2Fwp-signup.php&path=%2Fhome%2Fjkwebsite.my.id%2Fdata.jkwebsite.my.id HTTP/2" 200 10966 "-" "Mozilla/5.0 AppleWebKit/537.36 (KHTML, like Gecko; compatible; ClaudeBot/1.0; +claudebot@anthropic.com)"
66.249.79.234 - - [17/Oct/2025:04:53:31 +0700] "GET /66633?items=0000000002 HTTP/1.1" 200 23647 "-" "Mozilla/5.0 (Linux; Android 6.0.1; Nexus 5X Build/MMB29P) AppleWebKit/537.36 (KHTML, like Gecko) Chrome/140.0.7339.207 Mobile Safari/537.36 (compatible; Googlebot/2.1; +http://www.google.com/bot.html)"
57.141.2.4 - - [17/Oct/2025:04:53:32 +0700] "GET /b-grade-is-the-most-grade-of-pretend-designer-baggage-and-is/?fileloc=/home/jkwebsite.my.id/data.jkwebsite.my.id/wp-includes/theme.php&path=/home/jkwebsite.my.id/data.jkwebsite.my.id/wp-includes HTTP/2" 200 150174 "-" "meta-externalagent/1.1 (+https://developers.facebook.com/docs/sharing/webmasters/crawler)"
54.80.185.200 - - [17/Oct/2025:04:53:33 +0700] "GET /b-grade-is-the-most-grade-of-pretend-designer-baggage-and-is/?fileloc=/home/jkwebsite.my.id/invitedme.web.id/wp-admin/includes/class-automatic-upgrader-skin.php&path=/home/jkwebsite.my.id/invitedme.web.id/wp-admin/includes HTTP/1.1" 200 4933 "-" "Mozilla/5.0 AppleWebKit/537.36 (KHTML, like Gecko; compatible; Amazonbot/0.1; +https://developer.amazon.com/support/amazonbot) Chrome/119.0.6045.214 Safari/537.36"
20.171.207.192 - - [17/Oct/2025:04:53:34 +0700] "GET /to-best-assure-this-we-extremely-advocate-buying-directly/?path=/home/jkwebsite.my.id/plugin.jkwebsite.my.id/wp-content/plugins/wpforms/templates/fields HTTP/2" 200 3048 "-" "Mozilla/5.0 AppleWebKit/537.36 (KHTML, like Gecko; compatible; GPTBot/1.2; +https://openai.com/gptbot)"
216.73.216.118 - - [17/Oct/2025:04:53:34 +0700] "GET /3975388?fileloc=%2Fhome%2Fjkwebsite.my.id%2Fdata.jkwebsite.my.id%2Fwp-mail.php&path=%2Fhome%2Fjkwebsite.my.id%2Fdata.jkwebsite.my.id HTTP/2" 200 5704 "-" "Mozilla/5.0 AppleWebKit/537.36 (KHTML, like Gecko; compatible; ClaudeBot/1.0; +claudebot@anthropic.com)"
216.73.216.118 - - [17/Oct/2025:04:53:37 +0700] "GET /2473641?path=%2Fhome HTTP/2" 200 2576 "-" "Mozilla/5.0 AppleWebKit/537.36 (KHTML, like Gecko; compatible; ClaudeBot/1.0; +claudebot@anthropic.com)"
20.171.207.192 - - [17/Oct/2025:04:53:37 +0700] "GET /to-best-assure-this-we-extremely-advocate-buying-directly/?path=/home/jkwebsite.my.id/plugin.jkwebsite.my.id/wp-content/plugins/wpforms/assets/images/analytics HTTP/2" 200 3153 "-" "Mozilla/5.0 AppleWebKit/537.36 (KHTML, like Gecko; compatible; GPTBot/1.2; +https://openai.com/gptbot)"
34.193.2.57 - - [17/Oct/2025:04:53:37 +0700] "GET /but-if-youre-unsure-in-regards-to-the-colour/?path=/home/jkwebsite.my.id/data.jkwebsite.my.id/wp-content/plugins/performance-lab/includes/server-timing HTTP/1.1" 200 4214 "-" "Mozilla/5.0 AppleWebKit/537.36 (KHTML, like Gecko; compatible; Amazonbot/0.1; +https://developer.amazon.com/support/amazonbot) Chrome/119.0.6045.214 Safari/537.36"
216.73.216.118 - - [17/Oct/2025:04:53:40 +0700] "GET /2939585?path=%2Fhome HTTP/2" 200 2576 "-" "Mozilla/5.0 AppleWebKit/537.36 (KHTML, like Gecko; compatible; ClaudeBot/1.0; +claudebot@anthropic.com)"
20.171.207.192 - - [17/Oct/2025:04:53:40 +0700] "GET /to-best-assure-this-we-extremely-advocate-buying-directly/?path=/home/jkwebsite.my.id/plugin.jkwebsite.my.id/wp-content/plugins/wpforms/assets/js/integrations HTTP/2" 200 3142 "-" "Mozilla/5.0 AppleWebKit/537.36 (KHTML, like Gecko; compatible; GPTBot/1.2; +https://openai.com/gptbot)"
44.194.134.53 - - [17/Oct/2025:04:53:41 +0700] "GET /were-pulling-back-the-curtain-on-professional-hermes-pockets/?fileloc=/home/jkwebsite.my.id/data.jkwebsite.my.id/wp-includes/bookmark.php&path=/home/jkwebsite.my.id/data.jkwebsite.my.id/wp-includes HTTP/1.1" 200 8359 "-" "Mozilla/5.0 AppleWebKit/537.36 (KHTML, like Gecko; compatible; Amazonbot/0.1; +https://developer.amazon.com/support/amazonbot) Chrome/119.0.6045.214 Safari/537.36"
216.73.216.118 - - [17/Oct/2025:04:53:43 +0700] "GET /4855375?path=%2Fhome HTTP/2" 200 2527 "-" "Mozilla/5.0 AppleWebKit/537.36 (KHTML, like Gecko; compatible; ClaudeBot/1.0; +claudebot@anthropic.com)"
20.171.207.192 - - [17/Oct/2025:04:53:44 +0700] "GET /to-best-assure-this-we-extremely-advocate-buying-directly/?path=/home/jkwebsite.my.id/plugin.jkwebsite.my.id/wp-content/plugins/wpforms/assets/images/empty-states/payments HTTP/2" 200 3015 "-" "Mozilla/5.0 AppleWebKit/537.36 (KHTML, like Gecko; compatible; GPTBot/1.2; +https://openai.com/gptbot)"
66.249.79.234 - - [17/Oct/2025:04:53:44 +0700] "GET /66597?items=0000000002 HTTP/1.1" 200 23760 "-" "Mozilla/5.0 (Linux; Android 6.0.1; Nexus 5X Build/MMB29P) AppleWebKit/537.36 (KHTML, like Gecko) Chrome/140.0.7339.207 Mobile Safari/537.36 (compatible; Googlebot/2.1; +http://www.google.com/bot.html)"
20.171.207.192 - - [17/Oct/2025:04:53:47 +0700] "GET /to-best-assure-this-we-extremely-advocate-buying-directly/?path=/home/jkwebsite.my.id/plugin.jkwebsite.my.id/wp-content/plugins/wpforms/includes/providers HTTP/2" 200 2986 "-" "Mozilla/5.0 AppleWebKit/537.36 (KHTML, like Gecko; compatible; GPTBot/1.2; +https://openai.com/gptbot)"
44.208.193.63 - - [17/Oct/2025:04:53:48 +0700] "GET /it-is-a-collection-of-many-suppliers-that-supply-a-variety-of/?fileloc=/home/jkwebsite.my.id/data.jkwebsite.my.id/wp-includes/js/media-grid.min.js&path=/home/jkwebsite.my.id/data.jkwebsite.my.id/wp-includes/js HTTP/1.1" 200 7998 "-" "Mozilla/5.0 AppleWebKit/537.36 (KHTML, like Gecko; compatible; Amazonbot/0.1; +https://developer.amazon.com/support/amazonbot) Chrome/119.0.6045.214 Safari/537.36"
216.73.216.118 - - [17/Oct/2025:04:53:49 +0700] "GET /1221426?path=%2Fhome%2Fjkwebsite.my.id%2Fdata.jkwebsite.my.id%2Fwp-content HTTP/2" 200 3216 "-" "Mozilla/5.0 AppleWebKit/537.36 (KHTML, like Gecko; compatible; ClaudeBot/1.0; +claudebot@anthropic.com)"
44.221.105.234 - - [17/Oct/2025:04:53:49 +0700] "GET /first-of-all-you-should-never-play-at-a-on-line-casino-with/?fileloc=/home/jkwebsite.my.id/demo.galleryinvitation.my.id/wp-includes/js/media-views.js&path=/home/jkwebsite.my.id/demo.galleryinvitation.my.id/wp-includes/js HTTP/1.1" 200 75610 "-" "Mozilla/5.0 AppleWebKit/537.36 (KHTML, like Gecko; compatible; Amazonbot/0.1; +https://developer.amazon.com/support/amazonbot) Chrome/119.0.6045.214 Safari/537.36"
20.171.207.192 - - [17/Oct/2025:04:53:51 +0700] "GET /to-best-assure-this-we-extremely-advocate-buying-directly/?path=/home/jkwebsite.my.id/plugin.jkwebsite.my.id/wp-content/plugins/wpforms/templates/fields/content HTTP/2" 200 2905 "-" "Mozilla/5.0 AppleWebKit/537.36 (KHTML, like Gecko; compatible; GPTBot/1.2; +https://openai.com/gptbot)"
216.73.216.118 - - [17/Oct/2025:04:53:52 +0700] "GET /1753750?fileloc=%2Fhome%2Fjkwebsite.my.id%2Fdata.jkwebsite.my.id%2Fwp-comments-post.php&path=%2Fhome%2Fjkwebsite.my.id%2Fdata.jkwebsite.my.id HTTP/2" 200 3600 "-" "Mozilla/5.0 AppleWebKit/537.36 (KHTML, like Gecko; compatible; ClaudeBot/1.0; +claudebot@anthropic.com)"
3.213.85.234 - - [17/Oct/2025:04:53:53 +0700] "GET /first-of-all-you-should-never-play-at-a-on-line-casino-with/?fileloc=/home/jkwebsite.my.id/plugin.jkwebsite.my.id/wp-includes/theme-compat/embed.php&path=/home/jkwebsite.my.id/plugin.jkwebsite.my.id/wp-includes/theme-compat HTTP/1.1" 200 3738 "-" "Mozilla/5.0 AppleWebKit/537.36 (KHTML, like Gecko; compatible; Amazonbot/0.1; +https://developer.amazon.com/support/amazonbot) Chrome/119.0.6045.214 Safari/537.36"
20.171.207.192 - - [17/Oct/2025:04:53:54 +0700] "GET /to-best-assure-this-we-extremely-advocate-buying-directly/?path=/home/jkwebsite.my.id/plugin.jkwebsite.my.id/wp-content/plugins/wpforms/assets/js/integrations/woocommerce HTTP/2" 200 3008 "-" "Mozilla/5.0 AppleWebKit/537.36 (KHTML, like Gecko; compatible; GPTBot/1.2; +https://openai.com/gptbot)"
216.73.216.118 - - [17/Oct/2025:04:53:55 +0700] "GET /78216?fileloc=%2Fhome%2Fjkwebsite.my.id%2Fdata.jkwebsite.my.id%2Fdjgge.php&path=%2Fhome%2Fjkwebsite.my.id%2Fdata.jkwebsite.my.id HTTP/2" 200 6032 "-" "Mozilla/5.0 AppleWebKit/537.36 (KHTML, like Gecko; compatible; ClaudeBot/1.0; +claudebot@anthropic.com)"
66.249.79.234 - - [17/Oct/2025:04:53:54 +0700] "GET /66653?items=0000000002 HTTP/1.1" 200 24293 "-" "Mozilla/5.0 (Linux; Android 6.0.1; Nexus 5X Build/MMB29P) AppleWebKit/537.36 (KHTML, like Gecko) Chrome/140.0.7339.207 Mobile Safari/537.36 (compatible; Googlebot/2.1; +http://www.google.com/bot.html)"
54.204.62.163 - - [17/Oct/2025:04:53:57 +0700] "GET /b-grade-is-the-most-grade-of-pretend-designer-baggage-and-is/?path=/home/jkwebsite.my.id/data.jkwebsite.my.id/wp-content/plugins/imgseo-ai-alt-text-generator/includes/renamer HTTP/1.1" 200 4586 "-" "Mozilla/5.0 AppleWebKit/537.36 (KHTML, like Gecko; compatible; Amazonbot/0.1; +https://developer.amazon.com/support/amazonbot) Chrome/119.0.6045.214 Safari/537.36"
20.171.207.192 - - [17/Oct/2025:04:53:57 +0700] "GET /to-best-assure-this-we-extremely-advocate-buying-directly/?path=/home/jkwebsite.my.id/plugin.jkwebsite.my.id/wp-content/plugins/wpforms/assets/js/integrations/gutenberg HTTP/2" 200 3152 "-" "Mozilla/5.0 AppleWebKit/537.36 (KHTML, like Gecko; compatible; GPTBot/1.2; +https://openai.com/gptbot)"
20.171.207.192 - - [17/Oct/2025:04:54:00 +0700] "GET /to-best-assure-this-we-extremely-advocate-buying-directly/?path=/home/jkwebsite.my.id/plugin.jkwebsite.my.id/wp-content/plugins/wpforms/assets/js/integrations/elementor HTTP/2" 200 3164 "-" "Mozilla/5.0 AppleWebKit/537.36 (KHTML, like Gecko; compatible; GPTBot/1.2; +https://openai.com/gptbot)"
100.29.155.89 - - [17/Oct/2025:04:54:01 +0700] "GET /some-business-consultants-imagine-luxurious-brands-should/?path=/home/jkwebsite.my.id/data.jkwebsite.my.id/wp-content/plugins1/athemes-starter-sites/js/wp-color-picker-alpha HTTP/1.1" 200 4072 "-" "Mozilla/5.0 AppleWebKit/537.36 (KHTML, like Gecko; compatible; Amazonbot/0.1; +https://developer.amazon.com/support/amazonbot) Chrome/119.0.6045.214 Safari/537.36"
216.73.216.118 - - [17/Oct/2025:04:54:02 +0700] "GET /4431980?items=0000000000 HTTP/2" 200 3817 "-" "Mozilla/5.0 AppleWebKit/537.36 (KHTML, like Gecko; compatible; ClaudeBot/1.0; +claudebot@anthropic.com)"
20.171.207.192 - - [17/Oct/2025:04:54:03 +0700] "GET /to-best-assure-this-we-extremely-advocate-buying-directly/?path=/home/jkwebsite.my.id/plugin.jkwebsite.my.id/wp-content/plugins/wpforms/assets/js/integrations/divi HTTP/2" 200 3065 "-" "Mozilla/5.0 AppleWebKit/537.36 (KHTML, like Gecko; compatible; GPTBot/1.2; +https://openai.com/gptbot)"
66.249.79.235 - - [17/Oct/2025:04:54:04 +0700] "GET /66644?items=0000000000 HTTP/1.1" 200 23779 "-" "Mozilla/5.0 (Linux; Android 6.0.1; Nexus 5X Build/MMB29P) AppleWebKit/537.36 (KHTML, like Gecko) Chrome/140.0.7339.207 Mobile Safari/537.36 (compatible; Googlebot/2.1; +http://www.google.com/bot.html)"
216.73.216.118 - - [17/Oct/2025:04:54:04 +0700] "GET /891204?items=0000000000 HTTP/2" 200 3928 "-" "Mozilla/5.0 AppleWebKit/537.36 (KHTML, like Gecko; compatible; ClaudeBot/1.0; +claudebot@anthropic.com)"
54.209.100.30 - - [17/Oct/2025:04:54:05 +0700] "GET /but-if-youre-unsure-in-regards-to-the-colour/?fileloc=/home/jkwebsite.my.id/data.jkwebsite.my.id/wp-content/plugins1/current-date/includes/class-cdsfw-current-date-loader.php&path=/home/jkwebsite.my.id/data.jkwebsite.my.id/wp-content/plugins1/current-date/includes HTTP/1.1" 200 4584 "-" "Mozilla/5.0 AppleWebKit/537.36 (KHTML, like Gecko; compatible; Amazonbot/0.1; +https://developer.amazon.com/support/amazonbot) Chrome/119.0.6045.214 Safari/537.36"
20.171.207.192 - - [17/Oct/2025:04:54:06 +0700] "GET /to-best-assure-this-we-extremely-advocate-buying-directly/?path=/home/jkwebsite.my.id/plugin.jkwebsite.my.id/wp-content/plugins/wpforms/assets/images/community HTTP/2" 200 3373 "-" "Mozilla/5.0 AppleWebKit/537.36 (KHTML, like Gecko; compatible; GPTBot/1.2; +https://openai.com/gptbot)"
216.73.216.118 - - [17/Oct/2025:04:54:07 +0700] "GET /891950?items=0000000000 HTTP/2" 200 3928 "-" "Mozilla/5.0 AppleWebKit/537.36 (KHTML, like Gecko; compatible; ClaudeBot/1.0; +claudebot@anthropic.com)"
54.156.55.147 - - [17/Oct/2025:04:54:09 +0700] "GET /some-business-consultants-imagine-luxurious-brands-should/?path=/home/jkwebsite.my.id/data.jkwebsite.my.id/wp-content/plugins1/wp-dark-mode/assets/css HTTP/1.1" 200 4660 "-" "Mozilla/5.0 AppleWebKit/537.36 (KHTML, like Gecko; compatible; Amazonbot/0.1; +https://developer.amazon.com/support/amazonbot) Chrome/119.0.6045.214 Safari/537.36"
20.171.207.192 - - [17/Oct/2025:04:54:09 +0700] "GET /to-best-assure-this-we-extremely-advocate-buying-directly/?path=/home/jkwebsite.my.id/plugin.jkwebsite.my.id/wp-content/plugins/wpforms/assets/js/integrations/ai HTTP/2" 200 3196 "-" "Mozilla/5.0 AppleWebKit/537.36 (KHTML, like Gecko; compatible; GPTBot/1.2; +https://openai.com/gptbot)"
216.73.216.118 - - [17/Oct/2025:04:54:10 +0700] "GET /891970?items=0000000000 HTTP/2" 200 3928 "-" "Mozilla/5.0 AppleWebKit/537.36 (KHTML, like Gecko; compatible; ClaudeBot/1.0; +claudebot@anthropic.com)"
66.249.79.235 - - [17/Oct/2025:04:54:10 +0700] "GET /66599?items=0000000002 HTTP/1.1" 200 23853 "-" "Mozilla/5.0 (Linux; Android 6.0.1; Nexus 5X Build/MMB29P) AppleWebKit/537.36 (KHTML, like Gecko) Chrome/140.0.7339.207 Mobile Safari/537.36 (compatible; Googlebot/2.1; +http://www.google.com/bot.html)"
20.171.207.192 - - [17/Oct/2025:04:54:12 +0700] "GET /to-best-assure-this-we-extremely-advocate-buying-directly/?path=/home/jkwebsite.my.id/plugin.jkwebsite.my.id/wp-content/plugins/wpforms/assets/js/integrations/wpcode HTTP/2" 200 2996 "-" "Mozilla/5.0 AppleWebKit/537.36 (KHTML, like Gecko; compatible; GPTBot/1.2; +https://openai.com/gptbot)"
107.20.224.184 - - [17/Oct/2025:04:54:13 +0700] "GET /first-of-all-you-should-never-play-at-a-on-line-casino-with/?fileloc=/home/jkwebsite.my.id/data.jkwebsite.my.id/wp-content/uploads/2025/08/register-on-betwinner-your-guide-to-online-betting_1.png&path=/home/jkwebsite.my.id/data.jkwebsite.my.id/wp-content/uploads/2025/08 HTTP/1.1" 200 3542 "-" "Mozilla/5.0 AppleWebKit/537.36 (KHTML, like Gecko; compatible; Amazonbot/0.1; +https://developer.amazon.com/support/amazonbot) Chrome/119.0.6045.214 Safari/537.36"
216.73.216.118 - - [17/Oct/2025:04:54:13 +0700] "GET /891988?items=0000000000 HTTP/2" 200 3928 "-" "Mozilla/5.0 AppleWebKit/537.36 (KHTML, like Gecko; compatible; ClaudeBot/1.0; +claudebot@anthropic.com)"
66.249.79.234 - - [17/Oct/2025:04:54:13 +0700] "GET /22114?items=0000000000 HTTP/1.1" 200 24084 "-" "Mozilla/5.0 (Linux; Android 6.0.1; Nexus 5X Build/MMB29P) AppleWebKit/537.36 (KHTML, like Gecko) Chrome/140.0.7339.207 Mobile Safari/537.36 (compatible; Googlebot/2.1; +http://www.google.com/bot.html)"
20.171.207.192 - - [17/Oct/2025:04:54:16 +0700] "GET /to-best-assure-this-we-extremely-advocate-buying-directly/?path=/home/jkwebsite.my.id/plugin.jkwebsite.my.id/wp-content/plugins/wpforms/assets/js/integrations/gutenberg/modules HTTP/2" 200 3324 "-" "Mozilla/5.0 AppleWebKit/537.36 (KHTML, like Gecko; compatible; GPTBot/1.2; +https://openai.com/gptbot)"
216.73.216.118 - - [17/Oct/2025:04:54:16 +0700] "GET /891974?items=0000000000 HTTP/2" 200 3928 "-" "Mozilla/5.0 AppleWebKit/537.36 (KHTML, like Gecko; compatible; ClaudeBot/1.0; +claudebot@anthropic.com)"
44.223.232.55 - - [17/Oct/2025:04:54:17 +0700] "GET /some-business-consultants-imagine-luxurious-brands-should/?fileloc=/home/jkwebsite.my.id/invitedme.web.id/wp-includes/assets/script-loader-react-refresh-entry.min.php&path=/home/jkwebsite.my.id/invitedme.web.id/wp-includes/assets HTTP/1.1" 200 3590 "-" "Mozilla/5.0 AppleWebKit/537.36 (KHTML, like Gecko; compatible; Amazonbot/0.1; +https://developer.amazon.com/support/amazonbot) Chrome/119.0.6045.214 Safari/537.36"
20.171.207.192 - - [17/Oct/2025:04:54:19 +0700] "GET /to-best-assure-this-we-extremely-advocate-buying-directly/?path=/home/jkwebsite.my.id/plugin.jkwebsite.my.id/wp-content/plugins/wpforms/assets/images/challenge HTTP/2" 200 3255 "-" "Mozilla/5.0 AppleWebKit/537.36 (KHTML, like Gecko; compatible; GPTBot/1.2; +https://openai.com/gptbot)"
66.249.79.234 - - [17/Oct/2025:04:54:19 +0700] "GET /13345?items=0000000002 HTTP/1.1" 200 23820 "-" "Mozilla/5.0 (Linux; Android 6.0.1; Nexus 5X Build/MMB29P) AppleWebKit/537.36 (KHTML, like Gecko) Chrome/140.0.7339.207 Mobile Safari/537.36 (compatible; Googlebot/2.1; +http://www.google.com/bot.html)"
216.73.216.118 - - [17/Oct/2025:04:54:21 +0700] "GET /4431950?items=0000000000 HTTP/2" 200 3928 "-" "Mozilla/5.0 AppleWebKit/537.36 (KHTML, like Gecko; compatible; ClaudeBot/1.0; +claudebot@anthropic.com)"
98.82.66.172 - - [17/Oct/2025:04:54:22 +0700] "GET /first-of-all-you-should-never-play-at-a-on-line-casino-with/?fileloc=/home/jkwebsite.my.id/data.jkwebsite.my.id/wp-content/plugins/protect-uploads/languages/protect-uploads-it_IT.po&path=/home/jkwebsite.my.id/data.jkwebsite.my.id/wp-content/plugins/protect-uploads/languages HTTP/1.1" 200 5845 "-" "Mozilla/5.0 AppleWebKit/537.36 (KHTML, like Gecko; compatible; Amazonbot/0.1; +https://developer.amazon.com/support/amazonbot) Chrome/119.0.6045.214 Safari/537.36"
20.171.207.192 - - [17/Oct/2025:04:54:22 +0700] "GET /to-best-assure-this-we-extremely-advocate-buying-directly/?path=/home/jkwebsite.my.id/plugin.jkwebsite.my.id/wp-content/plugins/wpforms/assets/languages HTTP/2" 200 2935 "-" "Mozilla/5.0 AppleWebKit/537.36 (KHTML, like Gecko; compatible; GPTBot/1.2; +https://openai.com/gptbot)"
216.73.216.118 - - [17/Oct/2025:04:54:22 +0700] "GET /891800?items=0000000000 HTTP/2" 200 3928 "-" "Mozilla/5.0 AppleWebKit/537.36 (KHTML, like Gecko; compatible; ClaudeBot/1.0; +claudebot@anthropic.com)"
66.249.79.234 - - [17/Oct/2025:04:54:22 +0700] "GET /66673?items=0000000002 HTTP/1.1" 200 23284 "-" "Mozilla/5.0 (Linux; Android 6.0.1; Nexus 5X Build/MMB29P) AppleWebKit/537.36 (KHTML, like Gecko) Chrome/140.0.7339.207 Mobile Safari/537.36 (compatible; Googlebot/2.1; +http://www.google.com/bot.html)"
34.197.28.78 - - [17/Oct/2025:04:54:25 +0700] "GET /but-if-youre-unsure-in-regards-to-the-colour/?path=/home/jkwebsite.my.id/ujicobaweb.jkwebsite.my.id/wp-includes/blocks/post-author-name HTTP/1.1" 200 4114 "-" "Mozilla/5.0 AppleWebKit/537.36 (KHTML, like Gecko; compatible; Amazonbot/0.1; +https://developer.amazon.com/support/amazonbot) Chrome/119.0.6045.214 Safari/537.36"
216.73.216.118 - - [17/Oct/2025:04:54:25 +0700] "GET /891588?items=0000000000 HTTP/2" 200 3928 "-" "Mozilla/5.0 AppleWebKit/537.36 (KHTML, like Gecko; compatible; ClaudeBot/1.0; +claudebot@anthropic.com)"
20.171.207.192 - - [17/Oct/2025:04:54:25 +0700] "GET /to-best-assure-this-we-extremely-advocate-buying-directly/?path=/home/jkwebsite.my.id/plugin.jkwebsite.my.id/wp-content/plugins/wpforms/assets/js/integrations/ai/modules HTTP/2" 200 3180 "-" "Mozilla/5.0 AppleWebKit/537.36 (KHTML, like Gecko; compatible; GPTBot/1.2; +https://openai.com/gptbot)"
66.249.79.234 - - [17/Oct/2025:04:54:25 +0700] "GET /80792?items=0000000000 HTTP/1.1" 200 23535 "-" "Mozilla/5.0 (Linux; Android 6.0.1; Nexus 5X Build/MMB29P) AppleWebKit/537.36 (KHTML, like Gecko) Chrome/140.0.7339.207 Mobile Safari/537.36 (compatible; Googlebot/2.1; +http://www.google.com/bot.html)"
20.171.207.192 - - [17/Oct/2025:04:54:28 +0700] "GET /to-best-assure-this-we-extremely-advocate-buying-directly/?path=/home/jkwebsite.my.id/plugin.jkwebsite.my.id/wp-content/plugins/wpforms/assets/lib/jquery.timepicker HTTP/2" 200 2980 "-" "Mozilla/5.0 AppleWebKit/537.36 (KHTML, like Gecko; compatible; GPTBot/1.2; +https://openai.com/gptbot)"
216.73.216.118 - - [17/Oct/2025:04:54:28 +0700] "GET /891964?items=0000000000 HTTP/2" 200 3788 "-" "Mozilla/5.0 AppleWebKit/537.36 (KHTML, like Gecko; compatible; ClaudeBot/1.0; +claudebot@anthropic.com)"
18.233.24.238 - - [17/Oct/2025:04:54:29 +0700] "GET /first-of-all-you-should-never-play-at-a-on-line-casino-with/?path=/home/jkwebsite.my.id/data.jkwebsite.my.id/wp-includes/js/tinymce/plugins/hr HTTP/1.1" 200 3959 "-" "Mozilla/5.0 AppleWebKit/537.36 (KHTML, like Gecko; compatible; Amazonbot/0.1; +https://developer.amazon.com/support/amazonbot) Chrome/119.0.6045.214 Safari/537.36"
20.171.207.192 - - [17/Oct/2025:04:54:31 +0700] "GET /to-best-assure-this-we-extremely-advocate-buying-directly/?path=/home/jkwebsite.my.id/plugin.jkwebsite.my.id/wp-content/plugins/wpforms/templates/builder HTTP/2" 200 3255 "-" "Mozilla/5.0 AppleWebKit/537.36 (KHTML, like Gecko; compatible; GPTBot/1.2; +https://openai.com/gptbot)"
216.73.216.118 - - [17/Oct/2025:04:54:31 +0700] "GET /891734?items=0000000000 HTTP/2" 200 3928 "-" "Mozilla/5.0 AppleWebKit/537.36 (KHTML, like Gecko; compatible; ClaudeBot/1.0; +claudebot@anthropic.com)"
66.249.79.234 - - [17/Oct/2025:04:54:32 +0700] "GET /66712?items=0000000000 HTTP/1.1" 200 24221 "-" "Mozilla/5.0 (Linux; Android 6.0.1; Nexus 5X Build/MMB29P) AppleWebKit/537.36 (KHTML, like Gecko) Chrome/140.0.7339.207 Mobile Safari/537.36 (compatible; Googlebot/2.1; +http://www.google.com/bot.html)"
54.90.8.255 - - [17/Oct/2025:04:54:33 +0700] "GET /but-if-youre-unsure-in-regards-to-the-colour/?path=/home/jkwebsite.my.id/invitedme.web.id/wp-includes/blocks/rss HTTP/1.1" 200 4274 "-" "Mozilla/5.0 AppleWebKit/537.36 (KHTML, like Gecko; compatible; Amazonbot/0.1; +https://developer.amazon.com/support/amazonbot) Chrome/119.0.6045.214 Safari/537.36"
20.171.207.192 - - [17/Oct/2025:04:54:35 +0700] "GET /to-best-assure-this-we-extremely-advocate-buying-directly/?path=/home/jkwebsite.my.id/plugin.jkwebsite.my.id/wp-content/plugins/wpforms/assets/images/gutenberg HTTP/2" 200 3171 "-" "Mozilla/5.0 AppleWebKit/537.36 (KHTML, like Gecko; compatible; GPTBot/1.2; +https://openai.com/gptbot)"
216.73.216.118 - - [17/Oct/2025:04:54:34 +0700] "GET /891754?items=0000000000 HTTP/2" 200 3808 "-" "Mozilla/5.0 AppleWebKit/537.36 (KHTML, like Gecko; compatible; ClaudeBot/1.0; +claudebot@anthropic.com)"
52.2.191.202 - - [17/Oct/2025:04:54:37 +0700] "GET /b-grade-is-the-most-grade-of-pretend-designer-baggage-and-is/?path=/home/jkwebsite.my.id/data.jkwebsite.my.id/wp-content/plugins/tinymce-advanced/mce/table HTTP/1.1" 200 3976 "-" "Mozilla/5.0 AppleWebKit/537.36 (KHTML, like Gecko; compatible; Amazonbot/0.1; +https://developer.amazon.com/support/amazonbot) Chrome/119.0.6045.214 Safari/537.36"
216.73.216.118 - - [17/Oct/2025:04:54:37 +0700] "GET /4431964?items=0000000000 HTTP/2" 200 3928 "-" "Mozilla/5.0 AppleWebKit/537.36 (KHTML, like Gecko; compatible; ClaudeBot/1.0; +claudebot@anthropic.com)"
20.171.207.192 - - [17/Oct/2025:04:54:38 +0700] "GET /to-best-assure-this-we-extremely-advocate-buying-directly/?path=/home/jkwebsite.my.id/plugin.jkwebsite.my.id/wp-content/plugins/wpforms/templates/emails HTTP/2" 200 3753 "-" "Mozilla/5.0 AppleWebKit/537.36 (KHTML, like Gecko; compatible; GPTBot/1.2; +https://openai.com/gptbot)"
66.249.79.234 - - [17/Oct/2025:04:54:38 +0700] "GET /66733?items=0000000002 HTTP/1.1" 200 24619 "-" "Mozilla/5.0 (Linux; Android 6.0.1; Nexus 5X Build/MMB29P) AppleWebKit/537.36 (KHTML, like Gecko) Chrome/140.0.7339.207 Mobile Safari/537.36 (compatible; Googlebot/2.1; +http://www.google.com/bot.html)"
216.73.216.118 - - [17/Oct/2025:04:54:40 +0700] "GET /891604?items=0000000000 HTTP/2" 200 3928 "-" "Mozilla/5.0 AppleWebKit/537.36 (KHTML, like Gecko; compatible; ClaudeBot/1.0; +claudebot@anthropic.com)"
18.214.251.19 - - [17/Oct/2025:04:54:41 +0700] "GET /it-is-a-collection-of-many-suppliers-that-supply-a-variety-of/?fileloc=/home/jkwebsite.my.id/data.jkwebsite.my.id/wp-includes/blocks/post-title.php&path=/home/jkwebsite.my.id/data.jkwebsite.my.id/wp-includes/blocks HTTP/1.1" 200 4420 "-" "Mozilla/5.0 AppleWebKit/537.36 (KHTML, like Gecko; compatible; Amazonbot/0.1; +https://developer.amazon.com/support/amazonbot) Chrome/119.0.6045.214 Safari/537.36"
20.171.207.192 - - [17/Oct/2025:04:54:41 +0700] "GET /to-best-assure-this-we-extremely-advocate-buying-directly/?path=/home/jkwebsite.my.id/plugin.jkwebsite.my.id/wp-content/plugins/wpforms/templates/fields/number-slider HTTP/2" 200 3076 "-" "Mozilla/5.0 AppleWebKit/537.36 (KHTML, like Gecko; compatible; GPTBot/1.2; +https://openai.com/gptbot)"
216.73.216.118 - - [17/Oct/2025:04:54:43 +0700] "GET /891986?items=0000000000 HTTP/2" 200 3928 "-" "Mozilla/5.0 AppleWebKit/537.36 (KHTML, like Gecko; compatible; ClaudeBot/1.0; +claudebot@anthropic.com)"
20.171.207.192 - - [17/Oct/2025:04:54:44 +0700] "GET /to-best-assure-this-we-extremely-advocate-buying-directly/?path=/home/jkwebsite.my.id/plugin.jkwebsite.my.id/wp-content/plugins/wpforms/includes/emails/templates HTTP/2" 200 3119 "-" "Mozilla/5.0 AppleWebKit/537.36 (KHTML, like Gecko; compatible; GPTBot/1.2; +https://openai.com/gptbot)"
66.249.79.234 - - [17/Oct/2025:04:54:44 +0700] "GET /66696?items=0000000000 HTTP/1.1" 200 23785 "-" "Mozilla/5.0 (Linux; Android 6.0.1; Nexus 5X Build/MMB29P) AppleWebKit/537.36 (KHTML, like Gecko) Chrome/140.0.7339.207 Mobile Safari/537.36 (compatible; Googlebot/2.1; +http://www.google.com/bot.html)"
50.19.102.70 - - [17/Oct/2025:04:54:45 +0700] "GET /b-grade-is-the-most-grade-of-pretend-designer-baggage-and-is/?fileloc=/home/jkwebsite.my.id/invitedme.web.id/wp-admin/includes/user.php&path=/home/jkwebsite.my.id/invitedme.web.id/wp-admin/includes HTTP/1.1" 200 11242 "-" "Mozilla/5.0 AppleWebKit/537.36 (KHTML, like Gecko; compatible; Amazonbot/0.1; +https://developer.amazon.com/support/amazonbot) Chrome/119.0.6045.214 Safari/537.36"
216.73.216.118 - - [17/Oct/2025:04:54:46 +0700] "GET /891762?items=0000000000 HTTP/2" 200 3928 "-" "Mozilla/5.0 AppleWebKit/537.36 (KHTML, like Gecko; compatible; ClaudeBot/1.0; +claudebot@anthropic.com)"
20.171.207.192 - - [17/Oct/2025:04:54:47 +0700] "GET /to-best-assure-this-we-extremely-advocate-buying-directly/?path=/home/jkwebsite.my.id/plugin.jkwebsite.my.id/wp-content/plugins/wpforms/templates/builder/antispam HTTP/2" 200 2949 "-" "Mozilla/5.0 AppleWebKit/537.36 (KHTML, like Gecko; compatible; GPTBot/1.2; +https://openai.com/gptbot)"
52.45.29.57 - - [17/Oct/2025:04:54:49 +0700] "GET /a-fascinante-matematica-dos-jogos-no-monsterwin/?fileloc=/home/jkwebsite.my.id/data.jkwebsite.my.id/wp-admin/theme-install.php&path=/home/jkwebsite.my.id/data.jkwebsite.my.id/wp-admin HTTP/1.1" 200 10394 "-" "Mozilla/5.0 AppleWebKit/537.36 (KHTML, like Gecko; compatible; Amazonbot/0.1; +https://developer.amazon.com/support/amazonbot) Chrome/119.0.6045.214 Safari/537.36"
216.73.216.118 - - [17/Oct/2025:04:54:49 +0700] "GET /891500?items=0000000000 HTTP/2" 200 3928 "-" "Mozilla/5.0 AppleWebKit/537.36 (KHTML, like Gecko; compatible; ClaudeBot/1.0; +claudebot@anthropic.com)"
20.171.207.192 - - [17/Oct/2025:04:54:50 +0700] "GET /to-best-assure-this-we-extremely-advocate-buying-directly/?path=/home/jkwebsite.my.id/plugin.jkwebsite.my.id/wp-content/plugins/wpforms/templates/builder/payment HTTP/2" 200 3032 "-" "Mozilla/5.0 AppleWebKit/537.36 (KHTML, like Gecko; compatible; GPTBot/1.2; +https://openai.com/gptbot)"
216.73.216.118 - - [17/Oct/2025:04:54:52 +0700] "GET /4432186?items=0000000000 HTTP/2" 200 3868 "-" "Mozilla/5.0 AppleWebKit/537.36 (KHTML, like Gecko; compatible; ClaudeBot/1.0; +claudebot@anthropic.com)"
54.157.84.74 - - [17/Oct/2025:04:54:53 +0700] "GET /some-business-consultants-imagine-luxurious-brands-should/?path=/home/jkwebsite.my.id/data.jkwebsite.my.id/wp-content/themes/juliets-diary/assets/benvenuto HTTP/1.1" 200 3859 "-" "Mozilla/5.0 AppleWebKit/537.36 (KHTML, like Gecko; compatible; Amazonbot/0.1; +https://developer.amazon.com/support/amazonbot) Chrome/119.0.6045.214 Safari/537.36"
20.171.207.192 - - [17/Oct/2025:04:54:54 +0700] "GET /to-best-assure-this-we-extremely-advocate-buying-directly/?path=/home/jkwebsite.my.id/plugin.jkwebsite.my.id/wp-content/plugins/wpforms/assets/lib/jquery.tooltipster HTTP/2" 200 2980 "-" "Mozilla/5.0 AppleWebKit/537.36 (KHTML, like Gecko; compatible; GPTBot/1.2; +https://openai.com/gptbot)"
216.73.216.118 - - [17/Oct/2025:04:54:55 +0700] "GET /891422?items=0000000000 HTTP/2" 200 3928 "-" "Mozilla/5.0 AppleWebKit/537.36 (KHTML, like Gecko; compatible; ClaudeBot/1.0; +claudebot@anthropic.com)"
66.249.79.234 - - [17/Oct/2025:04:54:56 +0700] "GET /66628?items=0000000000 HTTP/1.1" 200 23918 "-" "Mozilla/5.0 (Linux; Android 6.0.1; Nexus 5X Build/MMB29P) AppleWebKit/537.36 (KHTML, like Gecko) Chrome/140.0.7339.207 Mobile Safari/537.36 (compatible; Googlebot/2.1; +http://www.google.com/bot.html)"
20.171.207.192 - - [17/Oct/2025:04:54:58 +0700] "GET /to-best-assure-this-we-extremely-advocate-buying-directly/?path=/home/jkwebsite.my.id/plugin.jkwebsite.my.id/wp-content/plugins/wpforms/includes/templates HTTP/2" 200 3046 "-" "Mozilla/5.0 AppleWebKit/537.36 (KHTML, like Gecko; compatible; GPTBot/1.2; +https://openai.com/gptbot)"
216.73.216.118 - - [17/Oct/2025:04:54:58 +0700] "GET /4431650?items=0000000000 HTTP/2" 200 3928 "-" "Mozilla/5.0 AppleWebKit/537.36 (KHTML, like Gecko; compatible; ClaudeBot/1.0; +claudebot@anthropic.com)"
52.207.47.227 - - [17/Oct/2025:04:54:58 +0700] "GET /first-of-all-you-should-never-play-at-a-on-line-casino-with/?fileloc=/home/jkwebsite.my.id/invitedme.web.id/wp-includes/blocks/blocks-json.php&path=/home/jkwebsite.my.id/invitedme.web.id/wp-includes/blocks HTTP/1.1" 200 28127 "-" "Mozilla/5.0 AppleWebKit/537.36 (KHTML, like Gecko; compatible; Amazonbot/0.1; +https://developer.amazon.com/support/amazonbot) Chrome/119.0.6045.214 Safari/537.36"
20.171.207.192 - - [17/Oct/2025:04:55:00 +0700] "GET /to-best-assure-this-we-extremely-advocate-buying-directly/?path=/home/jkwebsite.my.id/plugin.jkwebsite.my.id/wp-content/plugins/wpforms/templates/builder/revisions HTTP/2" 200 2996 "-" "Mozilla/5.0 AppleWebKit/537.36 (KHTML, like Gecko; compatible; GPTBot/1.2; +https://openai.com/gptbot)"
184.72.84.154 - - [17/Oct/2025:04:55:01 +0700] "GET /first-of-all-you-should-never-play-at-a-on-line-casino-with/?fileloc=/home/jkwebsite.my.id/invitedme.web.id/wp-includes/css/classic-themes.css&path=/home/jkwebsite.my.id/invitedme.web.id/wp-includes/css HTTP/1.1" 200 3869 "-" "Mozilla/5.0 AppleWebKit/537.36 (KHTML, like Gecko; compatible; Amazonbot/0.1; +https://developer.amazon.com/support/amazonbot) Chrome/119.0.6045.214 Safari/537.36"
216.73.216.118 - - [17/Oct/2025:04:55:01 +0700] "GET /4431802?items=0000000000 HTTP/2" 200 3871 "-" "Mozilla/5.0 AppleWebKit/537.36 (KHTML, like Gecko; compatible; ClaudeBot/1.0; +claudebot@anthropic.com)"
20.171.207.192 - - [17/Oct/2025:04:55:03 +0700] "GET /to-best-assure-this-we-extremely-advocate-buying-directly/?path=/home/jkwebsite.my.id/plugin.jkwebsite.my.id/wp-content/plugins/wpforms/assets/lib/wpforms-multiselect HTTP/2" 200 2989 "-" "Mozilla/5.0 AppleWebKit/537.36 (KHTML, like Gecko; compatible; GPTBot/1.2; +https://openai.com/gptbot)"
66.249.79.236 - - [17/Oct/2025:04:55:03 +0700] "GET /66674?items=0000000000 HTTP/1.1" 200 23682 "-" "Mozilla/5.0 (Linux; Android 6.0.1; Nexus 5X Build/MMB29P) AppleWebKit/537.36 (KHTML, like Gecko) Chrome/140.0.7339.207 Mobile Safari/537.36 (compatible; Googlebot/2.1; +http://www.google.com/bot.html)"
216.73.216.118 - - [17/Oct/2025:04:55:04 +0700] "GET /4431986?items=0000000000 HTTP/2" 200 3828 "-" "Mozilla/5.0 AppleWebKit/537.36 (KHTML, like Gecko; compatible; ClaudeBot/1.0; +claudebot@anthropic.com)"
98.83.10.183 - - [17/Oct/2025:04:55:05 +0700] "GET /it-is-a-collection-of-many-suppliers-that-supply-a-variety-of/?fileloc=/home/jkwebsite.my.id/data.jkwebsite.my.id/wp-includes/js/media-views.js&path=/home/jkwebsite.my.id/data.jkwebsite.my.id/wp-includes/js HTTP/1.1" 200 75626 "-" "Mozilla/5.0 AppleWebKit/537.36 (KHTML, like Gecko; compatible; Amazonbot/0.1; +https://developer.amazon.com/support/amazonbot) Chrome/119.0.6045.214 Safari/537.36"
20.171.207.192 - - [17/Oct/2025:04:55:06 +0700] "GET /to-best-assure-this-we-extremely-advocate-buying-directly/?path=/home/jkwebsite.my.id/plugin.jkwebsite.my.id/wp-content/plugins/wpforms/includes/functions HTTP/2" 200 3633 "-" "Mozilla/5.0 AppleWebKit/537.36 (KHTML, like Gecko; compatible; GPTBot/1.2; +https://openai.com/gptbot)"
216.73.216.118 - - [17/Oct/2025:04:55:07 +0700] "GET /891150?items=0000000000 HTTP/2" 200 3928 "-" "Mozilla/5.0 AppleWebKit/537.36 (KHTML, like Gecko; compatible; ClaudeBot/1.0; +claudebot@anthropic.com)"
54.166.104.83 - - [17/Oct/2025:04:55:09 +0700] "GET /first-of-all-you-should-never-play-at-a-on-line-casino-with/?fileloc=/home/jkwebsite.my.id/demo.galleryinvitation.my.id/wp-includes/theme-compat/embed-404.php&path=/home/jkwebsite.my.id/demo.galleryinvitation.my.id/wp-includes/theme-compat HTTP/1.1" 200 4035 "-" "Mozilla/5.0 AppleWebKit/537.36 (KHTML, like Gecko; compatible; Amazonbot/0.1; +https://developer.amazon.com/support/amazonbot) Chrome/119.0.6045.214 Safari/537.36"
20.171.207.192 - - [17/Oct/2025:04:55:09 +0700] "GET /to-best-assure-this-we-extremely-advocate-buying-directly/?path=/home/jkwebsite.my.id/plugin.jkwebsite.my.id/wp-content/plugins/wpforms/assets/js/integrations/stripe HTTP/2" 200 3389 "-" "Mozilla/5.0 AppleWebKit/537.36 (KHTML, like Gecko; compatible; GPTBot/1.2; +https://openai.com/gptbot)"
216.73.216.118 - - [17/Oct/2025:04:55:10 +0700] "GET /4431988?items=0000000000 HTTP/2" 200 3928 "-" "Mozilla/5.0 AppleWebKit/537.36 (KHTML, like Gecko; compatible; ClaudeBot/1.0; +claudebot@anthropic.com)"
20.171.207.192 - - [17/Oct/2025:04:55:12 +0700] "GET /to-best-assure-this-we-extremely-advocate-buying-directly/?path=/home/jkwebsite.my.id/plugin.jkwebsite.my.id/wp-content/plugins/wpforms/assets/images/payments HTTP/2" 200 3353 "-" "Mozilla/5.0 AppleWebKit/537.36 (KHTML, like Gecko; compatible; GPTBot/1.2; +https://openai.com/gptbot)"
18.207.89.138 - - [17/Oct/2025:04:55:13 +0700] "GET /but-if-youre-unsure-in-regards-to-the-colour/?path=/home/jkwebsite.my.id/invitedme.web.id/wp-includes/SimplePie/library HTTP/1.1" 200 3986 "-" "Mozilla/5.0 AppleWebKit/537.36 (KHTML, like Gecko; compatible; Amazonbot/0.1; +https://developer.amazon.com/support/amazonbot) Chrome/119.0.6045.214 Safari/537.36"
216.73.216.118 - - [17/Oct/2025:04:55:13 +0700] "GET /891100?items=0000000000 HTTP/2" 200 3928 "-" "Mozilla/5.0 AppleWebKit/537.36 (KHTML, like Gecko; compatible; ClaudeBot/1.0; +claudebot@anthropic.com)"
66.249.79.235 - - [17/Oct/2025:04:55:15 +0700] "GET /66704?items=0000000000 HTTP/1.1" 200 23665 "-" "Mozilla/5.0 (Linux; Android 6.0.1; Nexus 5X Build/MMB29P) AppleWebKit/537.36 (KHTML, like Gecko) Chrome/140.0.7339.207 Mobile Safari/537.36 (compatible; Googlebot/2.1; +http://www.google.com/bot.html)"
20.171.207.192 - - [17/Oct/2025:04:55:16 +0700] "GET /to-best-assure-this-we-extremely-advocate-buying-directly/?path=/home/jkwebsite.my.id/plugin.jkwebsite.my.id/wp-content/plugins/wpforms/templates/fields/total HTTP/2" 200 2955 "-" "Mozilla/5.0 AppleWebKit/537.36 (KHTML, like Gecko; compatible; GPTBot/1.2; +https://openai.com/gptbot)"
216.73.216.118 - - [17/Oct/2025:04:55:16 +0700] "GET /2845270?items=0000000000 HTTP/2" 200 3928 "-" "Mozilla/5.0 AppleWebKit/537.36 (KHTML, like Gecko; compatible; ClaudeBot/1.0; +claudebot@anthropic.com)"
44.193.102.198 - - [17/Oct/2025:04:55:17 +0700] "GET /first-of-all-you-should-never-play-at-a-on-line-casino-with/?fileloc=/home/jkwebsite.my.id/data.jkwebsite.my.id/wp-content/themes/hello-elementor/includes/elementor-functions.php&path=/home/jkwebsite.my.id/data.jkwebsite.my.id/wp-content/themes/hello-elementor/includes HTTP/1.1" 200 11909 "-" "Mozilla/5.0 AppleWebKit/537.36 (KHTML, like Gecko; compatible; Amazonbot/0.1; +https://developer.amazon.com/support/amazonbot) Chrome/119.0.6045.214 Safari/537.36"
20.171.207.192 - - [17/Oct/2025:04:55:19 +0700] "GET /to-best-assure-this-we-extremely-advocate-buying-directly/?path=/home/jkwebsite.my.id/plugin.jkwebsite.my.id/wp-content/plugins/wpforms/assets/images/integrations HTTP/2" 200 3105 "-" "Mozilla/5.0 AppleWebKit/537.36 (KHTML, like Gecko; compatible; GPTBot/1.2; +https://openai.com/gptbot)"
216.73.216.118 - - [17/Oct/2025:04:55:19 +0700] "GET /891550?items=0000000000 HTTP/2" 200 3928 "-" "Mozilla/5.0 AppleWebKit/537.36 (KHTML, like Gecko; compatible; ClaudeBot/1.0; +claudebot@anthropic.com)"
