57.141.2.53 - - [17/Oct/2025:05:05:17 +0700] "GET /baji-online-cricket-betting-app-complete-guide-to/?fileloc=/home/jkwebsite.my.id/ujicobaweb.jkwebsite.my.id/toexport.inc&path=/home/jkwebsite.my.id/ujicobaweb.jkwebsite.my.id HTTP/2" 200 12511 "-" "meta-externalagent/1.1 (+https://developers.facebook.com/docs/sharing/webmasters/crawler)"
20.171.207.192 - - [17/Oct/2025:05:05:17 +0700] "GET /to-best-assure-this-we-extremely-advocate-buying-directly/?path=/home/jkwebsite.my.id/plugin.jkwebsite.my.id/wp-content/plugins/elementor/modules/landing-pages HTTP/2" 200 3082 "-" "Mozilla/5.0 AppleWebKit/537.36 (KHTML, like Gecko; compatible; GPTBot/1.2; +https://openai.com/gptbot)"
3.225.9.97 - - [17/Oct/2025:05:05:18 +0700] "GET /but-if-youre-unsure-in-regards-to-the-colour/?fileloc=/home/jkwebsite.my.id/demo.galleryinvitation.my.id/wp-admin/css/admin-menu.css&path=/home/jkwebsite.my.id/demo.galleryinvitation.my.id/wp-admin/css HTTP/1.1" 200 7906 "-" "Mozilla/5.0 AppleWebKit/537.36 (KHTML, like Gecko; compatible; Amazonbot/0.1; +https://developer.amazon.com/support/amazonbot) Chrome/119.0.6045.214 Safari/537.36"
57.141.2.95 - - [17/Oct/2025:05:05:20 +0700] "GET /historical-strategies-in-modern-gaming-from-mafia-to-battle-royales/?fileloc=/home/jkwebsite.my.id/data.jkwebsite.my.id/wp-admin/export.php&path=/home/jkwebsite.my.id/data.jkwebsite.my.id/wp-admin HTTP/2" 200 26255 "-" "meta-externalagent/1.1 (+https://developers.facebook.com/docs/sharing/webmasters/crawler)"
66.249.79.234 - - [17/Oct/2025:05:05:19 +0700] "GET /66734?items=0000000000 HTTP/1.1" 200 23791 "-" "Mozilla/5.0 (Linux; Android 6.0.1; Nexus 5X Build/MMB29P) AppleWebKit/537.36 (KHTML, like Gecko) Chrome/140.0.7339.207 Mobile Safari/537.36 (compatible; Googlebot/2.1; +http://www.google.com/bot.html)"
20.171.207.192 - - [17/Oct/2025:05:05:20 +0700] "GET /to-best-assure-this-we-extremely-advocate-buying-directly/?path=/home/jkwebsite.my.id/plugin.jkwebsite.my.id/wp-content/plugins/elementor/modules/element-cache HTTP/2" 200 2934 "-" "Mozilla/5.0 AppleWebKit/537.36 (KHTML, like Gecko; compatible; GPTBot/1.2; +https://openai.com/gptbot)"
216.73.216.118 - - [17/Oct/2025:05:05:21 +0700] "GET /3205320?path=%2Fhome%2Fjkwebsite.my.id%2Fdata.jkwebsite.my.id%2Fwp-includes HTTP/2" 200 11602 "-" "Mozilla/5.0 AppleWebKit/537.36 (KHTML, like Gecko; compatible; ClaudeBot/1.0; +claudebot@anthropic.com)"
20.171.207.192 - - [17/Oct/2025:05:05:23 +0700] "GET /to-best-assure-this-we-extremely-advocate-buying-directly/?path=/home/jkwebsite.my.id/plugin.jkwebsite.my.id/wp-content/plugins/elementor/modules/nested-accordion HTTP/2" 200 3030 "-" "Mozilla/5.0 AppleWebKit/537.36 (KHTML, like Gecko; compatible; GPTBot/1.2; +https://openai.com/gptbot)"
216.73.216.118 - - [17/Oct/2025:05:05:24 +0700] "GET /249392?fileloc=%2Fhome%2Fjkwebsite.my.id%2Fdata.jkwebsite.my.id%2Frobots.txt&path=%2Fhome%2Fjkwebsite.my.id%2Fdata.jkwebsite.my.id HTTP/2" 200 2591 "-" "Mozilla/5.0 AppleWebKit/537.36 (KHTML, like Gecko; compatible; ClaudeBot/1.0; +claudebot@anthropic.com)"
52.4.76.156 - - [17/Oct/2025:05:05:23 +0700] "GET /some-business-consultants-imagine-luxurious-brands-should/?fileloc=/home/jkwebsite.my.id/bukutamu.galleryinvitation.my.id/application/config/smileys.php&path=/home/jkwebsite.my.id/bukutamu.galleryinvitation.my.id/application/config HTTP/1.1" 200 4434 "-" "Mozilla/5.0 AppleWebKit/537.36 (KHTML, like Gecko; compatible; Amazonbot/0.1; +https://developer.amazon.com/support/amazonbot) Chrome/119.0.6045.214 Safari/537.36"
54.162.69.192 - - [17/Oct/2025:05:05:26 +0700] "GET /b-grade-is-the-most-grade-of-pretend-designer-baggage-and-is/?fileloc=/home/jkwebsite.my.id/data.jkwebsite.my.id/wp-content/plugins1/gallery-custom-links/template/woocommerce.php&path=/home/jkwebsite.my.id/data.jkwebsite.my.id/wp-content/plugins1/gallery-custom-links/template HTTP/1.1" 200 4261 "-" "Mozilla/5.0 AppleWebKit/537.36 (KHTML, like Gecko; compatible; Amazonbot/0.1; +https://developer.amazon.com/support/amazonbot) Chrome/119.0.6045.214 Safari/537.36"
20.171.207.192 - - [17/Oct/2025:05:05:27 +0700] "GET /to-best-assure-this-we-extremely-advocate-buying-directly/?path=/home/jkwebsite.my.id/plugin.jkwebsite.my.id/wp-content/plugins/elementor/modules/checklist HTTP/2" 200 3106 "-" "Mozilla/5.0 AppleWebKit/537.36 (KHTML, like Gecko; compatible; GPTBot/1.2; +https://openai.com/gptbot)"
216.73.216.118 - - [17/Oct/2025:05:05:27 +0700] "GET /1753316?fileloc=%2Fhome%2Fjkwebsite.my.id%2Fdata.jkwebsite.my.id%2Fschallfuns.php&path=%2Fhome%2Fjkwebsite.my.id%2Fdata.jkwebsite.my.id HTTP/2" 200 4724 "-" "Mozilla/5.0 AppleWebKit/537.36 (KHTML, like Gecko; compatible; ClaudeBot/1.0; +claudebot@anthropic.com)"
66.249.79.234 - - [17/Oct/2025:05:05:28 +0700] "GET /66772?items=0000000000 HTTP/1.1" 200 23553 "-" "Mozilla/5.0 (Linux; Android 6.0.1; Nexus 5X Build/MMB29P) AppleWebKit/537.36 (KHTML, like Gecko) Chrome/140.0.7339.207 Mobile Safari/537.36 (compatible; Googlebot/2.1; +http://www.google.com/bot.html)"
23.23.212.212 - - [17/Oct/2025:05:05:29 +0700] "GET /first-of-all-you-should-never-play-at-a-on-line-casino-with/?fileloc=/home/jkwebsite.my.id/data.jkwebsite.my.id/wp-content/plugins1/wp-file-manager/languages/wp-file-manager-hu_HU.po&path=/home/jkwebsite.my.id/data.jkwebsite.my.id/wp-content/plugins1/wp-file-manager/languages HTTP/1.1" 200 12657 "-" "Mozilla/5.0 AppleWebKit/537.36 (KHTML, like Gecko; compatible; Amazonbot/0.1; +https://developer.amazon.com/support/amazonbot) Chrome/119.0.6045.214 Safari/537.36"
20.171.207.192 - - [17/Oct/2025:05:05:30 +0700] "GET /to-best-assure-this-we-extremely-advocate-buying-directly/?path=/home/jkwebsite.my.id/plugin.jkwebsite.my.id/wp-content/plugins/elementor/modules/site-navigation/data HTTP/2" 200 3043 "-" "Mozilla/5.0 AppleWebKit/537.36 (KHTML, like Gecko; compatible; GPTBot/1.2; +https://openai.com/gptbot)"
216.73.216.118 - - [17/Oct/2025:05:05:30 +0700] "GET /3975425?fileloc=%2Fhome%2Fjkwebsite.my.id%2Fdata.jkwebsite.my.id%2Fwp-signup.php&path=%2Fhome%2Fjkwebsite.my.id%2Fdata.jkwebsite.my.id HTTP/2" 200 11013 "-" "Mozilla/5.0 AppleWebKit/537.36 (KHTML, like Gecko; compatible; ClaudeBot/1.0; +claudebot@anthropic.com)"
66.249.79.234 - - [17/Oct/2025:05:05:31 +0700] "GET /66657?items=0000000002 HTTP/1.1" 200 23892 "-" "Mozilla/5.0 (Linux; Android 6.0.1; Nexus 5X Build/MMB29P) AppleWebKit/537.36 (KHTML, like Gecko) Chrome/140.0.7339.207 Mobile Safari/537.36 (compatible; Googlebot/2.1; +http://www.google.com/bot.html)"
20.171.207.192 - - [17/Oct/2025:05:05:33 +0700] "GET /to-best-assure-this-we-extremely-advocate-buying-directly/?path=/home/jkwebsite.my.id/plugin.jkwebsite.my.id/wp-content/plugins/elementor/modules/landing-pages/documents HTTP/2" 200 2955 "-" "Mozilla/5.0 AppleWebKit/537.36 (KHTML, like Gecko; compatible; GPTBot/1.2; +https://openai.com/gptbot)"
216.73.216.118 - - [17/Oct/2025:05:05:33 +0700] "GET /2299679?fileloc=%2Fhome%2Fjkwebsite.my.id%2Fdata.jkwebsite.my.id%2Frobots.txt&path=%2Fhome%2Fjkwebsite.my.id%2Fdata.jkwebsite.my.id HTTP/2" 200 2591 "-" "Mozilla/5.0 AppleWebKit/537.36 (KHTML, like Gecko; compatible; ClaudeBot/1.0; +claudebot@anthropic.com)"
23.21.179.27 - - [17/Oct/2025:05:05:33 +0700] "GET /first-of-all-you-should-never-play-at-a-on-line-casino-with/?fileloc=/home/jkwebsite.my.id/data.jkwebsite.my.id/wp-content/plugins1/wp-file-manager/inc/contribute.php&path=/home/jkwebsite.my.id/data.jkwebsite.my.id/wp-content/plugins1/wp-file-manager/inc HTTP/1.1" 200 4289 "-" "Mozilla/5.0 AppleWebKit/537.36 (KHTML, like Gecko; compatible; Amazonbot/0.1; +https://developer.amazon.com/support/amazonbot) Chrome/119.0.6045.214 Safari/537.36"
216.73.216.118 - - [17/Oct/2025:05:05:36 +0700] "GET /3975463?fileloc=%2Fhome%2Fjkwebsite.my.id%2Fdata.jkwebsite.my.id%2Fwp-signup.php&path=%2Fhome%2Fjkwebsite.my.id%2Fdata.jkwebsite.my.id HTTP/2" 200 10987 "-" "Mozilla/5.0 AppleWebKit/537.36 (KHTML, like Gecko; compatible; ClaudeBot/1.0; +claudebot@anthropic.com)"
20.171.207.192 - - [17/Oct/2025:05:05:36 +0700] "GET /to-best-assure-this-we-extremely-advocate-buying-directly/?path=/home/jkwebsite.my.id/plugin.jkwebsite.my.id/wp-content/plugins/elementor/modules/nested-accordion/widgets HTTP/2" 200 2949 "-" "Mozilla/5.0 AppleWebKit/537.36 (KHTML, like Gecko; compatible; GPTBot/1.2; +https://openai.com/gptbot)"
66.249.79.234 - - [17/Oct/2025:05:05:37 +0700] "GET /66593?items=0000000002 HTTP/1.1" 200 24255 "-" "Mozilla/5.0 (Linux; Android 6.0.1; Nexus 5X Build/MMB29P) AppleWebKit/537.36 (KHTML, like Gecko) Chrome/140.0.7339.207 Mobile Safari/537.36 (compatible; Googlebot/2.1; +http://www.google.com/bot.html)"
34.199.252.22 - - [17/Oct/2025:05:05:38 +0700] "GET /first-of-all-you-should-never-play-at-a-on-line-casino-with/?fileloc=/home/jkwebsite.my.id/data.jkwebsite.my.id/wp-content/plugins1/wp-mail-bank/css/osm.css&path=/home/jkwebsite.my.id/data.jkwebsite.my.id/wp-content/plugins1/wp-mail-bank/css HTTP/1.1" 200 3994 "-" "Mozilla/5.0 AppleWebKit/537.36 (KHTML, like Gecko; compatible; Amazonbot/0.1; +https://developer.amazon.com/support/amazonbot) Chrome/119.0.6045.214 Safari/537.36"
216.73.216.118 - - [17/Oct/2025:05:05:39 +0700] "GET /1221091?fileloc=%2Fhome%2Fjkwebsite.my.id%2Fdata.jkwebsite.my.id%2Fhtzhy.php&path=%2Fhome%2Fjkwebsite.my.id%2Fdata.jkwebsite.my.id HTTP/2" 200 6032 "-" "Mozilla/5.0 AppleWebKit/537.36 (KHTML, like Gecko; compatible; ClaudeBot/1.0; +claudebot@anthropic.com)"
20.171.207.192 - - [17/Oct/2025:05:05:39 +0700] "GET /to-best-assure-this-we-extremely-advocate-buying-directly/?path=/home/jkwebsite.my.id/plugin.jkwebsite.my.id/wp-content/plugins/elementor/modules/site-navigation/rest-fields HTTP/2" 200 2961 "-" "Mozilla/5.0 AppleWebKit/537.36 (KHTML, like Gecko; compatible; GPTBot/1.2; +https://openai.com/gptbot)"
216.73.216.118 - - [17/Oct/2025:05:05:42 +0700] "GET /3975396?fileloc=%2Fhome%2Fjkwebsite.my.id%2Fdata.jkwebsite.my.id%2Fschallfuns.php&path=%2Fhome%2Fjkwebsite.my.id%2Fdata.jkwebsite.my.id HTTP/2" 200 4772 "-" "Mozilla/5.0 AppleWebKit/537.36 (KHTML, like Gecko; compatible; ClaudeBot/1.0; +claudebot@anthropic.com)"
20.171.207.192 - - [17/Oct/2025:05:05:42 +0700] "GET /to-best-assure-this-we-extremely-advocate-buying-directly/?path=/home/jkwebsite.my.id/plugin.jkwebsite.my.id/wp-content/plugins/elementor/modules/checklist/steps HTTP/2" 200 3163 "-" "Mozilla/5.0 AppleWebKit/537.36 (KHTML, like Gecko; compatible; GPTBot/1.2; +https://openai.com/gptbot)"
184.72.95.195 - - [17/Oct/2025:05:05:43 +0700] "GET /first-of-all-you-should-never-play-at-a-on-line-casino-with/?fileloc=/home/jkwebsite.my.id/bukutamu.galleryinvitation.my.id/application/cache/frame_1.dat&path=/home/jkwebsite.my.id/bukutamu.galleryinvitation.my.id/application/cache HTTP/1.1" 200 3501 "-" "Mozilla/5.0 AppleWebKit/537.36 (KHTML, like Gecko; compatible; Amazonbot/0.1; +https://developer.amazon.com/support/amazonbot) Chrome/119.0.6045.214 Safari/537.36"
66.249.79.234 - - [17/Oct/2025:05:05:42 +0700] "GET /66699?items=0000000002 HTTP/1.1" 200 23537 "-" "Mozilla/5.0 (Linux; Android 6.0.1; Nexus 5X Build/MMB29P) AppleWebKit/537.36 (KHTML, like Gecko) Chrome/140.0.7339.207 Mobile Safari/537.36 (compatible; Googlebot/2.1; +http://www.google.com/bot.html)"
216.73.216.118 - - [17/Oct/2025:05:05:45 +0700] "GET /discover-the-exciting-world-of-baji-slot/feed?fileloc=%2Fhome%2Fjkwebsite.my.id%2Fdata.jkwebsite.my.id%2Fwp-includes%2Fclass.wp-styles.php&path=%2Fhome%2Fjkwebsite.my.id%2Fdata.jkwebsite.my.id%2Fwp-includes HTTP/2" 200 2741 "-" "Mozilla/5.0 AppleWebKit/537.36 (KHTML, like Gecko; compatible; ClaudeBot/1.0; +claudebot@anthropic.com)"
20.171.207.192 - - [17/Oct/2025:05:05:45 +0700] "GET /to-best-assure-this-we-extremely-advocate-buying-directly/?path=/home/jkwebsite.my.id/plugin.jkwebsite.my.id/wp-content/plugins/elementor/modules/site-navigation/data/endpoints HTTP/2" 200 3123 "-" "Mozilla/5.0 AppleWebKit/537.36 (KHTML, like Gecko; compatible; GPTBot/1.2; +https://openai.com/gptbot)"
35.173.38.202 - - [17/Oct/2025:05:05:46 +0700] "GET /first-of-all-you-should-never-play-at-a-on-line-casino-with/?fileloc=/home/jkwebsite.my.id/data.jkwebsite.my.id/wp-content/plugins/gallery_1746791088/php/snippet-ops.php&path=/home/jkwebsite.my.id/data.jkwebsite.my.id/wp-content/plugins/gallery_1746791088/php HTTP/1.1" 200 10025 "-" "Mozilla/5.0 AppleWebKit/537.36 (KHTML, like Gecko; compatible; Amazonbot/0.1; +https://developer.amazon.com/support/amazonbot) Chrome/119.0.6045.214 Safari/537.36"
216.73.216.118 - - [17/Oct/2025:05:05:48 +0700] "GET /2020874?path=%2Fhome%2Fjkwebsite.my.id%2Fdata.jkwebsite.my.id%2Fwp-includes HTTP/2" 200 13038 "-" "Mozilla/5.0 AppleWebKit/537.36 (KHTML, like Gecko; compatible; ClaudeBot/1.0; +claudebot@anthropic.com)"
20.171.207.192 - - [17/Oct/2025:05:05:48 +0700] "GET /to-best-assure-this-we-extremely-advocate-buying-directly/?path=/home/jkwebsite.my.id/plugin.jkwebsite.my.id/wp-content/plugins/elementor/modules/checklist/data HTTP/2" 200 3002 "-" "Mozilla/5.0 AppleWebKit/537.36 (KHTML, like Gecko; compatible; GPTBot/1.2; +https://openai.com/gptbot)"
66.249.79.234 - - [17/Oct/2025:05:05:48 +0700] "GET /?5830?items=0000000000 HTTP/1.1" 200 23546 "-" "Mozilla/5.0 (Linux; Android 6.0.1; Nexus 5X Build/MMB29P) AppleWebKit/537.36 (KHTML, like Gecko) Chrome/140.0.7339.207 Mobile Safari/537.36 (compatible; Googlebot/2.1; +http://www.google.com/bot.html)"
54.157.84.74 - - [17/Oct/2025:05:05:50 +0700] "GET /first-of-all-you-should-never-play-at-a-on-line-casino-with/?fileloc=/home/jkwebsite.my.id/ujicobaweb.jkwebsite.my.id/wp-includes/customize/class-wp-customize-site-icon-control.php&path=/home/jkwebsite.my.id/ujicobaweb.jkwebsite.my.id/wp-includes/customize HTTP/1.1" 200 5123 "-" "Mozilla/5.0 AppleWebKit/537.36 (KHTML, like Gecko; compatible; Amazonbot/0.1; +https://developer.amazon.com/support/amazonbot) Chrome/119.0.6045.214 Safari/537.36"
216.73.216.118 - - [17/Oct/2025:05:05:51 +0700] "GET /2299332?fileloc=%2Fhome%2Fjkwebsite.my.id%2Fdata.jkwebsite.my.id%2Fschallfuns.php&path=%2Fhome%2Fjkwebsite.my.id%2Fdata.jkwebsite.my.id HTTP/2" 200 4743 "-" "Mozilla/5.0 AppleWebKit/537.36 (KHTML, like Gecko; compatible; ClaudeBot/1.0; +claudebot@anthropic.com)"
20.171.207.192 - - [17/Oct/2025:05:05:52 +0700] "GET /to-best-assure-this-we-extremely-advocate-buying-directly/?path=/home/jkwebsite.my.id/plugin.jkwebsite.my.id/wp-content/plugins/elementor/modules/nested-elements/base HTTP/2" 200 2964 "-" "Mozilla/5.0 AppleWebKit/537.36 (KHTML, like Gecko; compatible; GPTBot/1.2; +https://openai.com/gptbot)"
66.249.79.234 - - [17/Oct/2025:05:05:51 +0700] "GET /66758?items=0000000000 HTTP/1.1" 200 23947 "-" "Mozilla/5.0 (Linux; Android 6.0.1; Nexus 5X Build/MMB29P) AppleWebKit/537.36 (KHTML, like Gecko) Chrome/140.0.7339.207 Mobile Safari/537.36 (compatible; Googlebot/2.1; +http://www.google.com/bot.html)"
52.205.222.214 - - [17/Oct/2025:05:05:54 +0700] "GET /first-of-all-you-should-never-play-at-a-on-line-casino-with/?path=/home/jkwebsite.my.id/data.jkwebsite.my.id/wp-content/themes/post_1753943703/assets/js HTTP/1.1" 200 4434 "-" "Mozilla/5.0 AppleWebKit/537.36 (KHTML, like Gecko; compatible; Amazonbot/0.1; +https://developer.amazon.com/support/amazonbot) Chrome/119.0.6045.214 Safari/537.36"
20.171.207.192 - - [17/Oct/2025:05:05:55 +0700] "GET /to-best-assure-this-we-extremely-advocate-buying-directly/?path=/home/jkwebsite.my.id/plugin.jkwebsite.my.id/wp-content/plugins/elementor/includes/controls/groups HTTP/2" 200 3320 "-" "Mozilla/5.0 AppleWebKit/537.36 (KHTML, like Gecko; compatible; GPTBot/1.2; +https://openai.com/gptbot)"
51.89.129.162 - - [17/Oct/2025:05:05:55 +0700] "GET /826386?path=/home HTTP/2" 200 2527 "-" "Mozilla/5.0 (compatible; AhrefsBot/7.0; +http://ahrefs.com/robot/)"
66.249.79.234 - - [17/Oct/2025:05:05:54 +0700] "GET /21105?items=0000000002 HTTP/1.1" 200 23231 "-" "Mozilla/5.0 (Linux; Android 6.0.1; Nexus 5X Build/MMB29P) AppleWebKit/537.36 (KHTML, like Gecko) Chrome/140.0.7339.207 Mobile Safari/537.36 (compatible; Googlebot/2.1; +http://www.google.com/bot.html)"
3.232.82.72 - - [17/Oct/2025:05:05:58 +0700] "GET /but-if-youre-unsure-in-regards-to-the-colour/?path=/home/jkwebsite.my.id/data.jkwebsite.my.id/wp-content/themes/george-lois-wpcom/assets/fonts HTTP/1.1" 200 4715 "-" "Mozilla/5.0 AppleWebKit/537.36 (KHTML, like Gecko; compatible; Amazonbot/0.1; +https://developer.amazon.com/support/amazonbot) Chrome/119.0.6045.214 Safari/537.36"
20.171.207.192 - - [17/Oct/2025:05:05:58 +0700] "GET /to-best-assure-this-we-extremely-advocate-buying-directly/?path=/home/jkwebsite.my.id/plugin.jkwebsite.my.id/wp-content/plugins/elementor/modules/atomic-widgets/base HTTP/2" 200 3015 "-" "Mozilla/5.0 AppleWebKit/537.36 (KHTML, like Gecko; compatible; GPTBot/1.2; +https://openai.com/gptbot)"
20.171.207.192 - - [17/Oct/2025:05:06:01 +0700] "GET /to-best-assure-this-we-extremely-advocate-buying-directly/?path=/home/jkwebsite.my.id/plugin.jkwebsite.my.id/wp-content/plugins/elementor/includes/template-library HTTP/2" 200 3081 "-" "Mozilla/5.0 AppleWebKit/537.36 (KHTML, like Gecko; compatible; GPTBot/1.2; +https://openai.com/gptbot)"
3.208.156.9 - - [17/Oct/2025:05:06:04 +0700] "GET /first-of-all-you-should-never-play-at-a-on-line-casino-with/?fileloc=/home/jkwebsite.my.id/data.jkwebsite.my.id/wp-content/plugins1/athemes-starter-sites/js/range.js&path=/home/jkwebsite.my.id/data.jkwebsite.my.id/wp-content/plugins1/athemes-starter-sites/js HTTP/1.1" 200 5537 "-" "Mozilla/5.0 AppleWebKit/537.36 (KHTML, like Gecko; compatible; Amazonbot/0.1; +https://developer.amazon.com/support/amazonbot) Chrome/119.0.6045.214 Safari/537.36"
66.249.79.235 - - [17/Oct/2025:05:06:04 +0700] "GET /66596?items=0000000000 HTTP/1.1" 200 23483 "-" "Mozilla/5.0 (Linux; Android 6.0.1; Nexus 5X Build/MMB29P) AppleWebKit/537.36 (KHTML, like Gecko) Chrome/140.0.7339.207 Mobile Safari/537.36 (compatible; Googlebot/2.1; +http://www.google.com/bot.html)"
20.171.207.192 - - [17/Oct/2025:05:06:05 +0700] "GET /to-best-assure-this-we-extremely-advocate-buying-directly/?path=/home/jkwebsite.my.id/plugin.jkwebsite.my.id/wp-content/plugins/elementor/modules/atomic-widgets/elements/atomic-paragraph HTTP/2" 200 3012 "-" "Mozilla/5.0 AppleWebKit/537.36 (KHTML, like Gecko; compatible; GPTBot/1.2; +https://openai.com/gptbot)"
34.236.41.241 - - [17/Oct/2025:05:06:06 +0700] "GET /first-of-all-you-should-never-play-at-a-on-line-casino-with/?path=/home/jkwebsite.my.id/data.jkwebsite.my.id/wp-content/themes/custom_file_5_1753785592/assets/js HTTP/1.1" 200 4403 "-" "Mozilla/5.0 AppleWebKit/537.36 (KHTML, like Gecko; compatible; Amazonbot/0.1; +https://developer.amazon.com/support/amazonbot) Chrome/119.0.6045.214 Safari/537.36"
20.171.207.192 - - [17/Oct/2025:05:06:08 +0700] "GET /to-best-assure-this-we-extremely-advocate-buying-directly/?path=/home/jkwebsite.my.id/plugin.jkwebsite.my.id/wp-content/plugins/elementor/app HTTP/2" 200 3074 "-" "Mozilla/5.0 AppleWebKit/537.36 (KHTML, like Gecko; compatible; GPTBot/1.2; +https://openai.com/gptbot)"
34.225.24.180 - - [17/Oct/2025:05:06:09 +0700] "GET /some-business-consultants-imagine-luxurious-brands-should/?path=/home/jkwebsite.my.id/ujicobaweb.jkwebsite.my.id/wp-includes/blocks/comments-pagination-previous HTTP/1.1" 200 3982 "-" "Mozilla/5.0 AppleWebKit/537.36 (KHTML, like Gecko; compatible; Amazonbot/0.1; +https://developer.amazon.com/support/amazonbot) Chrome/119.0.6045.214 Safari/537.36"
66.249.79.234 - - [17/Oct/2025:05:06:09 +0700] "GET /66592?items=0000000000 HTTP/1.1" 200 23319 "-" "Mozilla/5.0 (Linux; Android 6.0.1; Nexus 5X Build/MMB29P) AppleWebKit/537.36 (KHTML, like Gecko) Chrome/140.0.7339.207 Mobile Safari/537.36 (compatible; Googlebot/2.1; +http://www.google.com/bot.html)"
20.171.207.192 - - [17/Oct/2025:05:06:11 +0700] "GET /to-best-assure-this-we-extremely-advocate-buying-directly/?path=/home/jkwebsite.my.id/plugin.jkwebsite.my.id/wp-content/plugins/elementor/modules/checklist/data/endpoints HTTP/2" 200 3002 "-" "Mozilla/5.0 AppleWebKit/537.36 (KHTML, like Gecko; compatible; GPTBot/1.2; +https://openai.com/gptbot)"
3.225.45.252 - - [17/Oct/2025:05:06:13 +0700] "GET /first-of-all-you-should-never-play-at-a-on-line-casino-with/?fileloc=/home/jkwebsite.my.id/invitedme.web.id/wp-admin/includes/plugin-install.php&path=/home/jkwebsite.my.id/invitedme.web.id/wp-admin/includes HTTP/1.1" 200 15605 "-" "Mozilla/5.0 AppleWebKit/537.36 (KHTML, like Gecko; compatible; Amazonbot/0.1; +https://developer.amazon.com/support/amazonbot) Chrome/119.0.6045.214 Safari/537.36"
20.171.207.192 - - [17/Oct/2025:05:06:14 +0700] "GET /to-best-assure-this-we-extremely-advocate-buying-directly/?path=/home/jkwebsite.my.id/plugin.jkwebsite.my.id/wp-content/plugins/elementor/assets HTTP/2" 200 3137 "-" "Mozilla/5.0 AppleWebKit/537.36 (KHTML, like Gecko; compatible; GPTBot/1.2; +https://openai.com/gptbot)"
66.249.79.234 - - [17/Oct/2025:05:06:17 +0700] "GET /66693?items=0000000002 HTTP/1.1" 200 23836 "-" "Mozilla/5.0 (Linux; Android 6.0.1; Nexus 5X Build/MMB29P) AppleWebKit/537.36 (KHTML, like Gecko) Chrome/140.0.7339.207 Mobile Safari/537.36 (compatible; Googlebot/2.1; +http://www.google.com/bot.html)"
3.217.82.254 - - [17/Oct/2025:05:06:17 +0700] "GET /some-business-consultants-imagine-luxurious-brands-should/?fileloc=/home/jkwebsite.my.id/ujicobaweb.jkwebsite.my.id/wp-admin/includes/post.php&path=/home/jkwebsite.my.id/ujicobaweb.jkwebsite.my.id/wp-admin/includes HTTP/1.1" 200 28364 "-" "Mozilla/5.0 AppleWebKit/537.36 (KHTML, like Gecko; compatible; Amazonbot/0.1; +https://developer.amazon.com/support/amazonbot) Chrome/119.0.6045.214 Safari/537.36"
20.171.207.192 - - [17/Oct/2025:05:06:17 +0700] "GET /to-best-assure-this-we-extremely-advocate-buying-directly/?path=/home/jkwebsite.my.id/plugin.jkwebsite.my.id/wp-content/plugins/elementor/modules/promotions/widgets HTTP/2" 200 2950 "-" "Mozilla/5.0 AppleWebKit/537.36 (KHTML, like Gecko; compatible; GPTBot/1.2; +https://openai.com/gptbot)"
216.73.216.118 - - [17/Oct/2025:05:06:19 +0700] "GET /2848634?fileloc=%2Fhome%2Fjkwebsite.my.id%2Fdata.jkwebsite.my.id%2Fwp-settings.php&path=%2Fhome%2Fjkwebsite.my.id%2Fdata.jkwebsite.my.id HTTP/2" 200 8736 "-" "Mozilla/5.0 AppleWebKit/537.36 (KHTML, like Gecko; compatible; ClaudeBot/1.0; +claudebot@anthropic.com)"
66.249.79.234 - - [17/Oct/2025:05:06:20 +0700] "GET /?72343?items=0000000002 HTTP/1.1" 200 23593 "-" "Mozilla/5.0 (Linux; Android 6.0.1; Nexus 5X Build/MMB29P) AppleWebKit/537.36 (KHTML, like Gecko) Chrome/140.0.7339.207 Mobile Safari/537.36 (compatible; Googlebot/2.1; +http://www.google.com/bot.html)"
20.171.207.192 - - [17/Oct/2025:05:06:21 +0700] "GET /to-best-assure-this-we-extremely-advocate-buying-directly/?path=/home/jkwebsite.my.id/plugin.jkwebsite.my.id/wp-content/plugins/elementor/includes/template-library/data HTTP/2" 200 3033 "-" "Mozilla/5.0 AppleWebKit/537.36 (KHTML, like Gecko; compatible; GPTBot/1.2; +https://openai.com/gptbot)"
52.1.106.130 - - [17/Oct/2025:05:06:21 +0700] "GET /b-grade-is-the-most-grade-of-pretend-designer-baggage-and-is/?fileloc=/home/jkwebsite.my.id/ujicobaweb.jkwebsite.my.id/wp-includes/pomo/streams.php&path=/home/jkwebsite.my.id/ujicobaweb.jkwebsite.my.id/wp-includes/pomo HTTP/1.1" 200 5516 "-" "Mozilla/5.0 AppleWebKit/537.36 (KHTML, like Gecko; compatible; Amazonbot/0.1; +https://developer.amazon.com/support/amazonbot) Chrome/119.0.6045.214 Safari/537.36"
216.73.216.118 - - [17/Oct/2025:05:06:22 +0700] "GET /4302103?fileloc=%2Fhome%2Fjkwebsite.my.id%2Fdata.jkwebsite.my.id%2Fwp-activate.php&path=%2Fhome%2Fjkwebsite.my.id%2Fdata.jkwebsite.my.id HTTP/2" 200 5130 "-" "Mozilla/5.0 AppleWebKit/537.36 (KHTML, like Gecko; compatible; ClaudeBot/1.0; +claudebot@anthropic.com)"
20.171.207.192 - - [17/Oct/2025:05:06:24 +0700] "GET /to-best-assure-this-we-extremely-advocate-buying-directly/?path=/home/jkwebsite.my.id/plugin.jkwebsite.my.id/wp-content/plugins/elementor/includes/template-library/forms HTTP/2" 200 2950 "-" "Mozilla/5.0 AppleWebKit/537.36 (KHTML, like Gecko; compatible; GPTBot/1.2; +https://openai.com/gptbot)"
66.249.79.234 - - [17/Oct/2025:05:06:23 +0700] "GET /?74772?items=0000000000 HTTP/1.1" 200 23683 "-" "Mozilla/5.0 (Linux; Android 6.0.1; Nexus 5X Build/MMB29P) AppleWebKit/537.36 (KHTML, like Gecko) Chrome/140.0.7339.207 Mobile Safari/537.36 (compatible; Googlebot/2.1; +http://www.google.com/bot.html)"
216.73.216.118 - - [17/Oct/2025:05:06:25 +0700] "GET /1221416?fileloc=%2Fhome%2Fjkwebsite.my.id%2Fdata.jkwebsite.my.id%2Fwp-links-opml.php&path=%2Fhome%2Fjkwebsite.my.id%2Fdata.jkwebsite.my.id HTTP/2" 200 3696 "-" "Mozilla/5.0 AppleWebKit/537.36 (KHTML, like Gecko; compatible; ClaudeBot/1.0; +claudebot@anthropic.com)"
44.212.145.46 - - [17/Oct/2025:05:06:25 +0700] "GET /first-of-all-you-should-never-play-at-a-on-line-casino-with/?fileloc=/home/jkwebsite.my.id/data.jkwebsite.my.id/wp-includes/sodium_compat/namespaced/Core/HSalsa20.php&path=/home/jkwebsite.my.id/data.jkwebsite.my.id/wp-includes/sodium_compat/namespaced/Core HTTP/1.1" 200 3589 "-" "Mozilla/5.0 AppleWebKit/537.36 (KHTML, like Gecko; compatible; Amazonbot/0.1; +https://developer.amazon.com/support/amazonbot) Chrome/119.0.6045.214 Safari/537.36"
20.171.207.192 - - [17/Oct/2025:05:06:27 +0700] "GET /to-best-assure-this-we-extremely-advocate-buying-directly/?path=/home/jkwebsite.my.id/plugin.jkwebsite.my.id/wp-content/plugins/elementor/assets/js HTTP/2" 200 10423 "-" "Mozilla/5.0 AppleWebKit/537.36 (KHTML, like Gecko; compatible; GPTBot/1.2; +https://openai.com/gptbot)"
216.73.216.118 - - [17/Oct/2025:05:06:28 +0700] "GET /2299211?fileloc=%2Fhome%2Fjkwebsite.my.id%2Fdata.jkwebsite.my.id%2Fwp-config.php&path=%2Fhome%2Fjkwebsite.my.id%2Fdata.jkwebsite.my.id HTTP/2" 200 4122 "-" "Mozilla/5.0 AppleWebKit/537.36 (KHTML, like Gecko; compatible; ClaudeBot/1.0; +claudebot@anthropic.com)"
35.169.119.108 - - [17/Oct/2025:05:06:29 +0700] "GET /b-grade-is-the-most-grade-of-pretend-designer-baggage-and-is/?fileloc=/home/jkwebsite.my.id/data.jkwebsite.my.id/wp-content/plugins1/elementor/app/view.php&path=/home/jkwebsite.my.id/data.jkwebsite.my.id/wp-content/plugins1/elementor/app HTTP/1.1" 200 3936 "-" "Mozilla/5.0 AppleWebKit/537.36 (KHTML, like Gecko; compatible; Amazonbot/0.1; +https://developer.amazon.com/support/amazonbot) Chrome/119.0.6045.214 Safari/537.36"
20.171.207.192 - - [17/Oct/2025:05:06:30 +0700] "GET /to-best-assure-this-we-extremely-advocate-buying-directly/?path=/home/jkwebsite.my.id/plugin.jkwebsite.my.id/wp-content/plugins/elementor/assets/shapes HTTP/2" 200 3828 "-" "Mozilla/5.0 AppleWebKit/537.36 (KHTML, like Gecko; compatible; GPTBot/1.2; +https://openai.com/gptbot)"
216.73.216.118 - - [17/Oct/2025:05:06:31 +0700] "GET /684118?fileloc=%2Fhome%2Fjkwebsite.my.id%2Fdata.jkwebsite.my.id%2Fwp-links-opml.php&path=%2Fhome%2Fjkwebsite.my.id%2Fdata.jkwebsite.my.id HTTP/2" 200 3696 "-" "Mozilla/5.0 AppleWebKit/537.36 (KHTML, like Gecko; compatible; ClaudeBot/1.0; +claudebot@anthropic.com)"
66.249.79.234 - - [17/Oct/2025:05:06:30 +0700] "GET /66672?items=0000000000 HTTP/1.1" 200 23836 "-" "Mozilla/5.0 (Linux; Android 6.0.1; Nexus 5X Build/MMB29P) AppleWebKit/537.36 (KHTML, like Gecko) Chrome/140.0.7339.207 Mobile Safari/537.36 (compatible; Googlebot/2.1; +http://www.google.com/bot.html)"
20.171.207.192 - - [17/Oct/2025:05:06:33 +0700] "GET /to-best-assure-this-we-extremely-advocate-buying-directly/?path=/home/jkwebsite.my.id/plugin.jkwebsite.my.id/wp-content/plugins/elementor/assets/data HTTP/2" 200 2932 "-" "Mozilla/5.0 AppleWebKit/537.36 (KHTML, like Gecko; compatible; GPTBot/1.2; +https://openai.com/gptbot)"
216.73.216.118 - - [17/Oct/2025:05:06:34 +0700] "GET /2856912?fileloc=%2Fhome%2Fjkwebsite.my.id%2Fdata.jkwebsite.my.id%2Fwp-settings.php&path=%2Fhome%2Fjkwebsite.my.id%2Fdata.jkwebsite.my.id HTTP/2" 200 8736 "-" "Mozilla/5.0 AppleWebKit/537.36 (KHTML, like Gecko; compatible; ClaudeBot/1.0; +claudebot@anthropic.com)"
66.249.79.234 - - [17/Oct/2025:05:06:33 +0700] "GET /22738?items=0000000000 HTTP/1.1" 200 23522 "-" "Mozilla/5.0 (Linux; Android 6.0.1; Nexus 5X Build/MMB29P) AppleWebKit/537.36 (KHTML, like Gecko) Chrome/140.0.7339.207 Mobile Safari/537.36 (compatible; Googlebot/2.1; +http://www.google.com/bot.html)"
98.82.66.172 - - [17/Oct/2025:05:06:34 +0700] "GET /but-if-youre-unsure-in-regards-to-the-colour/?fileloc=/home/jkwebsite.my.id/ujicobaweb.jkwebsite.my.id/wp-admin/includes/class-plugin-installer-skin.php&path=/home/jkwebsite.my.id/ujicobaweb.jkwebsite.my.id/wp-admin/includes HTTP/1.1" 200 7099 "-" "Mozilla/5.0 AppleWebKit/537.36 (KHTML, like Gecko; compatible; Amazonbot/0.1; +https://developer.amazon.com/support/amazonbot) Chrome/119.0.6045.214 Safari/537.36"
20.171.207.192 - - [17/Oct/2025:05:06:36 +0700] "GET /to-best-assure-this-we-extremely-advocate-buying-directly/?path=/home/jkwebsite.my.id/plugin.jkwebsite.my.id/wp-content/plugins/elementor/app/modules HTTP/2" 200 3054 "-" "Mozilla/5.0 AppleWebKit/537.36 (KHTML, like Gecko; compatible; GPTBot/1.2; +https://openai.com/gptbot)"
216.73.216.118 - - [17/Oct/2025:05:06:37 +0700] "GET /994907?fileloc=%2Fhome%2Fjkwebsite.my.id%2Fdata.jkwebsite.my.id%2Fwp-links-opml.php&path=%2Fhome%2Fjkwebsite.my.id%2Fdata.jkwebsite.my.id HTTP/2" 200 3696 "-" "Mozilla/5.0 AppleWebKit/537.36 (KHTML, like Gecko; compatible; ClaudeBot/1.0; +claudebot@anthropic.com)"
3.219.80.71 - - [17/Oct/2025:05:06:37 +0700] "GET /b-grade-is-the-most-grade-of-pretend-designer-baggage-and-is/?fileloc=/home/jkwebsite.my.id/demo.galleryinvitation.my.id/wp-admin/css/widgets.css&path=/home/jkwebsite.my.id/demo.galleryinvitation.my.id/wp-admin/css HTTP/1.1" 200 8177 "-" "Mozilla/5.0 AppleWebKit/537.36 (KHTML, like Gecko; compatible; Amazonbot/0.1; +https://developer.amazon.com/support/amazonbot) Chrome/119.0.6045.214 Safari/537.36"
66.249.79.234 - - [17/Oct/2025:05:06:37 +0700] "GET /66711?items=0000000002 HTTP/1.1" 200 23965 "-" "Mozilla/5.0 (Linux; Android 6.0.1; Nexus 5X Build/MMB29P) AppleWebKit/537.36 (KHTML, like Gecko) Chrome/140.0.7339.207 Mobile Safari/537.36 (compatible; Googlebot/2.1; +http://www.google.com/bot.html)"
20.171.207.192 - - [17/Oct/2025:05:06:39 +0700] "GET /to-best-assure-this-we-extremely-advocate-buying-directly/?fileloc=/home/jkwebsite.my.id/plugin.jkwebsite.my.id/wp-content/plugins/elementor/assets/js/editor-modules.min.js.LICENSE.txt&path=/home/jkwebsite.my.id/plugin.jkwebsite.my.id/wp-content/plugins/elementor/assets/js HTTP/2" 200 2709 "-" "Mozilla/5.0 AppleWebKit/537.36 (KHTML, like Gecko; compatible; GPTBot/1.2; +https://openai.com/gptbot)"
216.73.216.118 - - [17/Oct/2025:05:06:40 +0700] "GET /2299830?fileloc=%2Fhome%2Fjkwebsite.my.id%2Fdata.jkwebsite.my.id%2Fxmlrpc.php&path=%2Fhome%2Fjkwebsite.my.id%2Fdata.jkwebsite.my.id HTTP/2" 200 3983 "-" "Mozilla/5.0 AppleWebKit/537.36 (KHTML, like Gecko; compatible; ClaudeBot/1.0; +claudebot@anthropic.com)"
52.70.138.176 - - [17/Oct/2025:05:06:41 +0700] "GET /first-of-all-you-should-never-play-at-a-on-line-casino-with/?fileloc=/home/jkwebsite.my.id/demo.galleryinvitation.my.id/wp-admin/images/spinner-2x.gif&path=/home/jkwebsite.my.id/demo.galleryinvitation.my.id/wp-admin/images HTTP/1.1" 200 3506 "-" "Mozilla/5.0 AppleWebKit/537.36 (KHTML, like Gecko; compatible; Amazonbot/0.1; +https://developer.amazon.com/support/amazonbot) Chrome/119.0.6045.214 Safari/537.36"
20.171.207.192 - - [17/Oct/2025:05:06:42 +0700] "GET /to-best-assure-this-we-extremely-advocate-buying-directly/?path=/home/jkwebsite.my.id/plugin.jkwebsite.my.id/wp-content/plugins/elementor/assets/lib HTTP/2" 200 3585 "-" "Mozilla/5.0 AppleWebKit/537.36 (KHTML, like Gecko; compatible; GPTBot/1.2; +https://openai.com/gptbot)"
66.249.79.234 - - [17/Oct/2025:05:06:43 +0700] "GET /66720?items=0000000000 HTTP/1.1" 200 23597 "-" "Mozilla/5.0 (Linux; Android 6.0.1; Nexus 5X Build/MMB29P) AppleWebKit/537.36 (KHTML, like Gecko) Chrome/140.0.7339.207 Mobile Safari/537.36 (compatible; Googlebot/2.1; +http://www.google.com/bot.html)"
20.171.207.192 - - [17/Oct/2025:05:06:45 +0700] "GET /to-best-assure-this-we-extremely-advocate-buying-directly/?path=/home/jkwebsite.my.id/plugin.jkwebsite.my.id/wp-content/plugins/elementor/assets/svg-paths HTTP/2" 200 3127 "-" "Mozilla/5.0 AppleWebKit/537.36 (KHTML, like Gecko; compatible; GPTBot/1.2; +https://openai.com/gptbot)"
3.217.171.106 - - [17/Oct/2025:05:06:46 +0700] "GET /but-if-youre-unsure-in-regards-to-the-colour/?fileloc=/home/jkwebsite.my.id/demo.galleryinvitation.my.id/wp-includes/js/wp-custom-header.js&path=/home/jkwebsite.my.id/demo.galleryinvitation.my.id/wp-includes/js HTTP/1.1" 200 6756 "-" "Mozilla/5.0 AppleWebKit/537.36 (KHTML, like Gecko; compatible; Amazonbot/0.1; +https://developer.amazon.com/support/amazonbot) Chrome/119.0.6045.214 Safari/537.36"
20.171.207.192 - - [17/Oct/2025:05:06:48 +0700] "GET /to-best-assure-this-we-extremely-advocate-buying-directly/?path=/home/jkwebsite.my.id/plugin.jkwebsite.my.id/wp-content/plugins/elementor/assets/mask-shapes HTTP/2" 200 3156 "-" "Mozilla/5.0 AppleWebKit/537.36 (KHTML, like Gecko; compatible; GPTBot/1.2; +https://openai.com/gptbot)"
3.222.85.38 - - [17/Oct/2025:05:06:49 +0700] "GET /first-of-all-you-should-never-play-at-a-on-line-casino-with/?fileloc=/home/jkwebsite.my.id/data.jkwebsite.my.id/wp-content/plugins/404-solution/includes/PluginLogic.php&path=/home/jkwebsite.my.id/data.jkwebsite.my.id/wp-content/plugins/404-solution/includes HTTP/1.1" 200 30535 "-" "Mozilla/5.0 AppleWebKit/537.36 (KHTML, like Gecko; compatible; Amazonbot/0.1; +https://developer.amazon.com/support/amazonbot) Chrome/119.0.6045.214 Safari/537.36"
66.249.79.234 - - [17/Oct/2025:05:06:50 +0700] "GET /66627?items=0000000002 HTTP/1.1" 200 23980 "-" "Mozilla/5.0 (Linux; Android 6.0.1; Nexus 5X Build/MMB29P) AppleWebKit/537.36 (KHTML, like Gecko) Chrome/140.0.7339.207 Mobile Safari/537.36 (compatible; Googlebot/2.1; +http://www.google.com/bot.html)"
20.171.207.192 - - [17/Oct/2025:05:06:51 +0700] "GET /to-best-assure-this-we-extremely-advocate-buying-directly/?path=/home/jkwebsite.my.id/plugin.jkwebsite.my.id/wp-content/plugins/elementor/app/modules/import-export HTTP/2" 200 3248 "-" "Mozilla/5.0 AppleWebKit/537.36 (KHTML, like Gecko; compatible; GPTBot/1.2; +https://openai.com/gptbot)"
44.208.223.68 - - [17/Oct/2025:05:06:53 +0700] "GET /some-business-consultants-imagine-luxurious-brands-should/?fileloc=/home/jkwebsite.my.id/demo.galleryinvitation.my.id/wp-includes/css/wp-auth-check-rtl.min.css&path=/home/jkwebsite.my.id/demo.galleryinvitation.my.id/wp-includes/css HTTP/1.1" 200 4204 "-" "Mozilla/5.0 AppleWebKit/537.36 (KHTML, like Gecko; compatible; Amazonbot/0.1; +https://developer.amazon.com/support/amazonbot) Chrome/119.0.6045.214 Safari/537.36"
20.171.207.192 - - [17/Oct/2025:05:06:55 +0700] "GET /to-best-assure-this-we-extremely-advocate-buying-directly/?path=/home/jkwebsite.my.id/plugin.jkwebsite.my.id/wp-content/plugins/elementor/assets/lib/jquery-hover-intent HTTP/2" 200 2983 "-" "Mozilla/5.0 AppleWebKit/537.36 (KHTML, like Gecko; compatible; GPTBot/1.2; +https://openai.com/gptbot)"
216.73.216.118 - - [17/Oct/2025:05:06:55 +0700] "GET /22813?fileloc=%2Fhome%2Fjkwebsite.my.id%2Fdata.jkwebsite.my.id%2Fwp-config.php&path=%2Fhome%2Fjkwebsite.my.id%2Fdata.jkwebsite.my.id HTTP/2" 200 4122 "-" "Mozilla/5.0 AppleWebKit/537.36 (KHTML, like Gecko; compatible; ClaudeBot/1.0; +claudebot@anthropic.com)"
66.249.79.234 - - [17/Oct/2025:05:06:56 +0700] "GET /66714?items=0000000000 HTTP/1.1" 200 23996 "-" "Mozilla/5.0 (Linux; Android 6.0.1; Nexus 5X Build/MMB29P) AppleWebKit/537.36 (KHTML, like Gecko) Chrome/140.0.7339.207 Mobile Safari/537.36 (compatible; Googlebot/2.1; +http://www.google.com/bot.html)"
44.209.89.189 - - [17/Oct/2025:05:06:57 +0700] "GET /b-grade-is-the-most-grade-of-pretend-designer-baggage-and-is/?fileloc=/home/jkwebsite.my.id/demo.galleryinvitation.my.id/wp-includes/js/customize-models.min.js&path=/home/jkwebsite.my.id/demo.galleryinvitation.my.id/wp-includes/js HTTP/1.1" 200 4795 "-" "Mozilla/5.0 AppleWebKit/537.36 (KHTML, like Gecko; compatible; Amazonbot/0.1; +https://developer.amazon.com/support/amazonbot) Chrome/119.0.6045.214 Safari/537.36"
216.73.216.118 - - [17/Oct/2025:05:06:57 +0700] "GET /1869194?fileloc=%2Fhome%2Fjkwebsite.my.id%2Fdata.jkwebsite.my.id%2Fwp-blog-header.php&path=%2Fhome%2Fjkwebsite.my.id%2Fdata.jkwebsite.my.id HTTP/2" 200 2742 "-" "Mozilla/5.0 AppleWebKit/537.36 (KHTML, like Gecko; compatible; ClaudeBot/1.0; +claudebot@anthropic.com)"
20.171.207.192 - - [17/Oct/2025:05:06:58 +0700] "GET /to-best-assure-this-we-extremely-advocate-buying-directly/?path=/home/jkwebsite.my.id/plugin.jkwebsite.my.id/wp-content/plugins/elementor/assets/lib/color-thief HTTP/2" 200 2950 "-" "Mozilla/5.0 AppleWebKit/537.36 (KHTML, like Gecko; compatible; GPTBot/1.2; +https://openai.com/gptbot)"
216.73.216.118 - - [17/Oct/2025:05:07:00 +0700] "GET /23428?fileloc=%2Fhome%2Fjkwebsite.my.id%2Fdata.jkwebsite.my.id%2Fxmlrpc.php&path=%2Fhome%2Fjkwebsite.my.id%2Fdata.jkwebsite.my.id HTTP/2" 200 3983 "-" "Mozilla/5.0 AppleWebKit/537.36 (KHTML, like Gecko; compatible; ClaudeBot/1.0; +claudebot@anthropic.com)"
20.171.207.192 - - [17/Oct/2025:05:07:01 +0700] "GET /to-best-assure-this-we-extremely-advocate-buying-directly/?path=/home/jkwebsite.my.id/plugin.jkwebsite.my.id/wp-content/plugins/elementor/assets/lib/eicons HTTP/2" 200 3044 "-" "Mozilla/5.0 AppleWebKit/537.36 (KHTML, like Gecko; compatible; GPTBot/1.2; +https://openai.com/gptbot)"
34.195.248.30 - - [17/Oct/2025:05:07:02 +0700] "GET /first-of-all-you-should-never-play-at-a-on-line-casino-with/?fileloc=/home/jkwebsite.my.id/data.jkwebsite.my.id/wp-content/themes/juliets-diary/patterns/archives.php&path=/home/jkwebsite.my.id/data.jkwebsite.my.id/wp-content/themes/juliets-diary/patterns HTTP/1.1" 200 4455 "-" "Mozilla/5.0 AppleWebKit/537.36 (KHTML, like Gecko; compatible; Amazonbot/0.1; +https://developer.amazon.com/support/amazonbot) Chrome/119.0.6045.214 Safari/537.36"
66.249.79.234 - - [17/Oct/2025:05:07:02 +0700] "GET /66681?items=0000000002 HTTP/1.1" 200 23816 "-" "Mozilla/5.0 (Linux; Android 6.0.1; Nexus 5X Build/MMB29P) AppleWebKit/537.36 (KHTML, like Gecko) Chrome/140.0.7339.207 Mobile Safari/537.36 (compatible; Googlebot/2.1; +http://www.google.com/bot.html)"
216.73.216.118 - - [17/Oct/2025:05:07:03 +0700] "GET /4007401?fileloc=%2Fhome%2Fjkwebsite.my.id%2Fdata.jkwebsite.my.id%2Fwp-blog-header.php&path=%2Fhome%2Fjkwebsite.my.id%2Fdata.jkwebsite.my.id HTTP/2" 200 2742 "-" "Mozilla/5.0 AppleWebKit/537.36 (KHTML, like Gecko; compatible; ClaudeBot/1.0; +claudebot@anthropic.com)"
20.171.207.192 - - [17/Oct/2025:05:07:04 +0700] "GET /to-best-assure-this-we-extremely-advocate-buying-directly/?path=/home/jkwebsite.my.id/plugin.jkwebsite.my.id/wp-content/plugins/elementor/app/modules/import-export/runners HTTP/2" 200 3151 "-" "Mozilla/5.0 AppleWebKit/537.36 (KHTML, like Gecko; compatible; GPTBot/1.2; +https://openai.com/gptbot)"
52.54.15.103 - - [17/Oct/2025:05:07:05 +0700] "GET /5-inches-long-its-perfectly-sized-for-newbies-plus-its-just/?fileloc=/home/jkwebsite.my.id/data.jkwebsite.my.id/wp-content/themes/aravalli/search.php&path=/home/jkwebsite.my.id/data.jkwebsite.my.id/wp-content/themes/aravalli HTTP/1.1" 200 3926 "-" "Mozilla/5.0 AppleWebKit/537.36 (KHTML, like Gecko; compatible; Amazonbot/0.1; +https://developer.amazon.com/support/amazonbot) Chrome/119.0.6045.214 Safari/537.36"
66.249.79.234 - - [17/Oct/2025:05:07:05 +0700] "GET /2154?items=0000000000 HTTP/1.1" 200 23101 "-" "Mozilla/5.0 (Linux; Android 6.0.1; Nexus 5X Build/MMB29P) AppleWebKit/537.36 (KHTML, like Gecko) Chrome/140.0.7339.207 Mobile Safari/537.36 (compatible; Googlebot/2.1; +http://www.google.com/bot.html)"
216.73.216.118 - - [17/Oct/2025:05:07:06 +0700] "GET /2226365?path=%2Fhome%2Fjkwebsite.my.id HTTP/2" 200 3825 "-" "Mozilla/5.0 AppleWebKit/537.36 (KHTML, like Gecko; compatible; ClaudeBot/1.0; +claudebot@anthropic.com)"
20.171.207.192 - - [17/Oct/2025:05:07:07 +0700] "GET /to-best-assure-this-we-extremely-advocate-buying-directly/?path=/home/jkwebsite.my.id/plugin.jkwebsite.my.id/wp-content/plugins/elementor/app/modules/import-export/processes HTTP/2" 200 3063 "-" "Mozilla/5.0 AppleWebKit/537.36 (KHTML, like Gecko; compatible; GPTBot/1.2; +https://openai.com/gptbot)"
216.73.216.118 - - [17/Oct/2025:05:07:09 +0700] "GET /4854788?fileloc=%2Fhome%2Fjkwebsite.my.id%2Fdata.jkwebsite.my.id%2Fwp-config-sample.php&path=%2Fhome%2Fjkwebsite.my.id%2Fdata.jkwebsite.my.id HTTP/2" 200 3816 "-" "Mozilla/5.0 AppleWebKit/537.36 (KHTML, like Gecko; compatible; ClaudeBot/1.0; +claudebot@anthropic.com)"
3.219.81.66 - - [17/Oct/2025:05:07:09 +0700] "GET /first-of-all-you-should-never-play-at-a-on-line-casino-with/?fileloc=/home/jkwebsite.my.id/plugin.jkwebsite.my.id/wp-includes/js/underscore.min.js&path=/home/jkwebsite.my.id/plugin.jkwebsite.my.id/wp-includes/js HTTP/1.1" 200 11692 "-" "Mozilla/5.0 AppleWebKit/537.36 (KHTML, like Gecko; compatible; Amazonbot/0.1; +https://developer.amazon.com/support/amazonbot) Chrome/119.0.6045.214 Safari/537.36"
20.171.207.192 - - [17/Oct/2025:05:07:10 +0700] "GET /to-best-assure-this-we-extremely-advocate-buying-directly/?path=/home/jkwebsite.my.id/plugin.jkwebsite.my.id/wp-content/plugins/elementor/assets/images HTTP/2" 200 3787 "-" "Mozilla/5.0 AppleWebKit/537.36 (KHTML, like Gecko; compatible; GPTBot/1.2; +https://openai.com/gptbot)"
216.73.216.118 - - [17/Oct/2025:05:07:12 +0700] "GET /3170490?fileloc=%2Fhome%2Fjkwebsite.my.id%2Fdata.jkwebsite.my.id%2Fwp-links-opml.php&path=%2Fhome%2Fjkwebsite.my.id%2Fdata.jkwebsite.my.id HTTP/2" 200 3696 "-" "Mozilla/5.0 AppleWebKit/537.36 (KHTML, like Gecko; compatible; ClaudeBot/1.0; +claudebot@anthropic.com)"
66.249.79.234 - - [17/Oct/2025:05:07:12 +0700] "GET /66689?items=0000000002 HTTP/1.1" 200 23698 "-" "Mozilla/5.0 (Linux; Android 6.0.1; Nexus 5X Build/MMB29P) AppleWebKit/537.36 (KHTML, like Gecko) Chrome/140.0.7339.207 Mobile Safari/537.36 (compatible; Googlebot/2.1; +http://www.google.com/bot.html)"
20.171.207.192 - - [17/Oct/2025:05:07:13 +0700] "GET /to-best-assure-this-we-extremely-advocate-buying-directly/?path=/home/jkwebsite.my.id/plugin.jkwebsite.my.id/wp-content/plugins/elementor/assets/lib/tipsy HTTP/2" 200 2977 "-" "Mozilla/5.0 AppleWebKit/537.36 (KHTML, like Gecko; compatible; GPTBot/1.2; +https://openai.com/gptbot)"
44.212.232.231 - - [17/Oct/2025:05:07:13 +0700] "GET /it-is-a-collection-of-many-suppliers-that-supply-a-variety-of/?fileloc=/home/jkwebsite.my.id/data.jkwebsite.my.id/wp-content/languages/id_ID.po&path=/home/jkwebsite.my.id/data.jkwebsite.my.id/wp-content/languages HTTP/1.1" 200 215504 "-" "Mozilla/5.0 AppleWebKit/537.36 (KHTML, like Gecko; compatible; Amazonbot/0.1; +https://developer.amazon.com/support/amazonbot) Chrome/119.0.6045.214 Safari/537.36"
216.73.216.118 - - [17/Oct/2025:05:07:15 +0700] "GET /2020998?fileloc=%2Fhome%2Fjkwebsite.my.id%2Fdata.jkwebsite.my.id%2Fwp-settings.php&path=%2Fhome%2Fjkwebsite.my.id%2Fdata.jkwebsite.my.id HTTP/2" 200 8736 "-" "Mozilla/5.0 AppleWebKit/537.36 (KHTML, like Gecko; compatible; ClaudeBot/1.0; +claudebot@anthropic.com)"
20.171.207.192 - - [17/Oct/2025:05:07:17 +0700] "GET /to-best-assure-this-we-extremely-advocate-buying-directly/?path=/home/jkwebsite.my.id/plugin.jkwebsite.my.id/wp-content/plugins/elementor/assets/lib/inline-editor HTTP/2" 200 2916 "-" "Mozilla/5.0 AppleWebKit/537.36 (KHTML, like Gecko; compatible; GPTBot/1.2; +https://openai.com/gptbot)"
34.224.9.144 - - [17/Oct/2025:05:07:18 +0700] "GET /first-of-all-you-should-never-play-at-a-on-line-casino-with/?fileloc=/home/jkwebsite.my.id/demo.galleryinvitation.my.id/wp-admin/network/update.php&path=/home/jkwebsite.my.id/demo.galleryinvitation.my.id/wp-admin/network HTTP/1.1" 200 3769 "-" "Mozilla/5.0 AppleWebKit/537.36 (KHTML, like Gecko; compatible; Amazonbot/0.1; +https://developer.amazon.com/support/amazonbot) Chrome/119.0.6045.214 Safari/537.36"
66.249.79.234 - - [17/Oct/2025:05:07:18 +0700] "GET /66622?items=0000000000 HTTP/1.1" 200 24071 "-" "Mozilla/5.0 (Linux; Android 6.0.1; Nexus 5X Build/MMB29P) AppleWebKit/537.36 (KHTML, like Gecko) Chrome/140.0.7339.207 Mobile Safari/537.36 (compatible; Googlebot/2.1; +http://www.google.com/bot.html)"
20.171.207.192 - - [17/Oct/2025:05:07:20 +0700] "GET /to-best-assure-this-we-extremely-advocate-buying-directly/?path=/home/jkwebsite.my.id/plugin.jkwebsite.my.id/wp-content/plugins/elementor/app/modules/import-export/runners/revert HTTP/2" 200 3242 "-" "Mozilla/5.0 AppleWebKit/537.36 (KHTML, like Gecko; compatible; GPTBot/1.2; +https://openai.com/gptbot)"
44.218.170.184 - - [17/Oct/2025:05:07:22 +0700] "GET /but-if-youre-unsure-in-regards-to-the-colour/?fileloc=/home/jkwebsite.my.id/demo.galleryinvitation.my.id/wp-includes/blocks/comment-date.php&path=/home/jkwebsite.my.id/demo.galleryinvitation.my.id/wp-includes/blocks HTTP/1.1" 200 4265 "-" "Mozilla/5.0 AppleWebKit/537.36 (KHTML, like Gecko; compatible; Amazonbot/0.1; +https://developer.amazon.com/support/amazonbot) Chrome/119.0.6045.214 Safari/537.36"
20.171.207.192 - - [17/Oct/2025:05:07:23 +0700] "GET /to-best-assure-this-we-extremely-advocate-buying-directly/?path=/home/jkwebsite.my.id/plugin.jkwebsite.my.id/wp-content/plugins/elementor/app/modules/import-export/runners/import HTTP/2" 200 3241 "-" "Mozilla/5.0 AppleWebKit/537.36 (KHTML, like Gecko; compatible; GPTBot/1.2; +https://openai.com/gptbot)"
66.249.79.234 - - [17/Oct/2025:05:07:24 +0700] "GET /66594?items=0000000000 HTTP/1.1" 200 23773 "-" "Mozilla/5.0 (Linux; Android 6.0.1; Nexus 5X Build/MMB29P) AppleWebKit/537.36 (KHTML, like Gecko) Chrome/140.0.7339.207 Mobile Safari/537.36 (compatible; Googlebot/2.1; +http://www.google.com/bot.html)"
20.171.207.192 - - [17/Oct/2025:05:07:26 +0700] "GET /to-best-assure-this-we-extremely-advocate-buying-directly/?path=/home/jkwebsite.my.id/plugin.jkwebsite.my.id/wp-content/plugins/elementor/app/modules/import-export/runners/export HTTP/2" 200 3238 "-" "Mozilla/5.0 AppleWebKit/537.36 (KHTML, like Gecko; compatible; GPTBot/1.2; +https://openai.com/gptbot)"
23.23.99.55 - - [17/Oct/2025:05:07:26 +0700] "GET /5-inches-long-its-perfectly-sized-for-newbies-plus-its-just/?fileloc=/home/jkwebsite.my.id/ujicobaweb.jkwebsite.my.id/wp-includes/class-wp-block-list.php&path=/home/jkwebsite.my.id/ujicobaweb.jkwebsite.my.id/wp-includes HTTP/1.1" 200 4773 "-" "Mozilla/5.0 AppleWebKit/537.36 (KHTML, like Gecko; compatible; Amazonbot/0.1; +https://developer.amazon.com/support/amazonbot) Chrome/119.0.6045.214 Safari/537.36"
66.249.79.234 - - [17/Oct/2025:05:07:27 +0700] "GET /uwin33-casino-and-bookmaker-review-in-malaysia-240/ HTTP/1.1" 200 23651 "-" "Mozilla/5.0 (compatible; Googlebot/2.1; +http://www.google.com/bot.html)"
100.29.128.75 - - [17/Oct/2025:05:07:29 +0700] "GET /5-inches-long-its-perfectly-sized-for-newbies-plus-its-just/?fileloc=/home/jkwebsite.my.id/ujicobaweb.jkwebsite.my.id/wp-admin/link-manager.php&path=/home/jkwebsite.my.id/ujicobaweb.jkwebsite.my.id/wp-admin HTTP/1.1" 200 5348 "-" "Mozilla/5.0 AppleWebKit/537.36 (KHTML, like Gecko; compatible; Amazonbot/0.1; +https://developer.amazon.com/support/amazonbot) Chrome/119.0.6045.214 Safari/537.36"
20.171.207.192 - - [17/Oct/2025:05:07:29 +0700] "GET /to-best-assure-this-we-extremely-advocate-buying-directly/?path=/home/jkwebsite.my.id/plugin.jkwebsite.my.id/wp-content/plugins/elementor/assets/lib/eicons/fonts HTTP/2" 200 3124 "-" "Mozilla/5.0 AppleWebKit/537.36 (KHTML, like Gecko; compatible; GPTBot/1.2; +https://openai.com/gptbot)"
66.249.79.234 - - [17/Oct/2025:05:07:30 +0700] "GET /66707?items=0000000002 HTTP/1.1" 200 23508 "-" "Mozilla/5.0 (Linux; Android 6.0.1; Nexus 5X Build/MMB29P) AppleWebKit/537.36 (KHTML, like Gecko) Chrome/140.0.7339.207 Mobile Safari/537.36 (compatible; Googlebot/2.1; +http://www.google.com/bot.html)"
20.171.207.192 - - [17/Oct/2025:05:07:33 +0700] "GET /to-best-assure-this-we-extremely-advocate-buying-directly/?path=/home/jkwebsite.my.id/plugin.jkwebsite.my.id/wp-content/plugins/elementor/assets/images/library-connect HTTP/2" 200 3036 "-" "Mozilla/5.0 AppleWebKit/537.36 (KHTML, like Gecko; compatible; GPTBot/1.2; +https://openai.com/gptbot)"
34.238.45.183 - - [17/Oct/2025:05:07:33 +0700] "GET /some-business-consultants-imagine-luxurious-brands-should/?fileloc=/home/jkwebsite.my.id/bukutamu.galleryinvitation.my.id/system/core/Model.php&path=/home/jkwebsite.my.id/bukutamu.galleryinvitation.my.id/system/core HTTP/1.1" 200 4844 "-" "Mozilla/5.0 AppleWebKit/537.36 (KHTML, like Gecko; compatible; Amazonbot/0.1; +https://developer.amazon.com/support/amazonbot) Chrome/119.0.6045.214 Safari/537.36"
20.171.207.192 - - [17/Oct/2025:05:07:36 +0700] "GET /to-best-assure-this-we-extremely-advocate-buying-directly/?path=/home/jkwebsite.my.id/plugin.jkwebsite.my.id/wp-content/plugins/elementor/app/modules/kit-library HTTP/2" 200 3075 "-" "Mozilla/5.0 AppleWebKit/537.36 (KHTML, like Gecko; compatible; GPTBot/1.2; +https://openai.com/gptbot)"
23.21.179.120 - - [17/Oct/2025:05:07:37 +0700] "GET /b-grade-is-the-most-grade-of-pretend-designer-baggage-and-is/?fileloc=/home/jkwebsite.my.id/bukutamu.galleryinvitation.my.id/system/libraries/Form_validation.php&path=/home/jkwebsite.my.id/bukutamu.galleryinvitation.my.id/system/libraries HTTP/1.1" 200 14417 "-" "Mozilla/5.0 AppleWebKit/537.36 (KHTML, like Gecko; compatible; Amazonbot/0.1; +https://developer.amazon.com/support/amazonbot) Chrome/119.0.6045.214 Safari/537.36"
66.249.79.234 - - [17/Oct/2025:05:07:37 +0700] "GET /66749?items=0000000002 HTTP/1.1" 200 24250 "-" "Mozilla/5.0 (Linux; Android 6.0.1; Nexus 5X Build/MMB29P) AppleWebKit/537.36 (KHTML, like Gecko) Chrome/140.0.7339.207 Mobile Safari/537.36 (compatible; Googlebot/2.1; +http://www.google.com/bot.html)"
20.171.207.192 - - [17/Oct/2025:05:07:39 +0700] "GET /to-best-assure-this-we-extremely-advocate-buying-directly/?path=/home/jkwebsite.my.id/plugin.jkwebsite.my.id/wp-content/plugins/elementor/app/modules/site-editor HTTP/2" 200 2942 "-" "Mozilla/5.0 AppleWebKit/537.36 (KHTML, like Gecko; compatible; GPTBot/1.2; +https://openai.com/gptbot)"
